273
CXUS54 KTSA 210840
CF6FSM
PRELIMINARY LOCAL CLIMATOLOGICAL DATA (WS FORM: F-6)

                                          STATION:   FORT SMITH ARKANSAS
                                          MONTH:     OCTOBER
                                          YEAR:      2019
                                          LATITUDE:   35 19 N
                                          LONGITUDE:  94 22 W

  TEMPERATURE IN F:       :PCPN:    SNOW:  WIND      :SUNSHINE: SKY     :PK WND
================================================================================
1   2   3   4   5  6A  6B    7    8   9   10  11  12  13   14  15   16   17  18
                                     12Z  AVG MX 2MIN
DY MAX MIN AVG DEP HDD CDD  WTR  SNW DPTH SPD SPD DIR MIN PSBL S-S WX    SPD DR
================================================================================

 1  92  70  81  13   0  16 0.00  0.0    0  5.0 15 200   M    M   0        21 190
 2  93  69  81  14   0  16 0.00  0.0    0  4.8 15 240   M    M   0        19 240
 3  92  70  81  14   0  16 0.00  0.0    0  3.7 12 320   M    M   1        16 310
 4  78  66  72   5   0   7 0.06  0.0    0  5.6 14  80   M    M   1 13     18  80
 5  89  63  76  10   0  11 0.00  0.0    0  4.7 12 230   M    M   1        15 220
 6  86  61  74   8   0   9 0.37  0.0    0  9.0 22 320   M    M   4 13     31 310
 7  77  54  66   0   0   1 0.00  0.0    0  5.3 14  50   M    M   2 3      18  60
 8  76  51  64  -1   1   0 0.00  0.0    0  4.1 10  70   M    M   0        16  40
 9  80  52  66   1   0   1 0.00  0.0    0  6.6 14 130   M    M   1        18 140
10  85  53  69   4   0   4 1.83  0.0    0  6.8 26 240   M    M   7 13     34 240
11  59  41  50 -14  15   0 1.39  0.0    0 11.1 21 300   M    M   4 138    28 330
12  64  36  50 -14  15   0 0.00  0.0    0  1.5  9 240   M    M   1 128    14 270
13  73  40  57  -7   8   0 0.00  0.0    0  3.1  8 250   M    M   1 12     11  50
14  74  48  61  -2   4   0 0.00  0.0    0  5.9 12  80   M    M   1        15  40
15  73  58  66   3   0   1    T  0.0    0  8.0 26  10   M    M   9        35  10
16  68  47  58  -5   7   0 0.00  0.0    0  5.9 13 340   M    M   0 8      16 310
17  72  43  58  -4   7   0 0.00  0.0    0  4.7 12  80   M    M   1 12     15  80
18  74  47  61  -1   4   0 0.00  0.0    0  7.4 15 110   M    M   0        21 110
19  74  51  63   1   2   0    T  0.0    0  3.9 12  70   M    M   5        15  70
20  83  54  69   7   0   4    T  0.0    0  5.0 33 310   M    M   2 123    46 320
================================================================================
SM 1562 1074        63  86  3.65     0.0 112.1          M       41
================================================================================
AV 78.1 53.7                               5.6 FASTST   M    M   2    MAX(MPH)
                                 MISC ---->  # 33 310               # 46  320
================================================================================
NOTES:
# LAST OF SEVERAL OCCURRENCES

COLUMN 17 PEAK WIND IN M.P.H.

PRELIMINARY LOCAL CLIMATOLOGICAL DATA (WS FORM: F-6) , PAGE 2

                                          STATION:  FORT SMITH ARKANSAS
                                          MONTH:    OCTOBER
                                          YEAR:     2019
                                          LATITUDE:   35 19 N
                                          LONGITUDE:  94 22 W

[TEMPERATURE DATA]      [PRECIPITATION DATA]       SYMBOLS USED IN COLUMN 16

AVERAGE MONTHLY: 65.9   TOTAL FOR MONTH:   3.65    1 = FOG OR MIST
DPTR FM NORMAL:   1.3   DPTR FM NORMAL:    0.91    2 = FOG REDUCING VISIBILITY
HIGHEST:    93 ON  2    GRTST 24HR  1.83 ON 10-10      TO 1/4 MILE OR LESS
LOWEST:     36 ON 12                               3 = THUNDER
                        SNOW, ICE PELLETS, HAIL    4 = ICE PELLETS
                        TOTAL MONTH:   0.0 INCH    5 = HAIL
                        GRTST 24HR     0.0         6 = FREEZING RAIN OR DRIZZLE
                        GRTST DEPTH:   0           7 = DUSTSTORM OR SANDSTORM:
                                                       VSBY 1/2 MILE OR LESS
                                                   8 = SMOKE OR HAZE
[NO. OF DAYS WITH]      [WEATHER - DAYS WITH]      9 = BLOWING SNOW
                                                   X = TORNADO
MAX 32 OR BELOW:   0    0.01 INCH OR MORE:   4
MAX 90 OR ABOVE:   3    0.10 INCH OR MORE:   3
MIN 32 OR BELOW:   0    0.50 INCH OR MORE:   2
MIN  0 OR BELOW:   0    1.00 INCH OR MORE:   2

[HDD (BASE 65) ]
TOTAL THIS MO.    63    CLEAR  (SCALE 0-3)  15
DPTR FM NORMAL    -2    PTCLDY (SCALE 4-7)   4
TOTAL FM JUL 1    63    CLOUDY (SCALE 8-10)  1
DPTR FM NORMAL   -19

[CDD (BASE 65) ]
TOTAL THIS MO.    86
DPTR FM NORMAL    30    [PRESSURE DATA]
TOTAL FM JAN 1  2373    HIGHEST SLP M ON M
DPTR FM NORMAL   339    LOWEST  SLP 29.73 ON 20

[REMARKS]
