000
CXUS54 KTSA 180840
CF6FSM
PRELIMINARY LOCAL CLIMATOLOGICAL DATA (WS FORM: F-6)

                                          STATION:   FORT SMITH ARKANSAS
                                          MONTH:     AUGUST
                                          YEAR:      2019
                                          LATITUDE:   35 19 N
                                          LONGITUDE:  94 22 W

  TEMPERATURE IN F:       :PCPN:    SNOW:  WIND      :SUNSHINE: SKY     :PK WND
================================================================================
1   2   3   4   5  6A  6B    7    8   9   10  11  12  13   14  15   16   17  18
                                     12Z  AVG MX 2MIN
DY MAX MIN AVG DEP HDD CDD  WTR  SNW DPTH SPD SPD DIR MIN PSBL S-S WX    SPD DR
================================================================================

 1  90  76  83   0   0  18 0.02  0.0    0  3.8 12  50   M    M   2 1      13  50
 2  87  75  81  -2   0  16    T  0.0    0  3.6  9  70   M    M   4        11  80
 3  83  74  79  -4   0  14 0.62  0.0    0  4.9 14  70   M    M   6 1      16  70
 4  93  72  83   0   0  18 0.00  0.0    0  1.8 10  80   M    M   1 1      13  60
 5  96  72  84   1   0  19 0.00  0.0    0  2.8  8  90   M    M   1 1      10  70
 6  97  76  87   4   0  22 0.00  0.0    0  2.9 10 280   M    M   1        15 320
 7  98  76  87   4   0  22    T  0.0    0  6.0 26  60   M    M   1 138    33  50
 8  89  76  83   0   0  18    T  0.0    0  6.8 15  80   M    M   0 3      18  90
 9  85  74  80  -3   0  15 0.33  0.0    0  4.8 22  70   M    M   7 13     24  40
10  96  78  87   4   0  22    T  0.0    0  5.6 12  70   M    M   4 1      16  90
11  97  78  88   5   0  23 0.00  0.0    0  6.5 15  70   M    M   1 1      18  60
12 101  78  90   7   0  25 0.00  0.0    0  5.1 14 210   M    M   1 1      19 220
13  96  79  88   5   0  23 0.00  0.0    0  4.2 14 280   M    M   2        16 280
14  95  74  85   2   0  20 0.00  0.0    0  4.0 12  40   M    M   0        14  30
15  96  73  85   2   0  20 0.00  0.0    0  4.8 15  40   M    M   2 3      18  40
16  96  72  84   2   0  19 0.00  0.0    0  6.2 13 150   M    M   0        17 150
17  96  74  85   3   0  20 0.00  0.0    0  7.1 17  60   M    M   1        20  70
================================================================================
SM 1591 1277         0 334  0.97     0.0  80.9          M       34
================================================================================
AV 93.6 75.1                               4.8 FASTST   M    M   2    MAX(MPH)
                                 MISC ---->  # 26  60               # 33   50
================================================================================
NOTES:
# LAST OF SEVERAL OCCURRENCES

COLUMN 17 PEAK WIND IN M.P.H.

PRELIMINARY LOCAL CLIMATOLOGICAL DATA (WS FORM: F-6) , PAGE 2

                                          STATION:  FORT SMITH ARKANSAS
                                          MONTH:    AUGUST
                                          YEAR:     2019
                                          LATITUDE:   35 19 N
                                          LONGITUDE:  94 22 W

[TEMPERATURE DATA]      [PRECIPITATION DATA]       SYMBOLS USED IN COLUMN 16

AVERAGE MONTHLY: 84.4   TOTAL FOR MONTH:   0.97    1 = FOG OR MIST
DPTR FM NORMAL:   1.5   DPTR FM NORMAL:   -0.49    2 = FOG REDUCING VISIBILITY
HIGHEST:   101 ON 12    GRTST 24HR  0.62 ON  3- 3      TO 1/4 MILE OR LESS
LOWEST:     72 ON 16, 5                            3 = THUNDER
                        SNOW, ICE PELLETS, HAIL    4 = ICE PELLETS
                        TOTAL MONTH:   0.0 INCH    5 = HAIL
                        GRTST 24HR     0.0         6 = FREEZING RAIN OR DRIZZLE
                        GRTST DEPTH:   0           7 = DUSTSTORM OR SANDSTORM:
                                                       VSBY 1/2 MILE OR LESS
                                                   8 = SMOKE OR HAZE
[NO. OF DAYS WITH]      [WEATHER - DAYS WITH]      9 = BLOWING SNOW
                                                   X = TORNADO
MAX 32 OR BELOW:   0    0.01 INCH OR MORE:   3
MAX 90 OR ABOVE:  13    0.10 INCH OR MORE:   2
MIN 32 OR BELOW:   0    0.50 INCH OR MORE:   1
MIN  0 OR BELOW:   0    1.00 INCH OR MORE:   0

[HDD (BASE 65) ]
TOTAL THIS MO.     0    CLEAR  (SCALE 0-3)  13
DPTR FM NORMAL     0    PTCLDY (SCALE 4-7)   4
TOTAL FM JUL 1     0    CLOUDY (SCALE 8-10)  0
DPTR FM NORMAL     0

[CDD (BASE 65) ]
TOTAL THIS MO.   334
DPTR FM NORMAL    29    [PRESSURE DATA]
TOTAL FM JAN 1  1546    HIGHEST SLP M ON M
DPTR FM NORMAL    76    LOWEST  SLP 29.80 ON 17

[REMARKS]
