000
CXUS54 KMAF 231100
CF6FST
PRELIMINARY LOCAL CLIMATOLOGICAL DATA (WS FORM: F-6)

                                          STATION:   Fort Stockton
                                          MONTH:     APRIL
                                          YEAR:      2019
                                          LATITUDE:   30 55 N
                                          LONGITUDE: 102 55 W

  TEMPERATURE IN F:       :PCPN:    SNOW:  WIND      :SUNSHINE: SKY     :PK WND
================================================================================
1   2   3   4   5  6A  6B    7    8   9   10  11  12  13   14  15   16   17  18
                                     12Z  AVG MX 2MIN
DY MAX MIN AVG DEP HDD CDD  WTR  SNW DPTH SPD SPD DIR MIN PSBL S-S WX    SPD DR
================================================================================

 1  68  34  51 -13  14   0 0.00  0.0    0  6.6 20 150   M    M   0        25 150
 2  83  45  64   0   1   0 0.00  0.0    0 15.9 26 160   M    M   0 8      36 150
 3  87  51  69   5   0   4 0.00  0.0    0 13.2 28 250   M    M   0        34 160
 4  82  54  68   3   0   3 0.00  0.0    0  8.5 18 290   M    M   0        26 320
 5  84  54  69   4   0   4    T  0.0    0 13.1 23 140   M    M   0 3      34 150
 6  80  52  66   1   0   1    T  0.0    0  7.9 20 280   M    M   0 3      22 280
 7  84  56  70   4   0   5 0.00  0.0    0  9.1 21 320   M    M   0        27 300
 8  88  50  69   3   0   4 0.00  0.0    0  7.0 16 340   M    M   0        19 350
 9  95  60  78  12   0  13 0.00  0.0    0  9.9 18 230   M    M   0 8      24 280
10  96  66  81  15   0  16 0.00  0.0    0 20.3 35 250   M    M   2 8      46 250
11  73  47  60  -7   5   0 0.00  0.0    0 19.7 35 290   M    M   0        50 290
12  78  48  63  -4   2   0 0.00  0.0    0 11.5 22 130   M    M   0 38     29 240
13  66  43  55 -12  10   0    T    M    0 11.6 38 320   M    M   7 13     48 320
14  79  38  59  -8   6   0 0.00  0.0    0  6.4 16 160   M    M   1        21 150
15  88  53  71   3   0   6 0.00  0.0    0 16.1 29 150   M    M   0        39 160
16  87  61  74   6   0   9 0.00  0.0    0 13.7 24 160   M    M   0        31 150
17  83  61  72   4   0   7 0.00  0.0    0 18.2 33 300   M    M   0        45 310
18  76  56  66  -2   0   1    T  0.0    0 12.8 23 350   M    M   0        28  30
19  77  49  63  -6   2   0 0.00  0.0    0  7.3 18  80   M    M   0        23  80
20  92  54  73   4   0   8 0.00  0.0    0 14.7 29 160   M    M   0        36 150
21  93  58  76   7   0  11 0.00  0.0    0 13.0 23 150   M    M   0        30 150
22  82  63  73   4   0   8 0.00  0.0    0 14.0 22 160   M    M   0        30 160
================================================================================
SM 1821 1153        40 100    T      0.0 270.5          M       10
================================================================================
AV 82.8 52.4                              12.3 FASTST   M    M   0    MAX(MPH)
                                 MISC ---->  # 38 320               # 50  290
================================================================================
NOTES:
# LAST OF SEVERAL OCCURRENCES

COLUMN 17 PEAK WIND IN M.P.H.

PRELIMINARY LOCAL CLIMATOLOGICAL DATA (WS FORM: F-6) , PAGE 2

                                          STATION:  Fort Stockton
                                          MONTH:    APRIL
                                          YEAR:     2019
                                          LATITUDE:   30 55 N
                                          LONGITUDE: 102 55 W

[TEMPERATURE DATA]      [PRECIPITATION DATA]       SYMBOLS USED IN COLUMN 16

AVERAGE MONTHLY: 67.6   TOTAL FOR MONTH:      T    1 = FOG OR MIST
DPTR FM NORMAL:   0.9   DPTR FM NORMAL:   -0.63    2 = FOG REDUCING VISIBILITY
HIGHEST:    96 ON 10    GRTST 24HR    T  ON 18-18      TO 1/4 MILE OR LESS
LOWEST:     34 ON  1                               3 = THUNDER
                        SNOW, ICE PELLETS, HAIL    4 = ICE PELLETS
                        TOTAL MONTH:   0.0 INCH    5 = HAIL
                        GRTST 24HR     0.0         6 = FREEZING RAIN OR DRIZZLE
                        GRTST DEPTH:   0           7 = DUSTSTORM OR SANDSTORM:
                                                       VSBY 1/2 MILE OR LESS
                                                   8 = SMOKE OR HAZE
[NO. OF DAYS WITH]      [WEATHER - DAYS WITH]      9 = BLOWING SNOW
                                                   X = TORNADO
MAX 32 OR BELOW:   0    0.01 INCH OR MORE:   0
MAX 90 OR ABOVE:   4    0.10 INCH OR MORE:   0
MIN 32 OR BELOW:   0    0.50 INCH OR MORE:   0
MIN  0 OR BELOW:   0    1.00 INCH OR MORE:   0

[HDD (BASE 65) ]
TOTAL THIS MO.    40    CLEAR  (SCALE 0-3)  21
DPTR FM NORMAL   -19    PTCLDY (SCALE 4-7)   1
TOTAL FM JUL 1  2101    CLOUDY (SCALE 8-10)  0
DPTR FM NORMAL   176

[CDD (BASE 65) ]
TOTAL THIS MO.   100
DPTR FM NORMAL     4    [PRESSURE DATA]
TOTAL FM JAN 1   149    HIGHEST SLP M ON M
DPTR FM NORMAL     4    LOWEST  SLP 29.29 ON 10

[REMARKS]
