000
CXUS54 KMAF 221100
CF6FST
PRELIMINARY LOCAL CLIMATOLOGICAL DATA (WS FORM: F-6)

                                          STATION:   Fort Stockton
                                          MONTH:     AUGUST
                                          YEAR:      2019
                                          LATITUDE:   30 55 N
                                          LONGITUDE: 102 55 W

  TEMPERATURE IN F:       :PCPN:    SNOW:  WIND      :SUNSHINE: SKY     :PK WND
================================================================================
1   2   3   4   5  6A  6B    7    8   9   10  11  12  13   14  15   16   17  18
                                     12Z  AVG MX 2MIN
DY MAX MIN AVG DEP HDD CDD  WTR  SNW DPTH SPD SPD DIR MIN PSBL S-S WX    SPD DR
================================================================================

 1  98  73  86   4   0  21 0.00  0.0    0 11.6 18 130   M    M   0        26 120
 2 100  72  86   4   0  21 0.00  0.0    0 11.5 18 150   M    M   0        27 130
 3 103  73  88   6   0  23 0.00  0.0    0  8.2 17 160   M    M   0        23 180
 4  98  75  87   5   0  22 0.00  0.0    0  8.1 16  80   M    M   2        23  60
 5  99  72  86   4   0  21 0.00  0.0    0  6.9 14  70   M    M   0        18  50
 6 101  75  88   6   0  23 0.00  0.0    0  9.7 22 110   M    M   0        27 120
 7 101  77  89   7   0  24 0.00  0.0    0 10.7 20 130   M    M   0 8      26 120
 8 103  75  89   7   0  24 0.00  0.0    0 11.0 22 120   M    M   0        27 120
 9 101  77  89   7   0  24 0.00  0.0    0 11.4 23 240   M    M   1        30 110
10 101  76  89   7   0  24    T  0.0    0  9.6 25 250   M    M   0 8      32 230
11 102  73  88   6   0  23 0.00  0.0    0 10.5 21 140   M    M   0        28 140
12 105  77  91   9   0  26 0.00  0.0    0 10.3 17 290   M    M   0        26 230
13 105  72  89   7   0  24 0.01  0.0    0 11.8 32 210   M    M   2 3      39 200
14  94  72  83   1   0  18    T  0.0    0  7.2 29 100   M    M   1 3      38  80
15  98  70  84   2   0  19 0.00  0.0    0  6.9 15 100   M    M   0        20  80
16 100  74  87   6   0  22 0.00  0.0    0  8.9 23 220   M    M   1        27 210
17 103  79  91  10   0  26    T  0.0    0 11.5 28 160   M    M   0 3      33 170
18 107  77  92  11   0  27 0.26  0.0    0 12.9 38  50   M    M   2 3      48  50
19  99  75  87   6   0  22 0.00  0.0    0 13.7 21 140   M    M   0        30 150
20  96  74  85   4   0  20 0.00  0.0    0 12.3 20 110   M    M   0        32 170
21  95  72  84   3   0  19 0.00  0.0    0 12.6 20 130   M    M   0        29 120
================================================================================
SM 2109 1560         0 473  0.27     0.0 217.3          M        9
================================================================================
AV100.4 74.3                              10.3 FASTST   M    M   0    MAX(MPH)
                                 MISC ---->  # 38  50               # 48   50
================================================================================
NOTES:
# LAST OF SEVERAL OCCURRENCES

COLUMN 17 PEAK WIND IN M.P.H.

PRELIMINARY LOCAL CLIMATOLOGICAL DATA (WS FORM: F-6) , PAGE 2

                                          STATION:  Fort Stockton
                                          MONTH:    AUGUST
                                          YEAR:     2019
                                          LATITUDE:   30 55 N
                                          LONGITUDE: 102 55 W

[TEMPERATURE DATA]      [PRECIPITATION DATA]       SYMBOLS USED IN COLUMN 16

AVERAGE MONTHLY: 87.4   TOTAL FOR MONTH:   0.27    1 = FOG OR MIST
DPTR FM NORMAL:   5.6   DPTR FM NORMAL:   -0.98    2 = FOG REDUCING VISIBILITY
HIGHEST:   107 ON 18    GRTST 24HR  0.26 ON 18-18      TO 1/4 MILE OR LESS
LOWEST:     70 ON 15                               3 = THUNDER
                        SNOW, ICE PELLETS, HAIL    4 = ICE PELLETS
                        TOTAL MONTH:   0.0 INCH    5 = HAIL
                        GRTST 24HR     0.0         6 = FREEZING RAIN OR DRIZZLE
                        GRTST DEPTH:   0           7 = DUSTSTORM OR SANDSTORM:
                                                       VSBY 1/2 MILE OR LESS
                                                   8 = SMOKE OR HAZE
[NO. OF DAYS WITH]      [WEATHER - DAYS WITH]      9 = BLOWING SNOW
                                                   X = TORNADO
MAX 32 OR BELOW:   0    0.01 INCH OR MORE:   2
MAX 90 OR ABOVE:  21    0.10 INCH OR MORE:   1
MIN 32 OR BELOW:   0    0.50 INCH OR MORE:   0
MIN  0 OR BELOW:   0    1.00 INCH OR MORE:   0

[HDD (BASE 65) ]
TOTAL THIS MO.     0    CLEAR  (SCALE 0-3)  21
DPTR FM NORMAL     0    PTCLDY (SCALE 4-7)   0
TOTAL FM JUL 1     0    CLOUDY (SCALE 8-10)  0
DPTR FM NORMAL     0

[CDD (BASE 65) ]
TOTAL THIS MO.   473
DPTR FM NORMAL   123    [PRESSURE DATA]
TOTAL FM JAN 1  2010    HIGHEST SLP M ON M
DPTR FM NORMAL   101    LOWEST  SLP 29.66 ON 18

[REMARKS]
