000
CXUS54 KEWX 190910
CF6FTN
PRELIMINARY LOCAL CLIMATOLOGICAL DATA (WS FORM: F-6)

                                          STATION:   Faith Ranch
                                          MONTH:     FEBRUARY
                                          YEAR:      2019
                                          LATITUDE:   28 12 N
                                          LONGITUDE: 100  1 W

  TEMPERATURE IN F:       :PCPN:    SNOW:  WIND      :SUNSHINE: SKY     :PK WND
================================================================================
1   2   3   4   5  6A  6B    7    8   9   10  11  12  13   14  15   16   17  18
                                     12Z  AVG MX 2MIN
DY MAX MIN AVG DEP HDD CDD  WTR  SNW DPTH SPD SPD DIR MIN PSBL S-S WX    SPD DR
================================================================================

 1  70  57  64   M   1   0 0.04    M    M  3.6 12  90   M    M  10 12     14 140
 2  73  59  66   M   0   1 0.00    M    M  5.4  8 170   M    M   7 1      15 100
 3  75  57  66   M   0   1 0.00    M    M  6.1 14 140   M    M   5 12     20 140
 4  72  59  66   M   0   1 0.01    M    M  3.5  8  90   M    M   5 12      M  M
 5  84  54  69   M   0   4 0.01    M    M  7.4 13 130   M    M   5 12     17 160
 6  86  66  76   M   0  11 0.00    M    M  8.0 14 130   M    M   4 1      20 130
 7  75  55  65   M   0   0 0.00    M    M  9.8 20 350   M    M   3 1      28 350
 8  55  43  49   M  16   0 0.00    M    M  8.5 13  70   M    M  10        21  70
 9  46  39  43   M  22   0 0.00    M    M  6.0  9  20   M    M  10        15  90
10   M   M   M   M   M   M    M    M    M   M   M   M   M    M   M         M  M
11   M   M   M   M   M   M 0.00    M    M  5.2  6 310   M    M  10 1       M  M
12   M   M   M   M   M   M 0.00    M    M  8.5 15 340   M    M   3 1      22 340
13  72  57  65   M   0   0 0.00    M    M  8.3 15 150   M    M   0 1      24 150
14  81  46  64   M   1   0 0.00    M    M  5.4 12 140   M    M   0        14 150
15  95  48  72   M   0   7 0.00    M    M  4.8  9  40   M    M   0         M  M
16  77  55  66   M   0   1 0.00    M    M  6.9 15  70   M    M   1 1      18  70
17  79  57  68   M   0   3 0.02    M    M  7.8 16 350   M    M   4 1      20 350
18  66  39  53   M  12   0 0.00    M    M  8.7 15  60   M    M   5        25  70
================================================================================
SM 1106  791        52  29  0.08    M    113.9          M       82
================================================================================
AV 73.7 52.7                               6.7 FASTST   M    M   5    MAX(MPH)
                                 MISC ---->  # 20 350               # 28  350
================================================================================
NOTES:
# LAST OF SEVERAL OCCURRENCES

COLUMN 17 PEAK WIND IN M.P.H.

PRELIMINARY LOCAL CLIMATOLOGICAL DATA (WS FORM: F-6) , PAGE 2

                                          STATION:  Faith Ranch
                                          MONTH:    FEBRUARY
                                          YEAR:     2019
                                          LATITUDE:   28 12 N
                                          LONGITUDE: 100  1 W

[TEMPERATURE DATA]      [PRECIPITATION DATA]       SYMBOLS USED IN COLUMN 16

AVERAGE MONTHLY: 63.2   TOTAL FOR MONTH:   0.08    1 = FOG OR MIST
DPTR FM NORMAL:     M   DPTR FM NORMAL:       M    2 = FOG REDUCING VISIBILITY
HIGHEST:    95 ON 15    GRTST 24HR  0.04 ON  1- 1      TO 1/4 MILE OR LESS
LOWEST:     39 ON 18, 9                            3 = THUNDER
                        SNOW, ICE PELLETS, HAIL    4 = ICE PELLETS
                        TOTAL MONTH:    M          5 = HAIL
                        GRTST 24HR    M  ON   M    6 = FREEZING RAIN OR DRIZZLE
                        GRTST DEPTH:  M  ON   M    7 = DUSTSTORM OR SANDSTORM:
                                                       VSBY 1/2 MILE OR LESS
                                                   8 = SMOKE OR HAZE
[NO. OF DAYS WITH]      [WEATHER - DAYS WITH]      9 = BLOWING SNOW
                                                   X = TORNADO
MAX 32 OR BELOW:   0    0.01 INCH OR MORE:   4
MAX 90 OR ABOVE:   1    0.10 INCH OR MORE:   0
MIN 32 OR BELOW:   0    0.50 INCH OR MORE:   0
MIN  0 OR BELOW:   0    1.00 INCH OR MORE:   0

[HDD (BASE 65) ]
TOTAL THIS MO.    52    CLEAR  (SCALE 0-3)   6
DPTR FM NORMAL     M    PTCLDY (SCALE 4-7)   7
TOTAL FM JUL 1   863    CLOUDY (SCALE 8-10)  4
DPTR FM NORMAL     M

[CDD (BASE 65) ]
TOTAL THIS MO.    29
DPTR FM NORMAL     M    [PRESSURE DATA]
TOTAL FM JAN 1    32    HIGHEST SLP M ON M
DPTR FM NORMAL     M    LOWEST  SLP M ON M

[REMARKS]
