000
CXUS54 KEWX 250910
CF6FTN
PRELIMINARY LOCAL CLIMATOLOGICAL DATA (WS FORM: F-6)

                                          STATION:   Faith Ranch
                                          MONTH:     APRIL
                                          YEAR:      2019
                                          LATITUDE:   28 12 N
                                          LONGITUDE: 100  1 W

  TEMPERATURE IN F:       :PCPN:    SNOW:  WIND      :SUNSHINE: SKY     :PK WND
================================================================================
1   2   3   4   5  6A  6B    7    8   9   10  11  12  13   14  15   16   17  18
                                     12Z  AVG MX 2MIN
DY MAX MIN AVG DEP HDD CDD  WTR  SNW DPTH SPD SPD DIR MIN PSBL S-S WX    SPD DR
================================================================================

 1  64  50  57   M   8   0 0.00    M    M  4.0  8 130   M    M   5        13  30
 2  75  41  58   M   7   0 0.00    M    M  8.7 16 140   M    M   2        22 130
 3  73  59  66   M   0   1 0.00    M    M  8.5 13 120   M    M  10 1      21 120
 4  95  63  79   M   0  14 0.00    M    M  6.6 12 360   M    M   4        18 360
 5  88  59  74   M   0   9 0.00    M    M  9.0 15 100   M    M   1        21 100
 6  91  70  81   M   0  16 0.01    M    M  5.9 12 110   M    M   5 18     18 100
 7  73  61  67   M   0   2 0.00    M    M  7.5 13 300   M    M   6 1      28 300
 8   M   M   M   M   M   M    M    M    M   M   M   M   M    M   M         M  M
 9   M   M   M   M   M   M    M    M    M   M   M   M   M    M   M         M  M
10   M   M   M   M   M   M    M    M    M   M   M   M   M    M   M         M  M
11   M   M   M   M   M   M    M    M    M   M   M   M   M    M   M         M  M
12   M   M   M   M   M   M    M    M    M   M   M   M   M    M   M         M  M
13  79  55  67   M   0   2 0.01    M    M 20.9 30 340   M    M   1        47 340
14  79  48  64   M   1   0 0.00    M    M  7.6 21 340   M    M   0        28 340
15  88  55  72   M   0   7 0.00    M    M 12.4 17 150   M    M   0        27 140
16  90  61  76   M   0  11 0.00    M    M 11.4 18 160   M    M   1        25 160
17  95  61  78   M   0  13 0.24    M    M 11.2 27 340   M    M   5 1      47 340
18  84  57  71   M   0   6 0.05    M    M 12.3 27 320   M    M   2        39 320
19  84  52  68   M   0   3 0.00    M    M  6.0 13  30   M    M   1        18  20
20  91  54  73   M   0   8 0.00    M    M  9.1 13 140   M    M   0        21 140
21  88  63  76   M   0  11 0.00    M    M 10.2 15 150   M    M   2        23 120
22  84  64  74   M   0   9 0.00    M    M 10.4 15 130   M    M   5        25 120
23  82  70  76   M   0  11 0.00    M    M 10.8 20 150   M    M   9        27 150
24  81  57  69   M   0   4 0.04    M    M  9.9 22 340   M    M   6 1      31 340
================================================================================
SM 1584 1100        16 127  0.35    M    182.4          M       65
================================================================================
AV 83.4 57.9                               9.6 FASTST   M    M   3    MAX(MPH)
                                 MISC ---->  # 30 340               # 47  340
================================================================================
NOTES:
# LAST OF SEVERAL OCCURRENCES

COLUMN 17 PEAK WIND IN M.P.H.

PRELIMINARY LOCAL CLIMATOLOGICAL DATA (WS FORM: F-6) , PAGE 2

                                          STATION:  Faith Ranch
                                          MONTH:    APRIL
                                          YEAR:     2019
                                          LATITUDE:   28 12 N
                                          LONGITUDE: 100  1 W

[TEMPERATURE DATA]      [PRECIPITATION DATA]       SYMBOLS USED IN COLUMN 16

AVERAGE MONTHLY: 70.6   TOTAL FOR MONTH:   0.35    1 = FOG OR MIST
DPTR FM NORMAL:     M   DPTR FM NORMAL:       M    2 = FOG REDUCING VISIBILITY
HIGHEST:    95 ON 17, 4 GRTST 24HR  0.24 ON 17-17      TO 1/4 MILE OR LESS
LOWEST:     41 ON  2                               3 = THUNDER
                        SNOW, ICE PELLETS, HAIL    4 = ICE PELLETS
                        TOTAL MONTH:    M          5 = HAIL
                        GRTST 24HR    M  ON   M    6 = FREEZING RAIN OR DRIZZLE
                        GRTST DEPTH:  M  ON   M    7 = DUSTSTORM OR SANDSTORM:
                                                       VSBY 1/2 MILE OR LESS
                                                   8 = SMOKE OR HAZE
[NO. OF DAYS WITH]      [WEATHER - DAYS WITH]      9 = BLOWING SNOW
                                                   X = TORNADO
MAX 32 OR BELOW:   0    0.01 INCH OR MORE:   5
MAX 90 OR ABOVE:   5    0.10 INCH OR MORE:   1
MIN 32 OR BELOW:   0    0.50 INCH OR MORE:   0
MIN  0 OR BELOW:   0    1.00 INCH OR MORE:   0

[HDD (BASE 65) ]
TOTAL THIS MO.    16    CLEAR  (SCALE 0-3)  10
DPTR FM NORMAL     M    PTCLDY (SCALE 4-7)   7
TOTAL FM JUL 1  1032    CLOUDY (SCALE 8-10)  2
DPTR FM NORMAL     M

[CDD (BASE 65) ]
TOTAL THIS MO.   127
DPTR FM NORMAL     M    [PRESSURE DATA]
TOTAL FM JAN 1   317    HIGHEST SLP M ON M
DPTR FM NORMAL     M    LOWEST  SLP M ON M

[REMARKS]
