000
CXUS54 KFWD 190730
CF6FTW
PRELIMINARY LOCAL CLIMATOLOGICAL DATA (WS FORM: F-6)

                                          STATION:   FORT WORTH MEACHAM
                                          MONTH:     APRIL
                                          YEAR:      2019
                                          LATITUDE:   32 49 N
                                          LONGITUDE:  97 21 W

  TEMPERATURE IN F:       :PCPN:    SNOW:  WIND      :SUNSHINE: SKY     :PK WND
================================================================================
1   2   3   4   5  6A  6B    7    8   9   10  11  12  13   14  15   16   17  18
                                     12Z  AVG MX 2MIN
DY MAX MIN AVG DEP HDD CDD  WTR  SNW DPTH SPD SPD DIR MIN PSBL S-S WX    SPD DR
================================================================================

 1  61  37  49 -12  16   0 0.00  0.0    0  3.7 18 130   M    M   2 8      24 130
 2  71  40  56  -5   9   0 0.00  0.0    0 11.6 20 140   M    M   0        28 160
 3  68  50  59  -3   6   0 0.00  0.0    0 15.4 24 150   M    M   6        33 150
 4  84  61  73  11   0   8 0.00  0.0    0  9.7 26 160   M    M   5 1      36 170
 5  79  53  66   4   0   1 0.00  0.0    0  8.1 16 140   M    M   1        22 140
 6  67  57  62   0   3   0 0.54  0.0    0  7.6 25 310   M    M   8 13     33 310
 7  70  59  65   2   0   0 0.00  0.0    0  4.4 17 120   M    M   6 12     22 150
 8  82  58  70   7   0   5 0.00  0.0    0  8.1 18 360   M    M   1        26 320
 9  86  54  70   7   0   5 0.00  0.0    0  8.6 20 140   M    M   0        26 150
10  90  64  77  14   0  12 0.00  0.0    0 19.3 35 160   M    M   0        45 140
11  73  49  61  -3   4   0 0.00  0.0    0 10.3 22 320   M    M   1        32 310
12  70  42  56  -8   9   0 0.00  0.0    0  9.3 16  30   M    M   1        24  90
13  60  40  50 -14  15   0 2.76  0.0    0 18.8 32 310   M    M  10 123    50 250
14  66  43  55  -9  10   0    T  0.0    0 11.2 30 310   M    M   3        45 290
15  79  50  65   0   0   0 0.00  0.0    0 15.0 25 160   M    M   0        34 160
16  75  61  68   3   0   3 0.00  0.0    0 18.0 28 140   M    M   4        36 150
17  84  61  73   8   0   8 0.18  0.0    0 14.1 28 150   M    M   8 138    36 150
18  71  52  62  -4   3   0 0.20  0.0    0 12.7 32 320   M    M   4 13     45 330
================================================================================
SM 1336  931        75  42  3.68     0.0 205.9          M       60
================================================================================
AV 74.2 51.7                              11.4 FASTST   M    M   3    MAX(MPH)
                                 MISC ---->  # 35 160               # 50  250
================================================================================
NOTES:
# LAST OF SEVERAL OCCURRENCES

COLUMN 17 PEAK WIND IN M.P.H.

PRELIMINARY LOCAL CLIMATOLOGICAL DATA (WS FORM: F-6) , PAGE 2

                                          STATION:  FORT WORTH MEACHAM
                                          MONTH:    APRIL
                                          YEAR:     2019
                                          LATITUDE:   32 49 N
                                          LONGITUDE:  97 21 W

[TEMPERATURE DATA]      [PRECIPITATION DATA]       SYMBOLS USED IN COLUMN 16

AVERAGE MONTHLY: 63.0   TOTAL FOR MONTH:   3.68    1 = FOG OR MIST
DPTR FM NORMAL:  -0.3   DPTR FM NORMAL:    1.99    2 = FOG REDUCING VISIBILITY
HIGHEST:    90 ON 10    GRTST 24HR  2.76 ON 13-13      TO 1/4 MILE OR LESS
LOWEST:     37 ON  1                               3 = THUNDER
                        SNOW, ICE PELLETS, HAIL    4 = ICE PELLETS
                        TOTAL MONTH:   0.0 INCH    5 = HAIL
                        GRTST 24HR     0.0         6 = FREEZING RAIN OR DRIZZLE
                        GRTST DEPTH:   0           7 = DUSTSTORM OR SANDSTORM:
                                                       VSBY 1/2 MILE OR LESS
                                                   8 = SMOKE OR HAZE
[NO. OF DAYS WITH]      [WEATHER - DAYS WITH]      9 = BLOWING SNOW
                                                   X = TORNADO
MAX 32 OR BELOW:   0    0.01 INCH OR MORE:   4
MAX 90 OR ABOVE:   1    0.10 INCH OR MORE:   4
MIN 32 OR BELOW:   0    0.50 INCH OR MORE:   2
MIN  0 OR BELOW:   0    1.00 INCH OR MORE:   1

[HDD (BASE 65) ]
TOTAL THIS MO.    75    CLEAR  (SCALE 0-3)  10
DPTR FM NORMAL     1    PTCLDY (SCALE 4-7)   7
TOTAL FM JUL 1  2481    CLOUDY (SCALE 8-10)  1
DPTR FM NORMAL   140

[CDD (BASE 65) ]
TOTAL THIS MO.    42
DPTR FM NORMAL    -2    [PRESSURE DATA]
TOTAL FM JAN 1    65    HIGHEST SLP M ON M
DPTR FM NORMAL   -12    LOWEST  SLP 29.36 ON 10

[REMARKS]
