000
CXUS54 KFWD 170730
CF6FTW
PRELIMINARY LOCAL CLIMATOLOGICAL DATA (WS FORM: F-6)

                                          STATION:   FORT WORTH MEACHAM
                                          MONTH:     FEBRUARY
                                          YEAR:      2019
                                          LATITUDE:   32 49 N
                                          LONGITUDE:  97 21 W

  TEMPERATURE IN F:       :PCPN:    SNOW:  WIND      :SUNSHINE: SKY     :PK WND
================================================================================
1   2   3   4   5  6A  6B    7    8   9   10  11  12  13   14  15   16   17  18
                                     12Z  AVG MX 2MIN
DY MAX MIN AVG DEP HDD CDD  WTR  SNW DPTH SPD SPD DIR MIN PSBL S-S WX    SPD DR
================================================================================

 1  61  53  57  10   8   0 0.02  0.0    0  8.4 15 170   M    M  10 1      21 180
 2  67  52  60  13   5   0 0.00  0.0    0  8.2 17 190   M    M   8 1      21 200
 3  73  58  66  19   0   1 0.00  0.0    0 13.5 23 180   M    M   6 1      33 160
 4  79  55  67  19   0   2 0.00  0.0    0  8.5 17 190   M    M   0 1      25 190
 5  76  59  68  20   0   3 0.00  0.0    0 12.5 25 180   M    M   4 18     34 190
 6  77  66  72  24   0   7 0.02  0.0    0 13.7 24 180   M    M   7 18     34 180
 7  71  27  49   1  16   0 0.01  0.0    0 16.8 33 290   M    M   6 13     46 290
 8  35  21  28 -20  37   0 0.00  0.0    0  8.7 16 360   M    M   1        22 350
 9  38  34  36 -12  29   0 0.02    M    0  7.3 13 130   M    M  10 1      17 150
10  44  34  39  -9  26   0 0.05    M    0  6.4 15 130   M    M  10 1      20 140
11   M   M   M   M   M   M 0.22    M    0  9.5 14 220   M    M   8 1      23 220
12  56  41  49   0  16   0 0.00  0.0    0 12.4 29 320   M    M   1        48 320
13  61  33  47  -2  18   0 0.00  0.0    0 13.3 26 180   M    M   0        38 180
14  79  49  64  15   1   0 0.00  0.0    0 12.8 25 190   M    M   0        36 180
15  74  33  54   5  11   0 0.00  0.0    0  8.2 25 350   M    M   0        33 350
16  42  31  37 -13  28   0    T    M    0  8.1 17 350   M    M  10 18     23 350
================================================================================
SM  933  646       195  13  0.34     0.0 168.3          M       81
================================================================================
AV 62.2 43.1                              10.5 FASTST   M    M   5    MAX(MPH)
                                 MISC ---->  # 33 290               # 48  320
================================================================================
NOTES:
# LAST OF SEVERAL OCCURRENCES

COLUMN 17 PEAK WIND IN M.P.H.

PRELIMINARY LOCAL CLIMATOLOGICAL DATA (WS FORM: F-6) , PAGE 2

                                          STATION:  FORT WORTH MEACHAM
                                          MONTH:    FEBRUARY
                                          YEAR:     2019
                                          LATITUDE:   32 49 N
                                          LONGITUDE:  97 21 W

[TEMPERATURE DATA]      [PRECIPITATION DATA]       SYMBOLS USED IN COLUMN 16

AVERAGE MONTHLY: 52.6   TOTAL FOR MONTH:   0.34    1 = FOG OR MIST
DPTR FM NORMAL:   4.4   DPTR FM NORMAL:   -1.07    2 = FOG REDUCING VISIBILITY
HIGHEST:    79 ON 14, 4 GRTST 24HR  0.22 ON 11-11      TO 1/4 MILE OR LESS
LOWEST:     21 ON  8                               3 = THUNDER
                        SNOW, ICE PELLETS, HAIL    4 = ICE PELLETS
                        TOTAL MONTH:   0.0 INCH    5 = HAIL
                        GRTST 24HR     0.0         6 = FREEZING RAIN OR DRIZZLE
                        GRTST DEPTH:   0           7 = DUSTSTORM OR SANDSTORM:
                                                       VSBY 1/2 MILE OR LESS
                                                   8 = SMOKE OR HAZE
[NO. OF DAYS WITH]      [WEATHER - DAYS WITH]      9 = BLOWING SNOW
                                                   X = TORNADO
MAX 32 OR BELOW:   0    0.01 INCH OR MORE:   6
MAX 90 OR ABOVE:   0    0.10 INCH OR MORE:   1
MIN 32 OR BELOW:   3    0.50 INCH OR MORE:   0
MIN  0 OR BELOW:   0    1.00 INCH OR MORE:   0

[HDD (BASE 65) ]
TOTAL THIS MO.   195    CLEAR  (SCALE 0-3)   6
DPTR FM NORMAL   -76    PTCLDY (SCALE 4-7)   6
TOTAL FM JUL 1  1839    CLOUDY (SCALE 8-10)  4
DPTR FM NORMAL    23

[CDD (BASE 65) ]
TOTAL THIS MO.    13
DPTR FM NORMAL    13    [PRESSURE DATA]
TOTAL FM JAN 1    13    HIGHEST SLP M ON M
DPTR FM NORMAL    11    LOWEST  SLP 29.64 ON M

[REMARKS]
