899
CXUS54 KFWD 240730
CF6FTW
PRELIMINARY LOCAL CLIMATOLOGICAL DATA (WS FORM: F-6)

                                          STATION:   FORT WORTH MEACHAM
                                          MONTH:     AUGUST
                                          YEAR:      2019
                                          LATITUDE:   32 49 N
                                          LONGITUDE:  97 21 W

  TEMPERATURE IN F:       :PCPN:    SNOW:  WIND      :SUNSHINE: SKY     :PK WND
================================================================================
1   2   3   4   5  6A  6B    7    8   9   10  11  12  13   14  15   16   17  18
                                     12Z  AVG MX 2MIN
DY MAX MIN AVG DEP HDD CDD  WTR  SNW DPTH SPD SPD DIR MIN PSBL S-S WX    SPD DR
================================================================================

 1  96  73  85  -1   0  20 0.00  0.0    0  8.6 16 130   M    M   0        24 150
 2  98  73  86   0   0  21 0.00  0.0    0  7.8 17 150   M    M   0        23 140
 3  88  74  81  -5   0  16 0.03  0.0    0  9.2 16 100   M    M   4 1      20 120
 4  94  77  86   0   0  21 0.00  0.0    0  5.9 13  50   M    M   4        17  50
 5  97  76  87   1   0  22 0.00  0.0    0  4.5 13 140   M    M   3        18 130
 6 100  78  89   3   0  24 0.00  0.0    0  6.4 14 130   M    M   2        20 250
 7 101  79  90   4   0  25 0.00  0.0    0  9.7 17 140   M    M   0        24 180
 8  98  80  89   3   0  24 0.00  0.0    0 10.9 18 140   M    M   0        27 140
 9 102  80  91   5   0  26 0.00  0.0    0 11.1 17 150   M    M   0        26 150
10 101  79  90   4   0  25 0.00  0.0    0 10.8 18 140   M    M   0        27 150
11 101  79  90   4   0  25 0.00  0.0    0 10.5 18 140   M    M   0 8      25 140
12 102  79  91   5   0  26 0.00  0.0    0 11.0 20 130   M    M   0 8      28 120
13 102  80  91   5   0  26 0.00  0.0    0  7.6 15 110   M    M   2 8      20 130
14  94  70  82  -4   0  17 1.39  0.0    0  9.1 30 350   M    M   6 13     38 360
15  96  77  87   1   0  22 0.00  0.0    0  5.0 13 140   M    M   0        17 140
16  99  77  88   2   0  23 0.00  0.0    0 10.3 21 140   M    M   0        30 130
17  99  79  89   4   0  24 0.00  0.0    0 13.1 20 150   M    M   0        27 150
18  98  79  89   4   0  24 0.00  0.0    0 12.8 21 160   M    M   0        28 160
19  99  80  90   5   0  25 0.00  0.0    0 10.9 16 120   M    M   0        22 160
20  99  78  89   4   0  24 0.00  0.0    0  8.0 16 150   M    M   0        21 140
21  98  77  88   3   0  23 0.00  0.0    0  8.4 18 150   M    M   0        24 150
22  97  78  88   3   0  23 0.00  0.0    0  9.8 18 130   M    M   0        22 130
23  96  77  87   3   0  22 0.01  0.0    0  8.5 26  40   M    M   3        36  50
================================================================================
SM 2255 1779         0 528  1.43     0.0 209.9          M       24
================================================================================
AV 98.0 77.4                               9.1 FASTST   M    M   1    MAX(MPH)
                                 MISC ---->  # 30 350               # 38  360
================================================================================
NOTES:
# LAST OF SEVERAL OCCURRENCES

COLUMN 17 PEAK WIND IN M.P.H.

PRELIMINARY LOCAL CLIMATOLOGICAL DATA (WS FORM: F-6) , PAGE 2

                                          STATION:  FORT WORTH MEACHAM
                                          MONTH:    AUGUST
                                          YEAR:     2019
                                          LATITUDE:   32 49 N
                                          LONGITUDE:  97 21 W

[TEMPERATURE DATA]      [PRECIPITATION DATA]       SYMBOLS USED IN COLUMN 16

AVERAGE MONTHLY: 87.7   TOTAL FOR MONTH:   1.43    1 = FOG OR MIST
DPTR FM NORMAL:   2.0   DPTR FM NORMAL:    0.23    2 = FOG REDUCING VISIBILITY
HIGHEST:   102 ON 13,12 GRTST 24HR  1.39 ON 14-14      TO 1/4 MILE OR LESS
LOWEST:     70 ON 14                               3 = THUNDER
                        SNOW, ICE PELLETS, HAIL    4 = ICE PELLETS
                        TOTAL MONTH:   0.0 INCH    5 = HAIL
                        GRTST 24HR     0.0         6 = FREEZING RAIN OR DRIZZLE
                        GRTST DEPTH:   0           7 = DUSTSTORM OR SANDSTORM:
                                                       VSBY 1/2 MILE OR LESS
                                                   8 = SMOKE OR HAZE
[NO. OF DAYS WITH]      [WEATHER - DAYS WITH]      9 = BLOWING SNOW
                                                   X = TORNADO
MAX 32 OR BELOW:   0    0.01 INCH OR MORE:   3
MAX 90 OR ABOVE:  22    0.10 INCH OR MORE:   1
MIN 32 OR BELOW:   0    0.50 INCH OR MORE:   1
MIN  0 OR BELOW:   0    1.00 INCH OR MORE:   1

[HDD (BASE 65) ]
TOTAL THIS MO.     0    CLEAR  (SCALE 0-3)  20
DPTR FM NORMAL     0    PTCLDY (SCALE 4-7)   3
TOTAL FM JUL 1     0    CLOUDY (SCALE 8-10)  0
DPTR FM NORMAL     0

[CDD (BASE 65) ]
TOTAL THIS MO.   528
DPTR FM NORMAL    53    [PRESSURE DATA]
TOTAL FM JAN 1  1896    HIGHEST SLP M ON M
DPTR FM NORMAL   -63    LOWEST  SLP 29.71 ON 17

[REMARKS]
