000
CXUS52 KFFC 171110
CF6FTY
PRELIMINARY LOCAL CLIMATOLOGICAL DATA (WS FORM: F-6)

                                          STATION:   FULTON COUNTY AIRPORT
                                          MONTH:     FEBRUARY
                                          YEAR:      2019
                                          LATITUDE:   33 46 N
                                          LONGITUDE:  84 31 W

  TEMPERATURE IN F:       :PCPN:    SNOW:  WIND      :SUNSHINE: SKY     :PK WND
================================================================================
1   2   3   4   5  6A  6B    7    8   9   10  11  12  13   14  15   16   17  18
                                     12Z  AVG MX 2MIN
DY MAX MIN AVG DEP HDD CDD  WTR  SNW DPTH SPD SPD DIR MIN PSBL S-S WX    SPD DR
================================================================================

 1  61  26  44   0  21   0 0.00  0.0    0  1.3  9 210   M    M   0        13 220
 2  66  30  48   4  17   0 0.00  0.0    0  2.1 10 130   M    M   4        13 150
 3  65  43  54  10  11   0 0.03    M    0  1.8  9  70   M    M   7 1      12  80
 4  66  37  52   7  13   0    T    M    0  1.2  8 260   M    M   5 1      10 260
 5  74  53  64  19   1   0 0.00  0.0    0  1.7 10 310   M    M   7 1      12 310
 6  72  54  63  18   2   0 0.08  0.0    0  3.1 13 220   M    M   8 1      17 200
 7  81  62  72  27   0   7 0.00  0.0    0  8.4 18 230   M    M   4        31 240
 8  69  41  55  10  10   0 0.02    M    0 10.6 22 340   M    M   3 1      30 330
 9  55  37  46   1  19   0    T    M    0  7.6 14  70   M    M   6        19 330
10  46  38  42  -3  23   0 0.10    M    0  8.8 16  90   M    M   8 1      22  90
11  56  38  47   1  18   0 0.10    M    0  2.3  7 160   M    M   9 1       9 140
12  69  46  58  12   7   0 1.03    M    0  6.9 23 300   M    M   8 1      29 280
13  56  36  46   0  19   0 0.00  0.0    0  6.7 18 290   M    M   0        25 330
14  65  30  48   2  17   0 0.00  0.0    0  4.6 14 180   M    M   1        20 170
15  60  46  53   7  12   0 0.16    M    0  5.3 12 230   M    M   8 1      16 200
16  61  46  54   8  11   0 0.13    M    0  6.8 18 320   M    M   7 1      22 310
================================================================================
SM 1022  663       201   7  1.65     0.0  79.2          M       85
================================================================================
AV 63.9 41.4                               5.0 FASTST   M    M   5    MAX(MPH)
                                 MISC ---->  # 23 300               # 31  240
================================================================================
NOTES:
# LAST OF SEVERAL OCCURRENCES

COLUMN 17 PEAK WIND IN M.P.H.

PRELIMINARY LOCAL CLIMATOLOGICAL DATA (WS FORM: F-6) , PAGE 2

                                          STATION:  FULTON COUNTY AIRPORT
                                          MONTH:    FEBRUARY
                                          YEAR:     2019
                                          LATITUDE:   33 46 N
                                          LONGITUDE:  84 31 W

[TEMPERATURE DATA]      [PRECIPITATION DATA]       SYMBOLS USED IN COLUMN 16

AVERAGE MONTHLY: 52.7   TOTAL FOR MONTH:   1.65    1 = FOG OR MIST
DPTR FM NORMAL:   7.5   DPTR FM NORMAL:   -0.98    2 = FOG REDUCING VISIBILITY
HIGHEST:    81 ON  7    GRTST 24HR  1.03 ON 12-12      TO 1/4 MILE OR LESS
LOWEST:     26 ON  1                               3 = THUNDER
                        SNOW, ICE PELLETS, HAIL    4 = ICE PELLETS
                        TOTAL MONTH:   0.0 INCH    5 = HAIL
                        GRTST 24HR     0.0         6 = FREEZING RAIN OR DRIZZLE
                        GRTST DEPTH:   0           7 = DUSTSTORM OR SANDSTORM:
                                                       VSBY 1/2 MILE OR LESS
                                                   8 = SMOKE OR HAZE
[NO. OF DAYS WITH]      [WEATHER - DAYS WITH]      9 = BLOWING SNOW
                                                   X = TORNADO
MAX 32 OR BELOW:   0    0.01 INCH OR MORE:   8
MAX 90 OR ABOVE:   0    0.10 INCH OR MORE:   5
MIN 32 OR BELOW:   3    0.50 INCH OR MORE:   1
MIN  0 OR BELOW:   0    1.00 INCH OR MORE:   1

[HDD (BASE 65) ]
TOTAL THIS MO.   201    CLEAR  (SCALE 0-3)   3
DPTR FM NORMAL  -118    PTCLDY (SCALE 4-7)  12
TOTAL FM JUL 1  1976    CLOUDY (SCALE 8-10)  1
DPTR FM NORMAL  -159

[CDD (BASE 65) ]
TOTAL THIS MO.     7
DPTR FM NORMAL     7    [PRESSURE DATA]
TOTAL FM JAN 1     7    HIGHEST SLP M ON M
DPTR FM NORMAL     7    LOWEST  SLP 29.67 ON 16

[REMARKS]
