000
CXUS52 KFFC 251110
CF6FTY
PRELIMINARY LOCAL CLIMATOLOGICAL DATA (WS FORM: F-6)

                                          STATION:   FULTON COUNTY AIRPORT
                                          MONTH:     APRIL
                                          YEAR:      2019
                                          LATITUDE:   33 46 N
                                          LONGITUDE:  84 31 W

  TEMPERATURE IN F:       :PCPN:    SNOW:  WIND      :SUNSHINE: SKY     :PK WND
================================================================================
1   2   3   4   5  6A  6B    7    8   9   10  11  12  13   14  15   16   17  18
                                     12Z  AVG MX 2MIN
DY MAX MIN AVG DEP HDD CDD  WTR  SNW DPTH SPD SPD DIR MIN PSBL S-S WX    SPD DR
================================================================================

 1  62  32  47 -11  18   0 0.00  0.0    0  6.0 14  80   M    M   0        23 350
 2  63  42  53  -5  12   0 0.00  0.0    0  6.2 16 320   M    M   5        22 300
 3  73  35  54  -4  11   0 0.00  0.0    0  1.9  9 140   M    M   0        12 130
 4  71  41  56  -2   9   0 0.14    M    0  4.8 17 190   M    M   2 1      27 150
 5  76  55  66   7   0   1 0.17  0.0    0  3.4 13 310   M    M   7 1      17 300
 6  75  55  65   6   0   0 0.00  0.0    0  4.7 12 150   M    M   7 13     15 150
 7  80  60  70  11   0   5 0.55  0.0    0  4.5 15 270   M    M   4 13     22 260
 8  75  60  68   9   0   3 0.05  0.0    0  4.2 17 210   M    M   5 1      23 220
 9  76  57  67   8   0   2 0.64  0.0    0  2.8 21  20   M    M   5 13     27  10
10  83  52  68   8   0   3 0.00  0.0    0  1.8 10  80   M    M   3 12     13 180
11  83  54  69   9   0   4 0.09  0.0    0  8.5 23 150   M    M   1 1      28 130
12  79  62  71  11   0   6 0.05  0.0    0  6.6 15 140   M    M   5 1      24 150
13  82  58  70  10   0   5    T  0.0    0  5.3 16 150   M    M   1        24 180
14  79  50  65   4   0   0 1.24  0.0    0 12.7 30 150   M    M   7 13     39 160
15  66  44  55  -6  10   0 0.00  0.0    0  9.3 22 340   M    M   1        32 320
16  77  41  59  -2   6   0 0.00  0.0    0  2.2 12 150   M    M   0        16 150
17  81  47  64   3   1   0 0.00  0.0    0  3.6 12 170   M    M   0        16 220
18  80  60  70   8   0   5 0.30  0.0    0  9.6 22 250   M    M   4 138    35 220
19  70  46  58  -4   7   0 2.56    M    0  9.2 22 230   M    M   9 13     30 240
20  52  43  48 -14  17   0 0.10    M    0  6.9 18 230   M    M  10 1      30 220
21  72  41  57  -5   8   0 0.00  0.0    0  5.8 18 320   M    M   1 1      26 310
22  81  43  62  -1   3   0 0.00  0.0    0  2.2 12 310   M    M   0 8      16 280
23  83  49  66   3   0   1 0.00  0.0    0  3.5 14 270   M    M   0 8      18 220
24  83  57  70   7   0   5 0.00  0.0    0  4.2 15 180   M    M   0        22 170
================================================================================
SM 1802 1184       102  40  5.89     0.0 129.9          M       77
================================================================================
AV 75.1 49.3                               5.4 FASTST   M    M   3    MAX(MPH)
                                 MISC ---->  # 30 150               # 39  160
================================================================================
NOTES:
# LAST OF SEVERAL OCCURRENCES

COLUMN 17 PEAK WIND IN M.P.H.

PRELIMINARY LOCAL CLIMATOLOGICAL DATA (WS FORM: F-6) , PAGE 2

                                          STATION:  FULTON COUNTY AIRPORT
                                          MONTH:    APRIL
                                          YEAR:     2019
                                          LATITUDE:   33 46 N
                                          LONGITUDE:  84 31 W

[TEMPERATURE DATA]      [PRECIPITATION DATA]       SYMBOLS USED IN COLUMN 16

AVERAGE MONTHLY: 62.2   TOTAL FOR MONTH:   5.89    1 = FOG OR MIST
DPTR FM NORMAL:   1.9   DPTR FM NORMAL:    2.92    2 = FOG REDUCING VISIBILITY
HIGHEST:    83 ON 24,23 GRTST 24HR  2.56 ON 19-19      TO 1/4 MILE OR LESS
LOWEST:     32 ON  1                               3 = THUNDER
                        SNOW, ICE PELLETS, HAIL    4 = ICE PELLETS
                        TOTAL MONTH:   0.0 INCH    5 = HAIL
                        GRTST 24HR     0.0         6 = FREEZING RAIN OR DRIZZLE
                        GRTST DEPTH:   0           7 = DUSTSTORM OR SANDSTORM:
                                                       VSBY 1/2 MILE OR LESS
                                                   8 = SMOKE OR HAZE
[NO. OF DAYS WITH]      [WEATHER - DAYS WITH]      9 = BLOWING SNOW
                                                   X = TORNADO
MAX 32 OR BELOW:   0    0.01 INCH OR MORE:  11
MAX 90 OR ABOVE:   0    0.10 INCH OR MORE:   8
MIN 32 OR BELOW:   1    0.50 INCH OR MORE:   4
MIN  0 OR BELOW:   0    1.00 INCH OR MORE:   2

[HDD (BASE 65) ]
TOTAL THIS MO.   102    CLEAR  (SCALE 0-3)  13
DPTR FM NORMAL   -35    PTCLDY (SCALE 4-7)   9
TOTAL FM JUL 1  2584    CLOUDY (SCALE 8-10)  2
DPTR FM NORMAL  -252

[CDD (BASE 65) ]
TOTAL THIS MO.    40
DPTR FM NORMAL    17    [PRESSURE DATA]
TOTAL FM JAN 1    49    HIGHEST SLP M ON M
DPTR FM NORMAL    20    LOWEST  SLP 29.41 ON 19

[REMARKS]
