000
CXUS51 KCAR 220600
CF6FVE
PRELIMINARY LOCAL CLIMATOLOGICAL DATA (WS FORM: F-6)

                                          STATION:   FRENCHVILLE ME
                                          MONTH:     JULY
                                          YEAR:      2019
                                          LATITUDE:   47 16 N
                                          LONGITUDE:  68 19 W

  TEMPERATURE IN F:       :PCPN:    SNOW:  WIND      :SUNSHINE: SKY     :PK WND
================================================================================
1   2   3   4   5  6A  6B    7    8   9   10  11  12  13   14  15   16   17  18
                                     12Z  AVG MX 2MIN
DY MAX MIN AVG DEP HDD CDD  WTR  SNW DPTH SPD SPD DIR MIN PSBL S-S WX    SPD DR
================================================================================

 1  79  57  68   5   0   3 0.00    M    M  5.2 13 340   M    M   4 128    17  10
 2  77  59  68   5   0   3 0.83    M    M  5.0 23 350   M    M   6 1238   33 360
 3  78  55  67   3   0   2 0.01    M    M  4.9 15 300   M    M   5 128    21 340
 4  89  58  74  10   0   9 0.00    M    M  5.6 13 270   M    M   0        17 300
 5  92  69  81  17   0  16 0.00    M    M  6.4 16 220   M    M   1        22 220
 6  78  57  68   4   0   3    T    M    M  9.8 23 340   M    M   3        31 340
 7  74  52  63  -1   2   0 0.00    M    M 11.0 23 330   M    M   0        30 340
 8  79  54  67   3   0   2    T    M    M 10.4 25 350   M    M   0 3      36 340
 9  72  52  62  -2   3   0 0.00    M    M 11.3 26 330   M    M   3        34 320
10  72  51  62  -2   3   0 0.00    M    M  6.8 16 330   M    M   1        21  20
11  75  49  62  -2   3   0 0.00    M    M  9.8 17 160   M    M   1        22 150
12  63  59  61  -4   4   0    T    M    M  9.7 18 150   M    M   9 1      32 150
13  81  59  70   5   0   5    T    M    M  5.4 12 260   M    M   2 1      16 270
14  74  60  67   2   0   2    T    M    M 10.6 26 320   M    M   6 1      35 320
15  74  60  67   2   0   2 0.00    M    M 11.5 22 340   M    M   5        28 340
16  82  59  71   6   0   6 0.47    M    M  6.9 18 220   M    M   4 1      24 210
17  82  52  67   2   0   2 0.21    M    M 10.3 24 330   M    M   5 13     32 330
18  75  49  62  -3   3   0 0.00    M    M  5.3 14 330   M    M   0        17 320
19  80  53  67   2   0   2 0.18    M    M  7.3 21 270   M    M   3 1      34 270
20  84  66  75  10   0  10 0.00    M    M  9.2 23 360   M    M   1        30  10
21  74  59  67   2   0   2 0.13    M    M  6.3 18 330   M    M   4 1      25 340
================================================================================
SM 1634 1189        18  69  1.83    M    168.7          M       63
================================================================================
AV 77.8 56.6                               8.0 FASTST   M    M   3    MAX(MPH)
                                 MISC ---->  # 26 330               # 36  340
================================================================================
NOTES:
# LAST OF SEVERAL OCCURRENCES

COLUMN 17 PEAK WIND IN M.P.H.

PRELIMINARY LOCAL CLIMATOLOGICAL DATA (WS FORM: F-6) , PAGE 2

                                          STATION:  FRENCHVILLE ME
                                          MONTH:    JULY
                                          YEAR:     2019
                                          LATITUDE:   47 16 N
                                          LONGITUDE:  68 19 W

[TEMPERATURE DATA]      [PRECIPITATION DATA]       SYMBOLS USED IN COLUMN 16

AVERAGE MONTHLY: 67.2   TOTAL FOR MONTH:   1.83    1 = FOG OR MIST
DPTR FM NORMAL:   2.8   DPTR FM NORMAL:   -1.29    2 = FOG REDUCING VISIBILITY
HIGHEST:    92 ON  5    GRTST 24HR  0.83 ON  2- 2      TO 1/4 MILE OR LESS
LOWEST:     49 ON 18,11                            3 = THUNDER
                        SNOW, ICE PELLETS, HAIL    4 = ICE PELLETS
                        TOTAL MONTH:    M          5 = HAIL
                        GRTST 24HR    M  ON   M    6 = FREEZING RAIN OR DRIZZLE
                        GRTST DEPTH:  M  ON   M    7 = DUSTSTORM OR SANDSTORM:
                                                       VSBY 1/2 MILE OR LESS
                                                   8 = SMOKE OR HAZE
[NO. OF DAYS WITH]      [WEATHER - DAYS WITH]      9 = BLOWING SNOW
                                                   X = TORNADO
MAX 32 OR BELOW:   0    0.01 INCH OR MORE:   6
MAX 90 OR ABOVE:   1    0.10 INCH OR MORE:   5
MIN 32 OR BELOW:   0    0.50 INCH OR MORE:   1
MIN  0 OR BELOW:   0    1.00 INCH OR MORE:   0

[HDD (BASE 65) ]
TOTAL THIS MO.    18    CLEAR  (SCALE 0-3)  12
DPTR FM NORMAL   -31    PTCLDY (SCALE 4-7)   8
TOTAL FM JUL 1    18    CLOUDY (SCALE 8-10)  1
DPTR FM NORMAL   -31

[CDD (BASE 65) ]
TOTAL THIS MO.    69
DPTR FM NORMAL    28    [PRESSURE DATA]
TOTAL FM JAN 1    82    HIGHEST SLP M ON M
DPTR FM NORMAL    13    LOWEST  SLP 29.56 ON 20

[REMARKS]
