000
CXUS53 KIWX 220800
CF6FWA
PRELIMINARY LOCAL CLIMATOLOGICAL DATA (WS FORM: F-6)

                                          STATION:   FORT WAYNE
                                          MONTH:     JULY
                                          YEAR:      2019
                                          LATITUDE:   41  0 N
                                          LONGITUDE:  85 12 W

  TEMPERATURE IN F:       :PCPN:    SNOW:  WIND      :SUNSHINE: SKY     :PK WND
================================================================================
1   2   3   4   5  6A  6B    7    8   9   10  11  12  13   14  15   16   17  18
                                     12Z  AVG MX 2MIN
DY MAX MIN AVG DEP HDD CDD  WTR  SNW DPTH SPD SPD DIR MIN PSBL S-S WX    SPD DR
================================================================================

 1  94  70  82   8   0  17 0.00  0.0    0  5.3 14 280   M    M   5 8      18 280
 2  95  72  84  10   0  19    T  0.0    0 10.5 30 260   M    M   6 3      40 320
 3  88  71  80   6   0  15 0.50  0.0    0  4.8 18 290   M    M   8 13     25 300
 4  91  71  81   7   0  16 0.00  0.0    0  4.6 14 240   M    M   3 18     19 230
 5  92  74  83   9   0  18 0.00  0.0    0  7.0 20 220   M    M   5 13     25 240
 6  86  73  80   6   0  15 0.30  0.0    0  4.8 15 320   M    M   7 13     22 330
 7  83  71  77   3   0  12 0.00  0.0    0  7.2 17  50   M    M   7 18     21  50
 8  83  65  74   0   0   9 0.00  0.0    0  6.5 12  50   M    M   3        16 350
 9  89  61  75   1   0  10 0.00  0.0    0  4.4 13  90   M    M   2        18  90
10  95  68  82   8   0  17 0.00  0.0    0  7.2 20 190   M    M   6        24 190
11  88  66  77   3   0  12 0.00  0.0    0  8.6 18 320   M    M   5        26 310
12  85  61  73  -1   0   8 0.00  0.0    0  5.9 13 330   M    M   1        25  50
13  91  63  77   3   0  12 0.00  0.0    0  8.1 20 270   M    M   2        27 260
14  90  70  80   6   0  15 0.32  0.0    0  3.4 18 220   M    M   7 13     23 220
15  89  70  80   6   0  15 0.00  0.0    0  6.2 15 260   M    M   5 1      20 280
16  86  73  80   6   0  15 0.31  0.0    0  8.3 28 190   M    M   9 13     35 190
17  87  73  80   6   0  15 0.11  0.0    0  4.9 18  90   M    M   8 13     23  80
18  86  71  79   5   0  14 0.39  0.0    0  6.3 23 260   M    M   6 13     33 260
19  91  77  84  10   0  19 0.00  0.0    0 12.0 20 220   M    M   5 1      27 210
20  92  76  84  10   0  19    T  0.0    0  9.3 21 210   M    M   6 3      28 230
21  91  72  82   8   0  17 0.25  0.0    0  5.6 29 270   M    M   7 13     44 280
================================================================================
SM 1872 1468         0 309  2.18     0.0 140.9          M      113
================================================================================
AV 89.1 69.9                               6.7 FASTST   M    M   5    MAX(MPH)
                                 MISC ---->  # 30 260               # 44  280
================================================================================
NOTES:
# LAST OF SEVERAL OCCURRENCES

COLUMN 17 PEAK WIND IN M.P.H.

PRELIMINARY LOCAL CLIMATOLOGICAL DATA (WS FORM: F-6) , PAGE 2

                                          STATION:  FORT WAYNE
                                          MONTH:    JULY
                                          YEAR:     2019
                                          LATITUDE:   41  0 N
                                          LONGITUDE:  85 12 W

[TEMPERATURE DATA]      [PRECIPITATION DATA]       SYMBOLS USED IN COLUMN 16

AVERAGE MONTHLY: 79.5   TOTAL FOR MONTH:   2.18    1 = FOG OR MIST
DPTR FM NORMAL:   5.5   DPTR FM NORMAL:   -0.72    2 = FOG REDUCING VISIBILITY
HIGHEST:    95 ON 10, 2 GRTST 24HR  0.50 ON  3- 3      TO 1/4 MILE OR LESS
LOWEST:     61 ON 12, 9                            3 = THUNDER
                        SNOW, ICE PELLETS, HAIL    4 = ICE PELLETS
                        TOTAL MONTH:   0.0 INCH    5 = HAIL
                        GRTST 24HR     0.0         6 = FREEZING RAIN OR DRIZZLE
                        GRTST DEPTH:   0           7 = DUSTSTORM OR SANDSTORM:
                                                       VSBY 1/2 MILE OR LESS
                                                   8 = SMOKE OR HAZE
[NO. OF DAYS WITH]      [WEATHER - DAYS WITH]      9 = BLOWING SNOW
                                                   X = TORNADO
MAX 32 OR BELOW:   0    0.01 INCH OR MORE:   7
MAX 90 OR ABOVE:  10    0.10 INCH OR MORE:   7
MIN 32 OR BELOW:   0    0.50 INCH OR MORE:   1
MIN  0 OR BELOW:   0    1.00 INCH OR MORE:   0

[HDD (BASE 65) ]
TOTAL THIS MO.     0    CLEAR  (SCALE 0-3)   3
DPTR FM NORMAL     0    PTCLDY (SCALE 4-7)  17
TOTAL FM JUL 1     0    CLOUDY (SCALE 8-10)  1
DPTR FM NORMAL     0

[CDD (BASE 65) ]
TOTAL THIS MO.   309
DPTR FM NORMAL   120    [PRESSURE DATA]
TOTAL FM JAN 1   570    HIGHEST SLP M ON M
DPTR FM NORMAL   142    LOWEST  SLP 29.79 ON 18

[REMARKS]
