000
CXUS53 KIWX 220800
CF6FWA
PRELIMINARY LOCAL CLIMATOLOGICAL DATA (WS FORM: F-6)

                                          STATION:   FORT WAYNE
                                          MONTH:     FEBRUARY
                                          YEAR:      2019
                                          LATITUDE:   41  0 N
                                          LONGITUDE:  85 12 W

  TEMPERATURE IN F:       :PCPN:    SNOW:  WIND      :SUNSHINE: SKY     :PK WND
================================================================================
1   2   3   4   5  6A  6B    7    8   9   10  11  12  13   14  15   16   17  18
                                     12Z  AVG MX 2MIN
DY MAX MIN AVG DEP HDD CDD  WTR  SNW DPTH SPD SPD DIR MIN PSBL S-S WX    SPD DR
================================================================================

 1  18   6  12 -13  53   0 0.04  2.4    3  7.1 14  70   M    M   8 1      17  70
 2  41   6  24  -2  41   0 0.00  0.0    3  7.5 17 220   M    M   6 18      M  M
 3  55  35  45  19  20   0 0.00  0.0    1  7.1 13 210   M    M   6 1       M  M
 4  55  40  48  22  17   0 0.03  0.0    T 10.9 20 190   M    M   8 12     25 190
 5  45  33  39  13  26   0 0.01  0.0    0  9.1 18 100   M    M  10 1      24 110
 6  44  35  40  14  25   0 0.65  0.0    0  5.4 16 100   M    M   9 12     21 100
 7  59  25  42  16  23   0 0.23    T    0 16.0 43 270   M    M  10 12     56 270
 8  25  13  19  -7  46   0    T    T    0 24.3 39 270   M    M   8        50 270
 9  25  11  18  -9  47   0    T    T    0  5.3 15 260   M    M   6        20 270
10  30  17  24  -3  41   0 0.20  1.3    0  8.6 14 100   M    M   9 126    18 100
11  32  27  30   3  35   0 0.05    T    1 12.9 24  70   M    M  10 16     33  70
12  37  27  32   5  33   0 0.54  0.4    1 19.0 39 250   M    M  10 12689  54 250
13  31  19  25  -3  40   0    T  0.2    1 19.9 35 250   M    M   8 9      46 250
14  47  25  36   8  29   0 0.00  0.0    1  9.7 23 240   M    M  10        34 240
15  45  23  34   6  31   0 0.00  0.0    0 16.1 29 260   M    M   9 18     40 280
16  27  20  24  -4  41   0 0.00  0.0    0  8.7 21  90   M    M   9        26  90
17  30  24  27  -2  38   0 0.01    T    0 13.5 23  70   M    M  10 16     29  80
18  30  23  27  -2  38   0 0.01  0.3    T  6.7 13 330   M    M   7 16     19 290
19  33  18  26  -3  39   0 0.00  0.0    0  5.8 14 100   M    M   9        18 100
20  40  28  34   4  31   0 0.22  0.8    1 14.6 26 260   M    M  10 146    35 270
21  40  32  36   6  29   0 0.00  0.0    0 12.7 28 270   M    M   8        36 260
================================================================================
SM  789  487       723   0  1.99     5.4 240.9          M      180
================================================================================
AV 37.6 23.2                              11.5 FASTST   M    M   9    MAX(MPH)
                                 MISC ---->  # 43 270               # 56  270
================================================================================
NOTES:
# LAST OF SEVERAL OCCURRENCES

COLUMN 17 PEAK WIND IN M.P.H.

PRELIMINARY LOCAL CLIMATOLOGICAL DATA (WS FORM: F-6) , PAGE 2

                                          STATION:  FORT WAYNE
                                          MONTH:    FEBRUARY
                                          YEAR:     2019
                                          LATITUDE:   41  0 N
                                          LONGITUDE:  85 12 W

[TEMPERATURE DATA]      [PRECIPITATION DATA]       SYMBOLS USED IN COLUMN 16

AVERAGE MONTHLY: 30.4   TOTAL FOR MONTH:   1.99    1 = FOG OR MIST
DPTR FM NORMAL:   3.0   DPTR FM NORMAL:    0.50    2 = FOG REDUCING VISIBILITY
HIGHEST:    59 ON  7    GRTST 24HR  0.65 ON  6- 6      TO 1/4 MILE OR LESS
LOWEST:      6 ON  2, 1                            3 = THUNDER
                        SNOW, ICE PELLETS, HAIL    4 = ICE PELLETS
                        TOTAL MONTH:   5.4 INCHES  5 = HAIL
                        GRTST 24HR   2.4 ON  1- 1  6 = FREEZING RAIN OR DRIZZLE
                        GRTST DEPTH:   3 ON  2, 1  7 = DUSTSTORM OR SANDSTORM:
                                                       VSBY 1/2 MILE OR LESS
                                                   8 = SMOKE OR HAZE
[NO. OF DAYS WITH]      [WEATHER - DAYS WITH]      9 = BLOWING SNOW
                                                   X = TORNADO
MAX 32 OR BELOW:   9    0.01 INCH OR MORE:  11
MAX 90 OR ABOVE:   0    0.10 INCH OR MORE:   5
MIN 32 OR BELOW:  17    0.50 INCH OR MORE:   2
MIN  0 OR BELOW:   0    1.00 INCH OR MORE:   0

[HDD (BASE 65) ]
TOTAL THIS MO.   723    CLEAR  (SCALE 0-3)   0
DPTR FM NORMAL   -67    PTCLDY (SCALE 4-7)   6
TOTAL FM JUL 1  4132    CLOUDY (SCALE 8-10) 15
DPTR FM NORMAL  -229

[CDD (BASE 65) ]
TOTAL THIS MO.     0
DPTR FM NORMAL     0    [PRESSURE DATA]
TOTAL FM JAN 1     0    HIGHEST SLP M ON M
DPTR FM NORMAL     0    LOWEST  SLP 29.53 ON M

[REMARKS]
