463
CXUS54 KFWD 190730
CF6FWD
PRELIMINARY LOCAL CLIMATOLOGICAL DATA (WS FORM: F-6)

                                          STATION:   FORT WORTH NWS
                                          MONTH:     AUGUST
                                          YEAR:      2019
                                          LATITUDE:   32 50 N
                                          LONGITUDE:  97 18 W

  TEMPERATURE IN F:       :PCPN:    SNOW:  WIND      :SUNSHINE: SKY     :PK WND
================================================================================
1   2   3   4   5  6A  6B    7    8   9   10  11  12  13   14  15   16   17  18
                                     12Z  AVG MX 2MIN
DY MAX MIN AVG DEP HDD CDD  WTR  SNW DPTH SPD SPD DIR MIN PSBL S-S WX    SPD DR
================================================================================

 1  95  76  86   0   0  21 0.00  0.0    0   M   M   M   M    M   M         M  M
 2  95  77  86   0   0  21 0.00  0.0    0   M   M   M   M    M   M         M  M
 3  87  74  81  -5   0  16 0.22  0.0    0   M   M   M   M    M   M         M  M
 4  90  76  83  -3   0  18 0.00  0.0    0   M   M   M   M    M   M         M  M
 5  94  77  86   0   0  21 0.00  0.0    0   M   M   M   M    M   M         M  M
 6  98  77  88   2   0  23 0.00  0.0    0   M   M   M   M    M   M         M  M
 7  98  80  89   3   0  24 0.00  0.0    0   M   M   M   M    M   M         M  M
 8  96  79  88   2   0  23 0.00  0.0    0   M   M   M   M    M   M         M  M
 9  99  79  89   3   0  24 0.00  0.0    0   M   M   M   M    M   M         M  M
10  99  78  89   3   0  24 0.00  0.0    0   M   M   M   M    M   M         M  M
11  99  78  89   3   0  24 0.00  0.0    0   M   M   M   M    M   M         M  M
12 100  78  89   3   0  24 0.00  0.0    0   M   M   M   M    M   M         M  M
13  99  79  89   3   0  24 0.00  0.0    0   M   M   M   M    M   M         M  M
14  91  70  81  -5   0  16 0.62  0.0    0   M   M   M   M    M   M 13      M  M
15  95  77  86   1   0  21 0.00  0.0    0   M   M   M   M    M   M         M  M
16  99  76  88   3   0  23 0.00  0.0    0   M   M   M   M    M   M         M  M
17  98  79  89   4   0  24 0.00  0.0    0   M   M   M   M    M   M         M  M
18  97  79  88   3   0  23 0.00  0.0    0   M   M   M   M    M   M         M  M
================================================================================
SM 1729 1389         0 394  0.84     0.0     M          M        M
================================================================================
AV 96.1 77.2                                 M FASTST   M    M   1    MAX(MPH)
                                 MISC ---->     M   M                  M    M
================================================================================
NOTES:
# LAST OF SEVERAL OCCURRENCES

COLUMN 17 PEAK WIND IN M.P.H.

PRELIMINARY LOCAL CLIMATOLOGICAL DATA (WS FORM: F-6) , PAGE 2

                                          STATION:  FORT WORTH NWS
                                          MONTH:    AUGUST
                                          YEAR:     2019
                                          LATITUDE:   32 50 N
                                          LONGITUDE:  97 18 W

[TEMPERATURE DATA]      [PRECIPITATION DATA]       SYMBOLS USED IN COLUMN 16

AVERAGE MONTHLY: 86.6   TOTAL FOR MONTH:   0.84    1 = FOG OR MIST
DPTR FM NORMAL:   0.8   DPTR FM NORMAL:   -0.18    2 = FOG REDUCING VISIBILITY
HIGHEST:   100 ON 12    GRTST 24HR  0.62 ON 14-14      TO 1/4 MILE OR LESS
LOWEST:     70 ON 14                               3 = THUNDER
                        SNOW, ICE PELLETS, HAIL    4 = ICE PELLETS
                        TOTAL MONTH:   0.0 INCH    5 = HAIL
                        GRTST 24HR     0.0         6 = FREEZING RAIN OR DRIZZLE
                        GRTST DEPTH:   0           7 = DUSTSTORM OR SANDSTORM:
                                                       VSBY 1/2 MILE OR LESS
                                                   8 = SMOKE OR HAZE
[NO. OF DAYS WITH]      [WEATHER - DAYS WITH]      9 = BLOWING SNOW
                                                   X = TORNADO
MAX 32 OR BELOW:   0    0.01 INCH OR MORE:   2
MAX 90 OR ABOVE:  17    0.10 INCH OR MORE:   2
MIN 32 OR BELOW:   0    0.50 INCH OR MORE:   1
MIN  0 OR BELOW:   0    1.00 INCH OR MORE:   0

[HDD (BASE 65) ]
TOTAL THIS MO.     0    CLEAR  (SCALE 0-3)   0
DPTR FM NORMAL     0    PTCLDY (SCALE 4-7)   0
TOTAL FM JUL 1     0    CLOUDY (SCALE 8-10)  0
DPTR FM NORMAL     0

[CDD (BASE 65) ]
TOTAL THIS MO.   394
DPTR FM NORMAL    21    [PRESSURE DATA]
TOTAL FM JAN 1  1698    HIGHEST SLP M ON M
DPTR FM NORMAL  -155    LOWEST  SLP M ON M

[REMARKS]
