814
CXUS54 KFWD 230730
CF6FWD
PRELIMINARY LOCAL CLIMATOLOGICAL DATA (WS FORM: F-6)

                                          STATION:   FORT WORTH NWS
                                          MONTH:     APRIL
                                          YEAR:      2019
                                          LATITUDE:   32 50 N
                                          LONGITUDE:  97 18 W

  TEMPERATURE IN F:       :PCPN:    SNOW:  WIND      :SUNSHINE: SKY     :PK WND
================================================================================
1   2   3   4   5  6A  6B    7    8   9   10  11  12  13   14  15   16   17  18
                                     12Z  AVG MX 2MIN
DY MAX MIN AVG DEP HDD CDD  WTR  SNW DPTH SPD SPD DIR MIN PSBL S-S WX    SPD DR
================================================================================

 1  60  38  49 -13  16   0 0.00  0.0    0   M   M   M   M    M   M         M  M
 2  71  42  57  -5   8   0 0.00  0.0    0   M   M   M   M    M   M         M  M
 3  67  49  58  -4   7   0 0.00  0.0    0   M   M   M   M    M   M         M  M
 4  81  61  71   9   0   6    T  0.0    0   M   M   M   M    M   M         M  M
 5  77  54  66   4   0   1 0.00  0.0    0   M   M   M   M    M   M 1       M  M
 6  66  56  61  -2   4   0 0.61  0.0    0   M   M   M   M    M   M 13      M  M
 7  69  58  64   1   1   0 0.03  0.0    0   M   M   M   M    M   M 12      M  M
 8  80  58  69   6   0   4 0.00  0.0    0   M   M   M   M    M   M         M  M
 9  86  55  71   7   0   6 0.00  0.0    0   M   M   M   M    M   M         M  M
10  87  65  76  12   0  11 0.00  0.0    0   M   M   M   M    M   M         M  M
11  73  51  62  -2   3   0 0.00  0.0    0   M   M   M   M    M   M         M  M
12  68  45  57  -7   8   0 0.00  0.0    0   M   M   M   M    M   M         M  M
13  60  40  50 -14  15   0 1.98  0.0    0   M   M   M   M    M   M 13      M  M
14  67  42  55 -10  10   0 0.01  0.0    0   M   M   M   M    M   M         M  M
15  78  51  65   0   0   0 0.00  0.0    0   M   M   M   M    M   M         M  M
16  74  61  68   3   0   3 0.00  0.0    0   M   M   M   M    M   M         M  M
17  82  62  72   7   0   7 0.20  0.0    0   M   M   M   M    M   M 13      M  M
18  69  53  61  -5   4   0 0.29  0.0    0   M   M   M   M    M   M 13      M  M
19  65  51  58  -8   7   0 0.00  0.0    0   M   M   M   M    M   M         M  M
20  79  46  63  -3   2   0 0.00  0.0    0   M   M   M   M    M   M         M  M
21  80  57  69   3   0   4 0.00  0.0    0   M   M   M   M    M   M         M  M
22  76  63  70   3   0   5 0.00    M    M   M   M   M   M    M   M         M  M
================================================================================
SM 1615 1158        85  47  3.12     0.0     M          M        M
================================================================================
AV 73.4 52.6                                 M FASTST   M    M   4    MAX(MPH)
                                 MISC ---->     M   M                  M    M
================================================================================
NOTES:
# LAST OF SEVERAL OCCURRENCES

COLUMN 17 PEAK WIND IN M.P.H.

PRELIMINARY LOCAL CLIMATOLOGICAL DATA (WS FORM: F-6) , PAGE 2

                                          STATION:  FORT WORTH NWS
                                          MONTH:    APRIL
                                          YEAR:     2019
                                          LATITUDE:   32 50 N
                                          LONGITUDE:  97 18 W

[TEMPERATURE DATA]      [PRECIPITATION DATA]       SYMBOLS USED IN COLUMN 16

AVERAGE MONTHLY: 63.0   TOTAL FOR MONTH:   3.12    1 = FOG OR MIST
DPTR FM NORMAL:  -1.1   DPTR FM NORMAL:    0.97    2 = FOG REDUCING VISIBILITY
HIGHEST:    87 ON 10    GRTST 24HR  1.98 ON 13-13      TO 1/4 MILE OR LESS
LOWEST:     38 ON  1                               3 = THUNDER
                        SNOW, ICE PELLETS, HAIL    4 = ICE PELLETS
                        TOTAL MONTH:   0.0 INCH    5 = HAIL
                        GRTST 24HR     0.0         6 = FREEZING RAIN OR DRIZZLE
                        GRTST DEPTH:   0           7 = DUSTSTORM OR SANDSTORM:
                                                       VSBY 1/2 MILE OR LESS
                                                   8 = SMOKE OR HAZE
[NO. OF DAYS WITH]      [WEATHER - DAYS WITH]      9 = BLOWING SNOW
                                                   X = TORNADO
MAX 32 OR BELOW:   0    0.01 INCH OR MORE:   6
MAX 90 OR ABOVE:   0    0.10 INCH OR MORE:   4
MIN 32 OR BELOW:   0    0.50 INCH OR MORE:   2
MIN  0 OR BELOW:   0    1.00 INCH OR MORE:   1

[HDD (BASE 65) ]
TOTAL THIS MO.    85    CLEAR  (SCALE 0-3)   0
DPTR FM NORMAL     5    PTCLDY (SCALE 4-7)   0
TOTAL FM JUL 1  2567    CLOUDY (SCALE 8-10)  0
DPTR FM NORMAL   253

[CDD (BASE 65) ]
TOTAL THIS MO.    47
DPTR FM NORMAL   -13    [PRESSURE DATA]
TOTAL FM JAN 1    71    HIGHEST SLP M ON M
DPTR FM NORMAL   -27    LOWEST  SLP M ON M

[REMARKS]
