000
CXUS52 KMFL 191000
CF6FXE
PRELIMINARY LOCAL CLIMATOLOGICAL DATA (WS FORM: F-6)

                                          STATION:   FORT LAUDERDALE EXEC ARPT
                                          MONTH:     APRIL
                                          YEAR:      2019
                                          LATITUDE:   26 12 N
                                          LONGITUDE:  80 11 W

  TEMPERATURE IN F:       :PCPN:    SNOW:  WIND      :SUNSHINE: SKY     :PK WND
================================================================================
1   2   3   4   5  6A  6B    7    8   9   10  11  12  13   14  15   16   17  18
                                     12Z  AVG MX 2MIN
DY MAX MIN AVG DEP HDD CDD  WTR  SNW DPTH SPD SPD DIR MIN PSBL S-S WX    SPD DR
================================================================================

 1  86  66  76   3   0  11    T  0.0    0  7.1 18 140   M    M   2        22 130
 2  88  66  77   4   0  12 0.00  0.0    0  5.7 21 270   M    M   3        27 270
 3  81  72  77   4   0  12 0.00  0.0    0 11.7 21  80   M    M   7        28  80
 4  78  74  76   2   0  11 0.01  0.0    0 13.5 21  90   M    M   8        25  90
 5  84  73  79   5   0  14    T  0.0    0  8.7 17 120   M    M   4        23 110
 6  86  70  78   4   0  13 0.00  0.0    0  7.9 15 100   M    M   2        20 100
 7  85  75  80   6   0  15 0.00  0.0    0 12.8 18 100   M    M   4        26 120
 8  86  76  81   7   0  16 0.00  0.0    0 11.5 18 110   M    M   4        23 120
 9  81  71  76   2   0  11 0.11  0.0    0  8.3 16 200   M    M   5 3      22 200
10  88  70  79   5   0  14    T  0.0    0 10.0 20 270   M    M   4        26 250
11  88  66  77   3   0  12 0.00  0.0    0  7.0 17 100   M    M   0        22 110
12  87  71  79   5   0  14 0.00  0.0    0  9.0 18 130   M    M   2        28 120
13  88  77  83   9   0  18 0.00  0.0    0 12.6 20 140   M    M   3        25 110
14  89  79  84   9   0  19 0.00  0.0    0 13.0 23 150   M    M   4        29 150
15  88  71  80   5   0  15 0.09  0.0    0  7.5 17 270   M    M   4 1      24 210
16  84  67  76   1   0  11 0.00  0.0    0  8.0 21  80   M    M   1        25  80
17  83  70  77   2   0  12 0.00  0.0    0  9.7 18  90   M    M   4        26  70
18  87  74  81   6   0  16 0.00  0.0    0 12.3 22 110   M    M   4        27 110
================================================================================
SM 1537 1288         0 246  0.21     0.0 176.3          M       65
================================================================================
AV 85.4 71.6                               9.8 FASTST   M    M   4    MAX(MPH)
                                 MISC ---->  # 23 150               # 29  150
================================================================================
NOTES:
# LAST OF SEVERAL OCCURRENCES

COLUMN 17 PEAK WIND IN M.P.H.

PRELIMINARY LOCAL CLIMATOLOGICAL DATA (WS FORM: F-6) , PAGE 2

                                          STATION:  FORT LAUDERDALE EXEC ARPT
                                          MONTH:    APRIL
                                          YEAR:     2019
                                          LATITUDE:   26 12 N
                                          LONGITUDE:  80 11 W

[TEMPERATURE DATA]      [PRECIPITATION DATA]       SYMBOLS USED IN COLUMN 16

AVERAGE MONTHLY: 78.5   TOTAL FOR MONTH:   0.21    1 = FOG OR MIST
DPTR FM NORMAL:   4.4   DPTR FM NORMAL:   -1.84    2 = FOG REDUCING VISIBILITY
HIGHEST:    89 ON 14    GRTST 24HR  0.11 ON  9- 9      TO 1/4 MILE OR LESS
LOWEST:     66 ON 11, 2                            3 = THUNDER
                        SNOW, ICE PELLETS, HAIL    4 = ICE PELLETS
                        TOTAL MONTH:   0.0 INCH    5 = HAIL
                        GRTST 24HR     0.0         6 = FREEZING RAIN OR DRIZZLE
                        GRTST DEPTH:   0           7 = DUSTSTORM OR SANDSTORM:
                                                       VSBY 1/2 MILE OR LESS
                                                   8 = SMOKE OR HAZE
[NO. OF DAYS WITH]      [WEATHER - DAYS WITH]      9 = BLOWING SNOW
                                                   X = TORNADO
MAX 32 OR BELOW:   0    0.01 INCH OR MORE:   3
MAX 90 OR ABOVE:   0    0.10 INCH OR MORE:   1
MIN 32 OR BELOW:   0    0.50 INCH OR MORE:   0
MIN  0 OR BELOW:   0    1.00 INCH OR MORE:   0

[HDD (BASE 65) ]
TOTAL THIS MO.     0    CLEAR  (SCALE 0-3)   7
DPTR FM NORMAL     0    PTCLDY (SCALE 4-7)  10
TOTAL FM JUL 1    86    CLOUDY (SCALE 8-10)  1
DPTR FM NORMAL   -82

[CDD (BASE 65) ]
TOTAL THIS MO.   246
DPTR FM NORMAL    80    [PRESSURE DATA]
TOTAL FM JAN 1   937    HIGHEST SLP M ON M
DPTR FM NORMAL   298    LOWEST  SLP 29.75 ON 10

[REMARKS]
