000
CXUS52 KMFL 241000
CF6FXE
PRELIMINARY LOCAL CLIMATOLOGICAL DATA (WS FORM: F-6)

                                          STATION:   FORT LAUDERDALE EXEC ARPT
                                          MONTH:     AUGUST
                                          YEAR:      2019
                                          LATITUDE:   26 12 N
                                          LONGITUDE:  80 11 W

  TEMPERATURE IN F:       :PCPN:    SNOW:  WIND      :SUNSHINE: SKY     :PK WND
================================================================================
1   2   3   4   5  6A  6B    7    8   9   10  11  12  13   14  15   16   17  18
                                     12Z  AVG MX 2MIN
DY MAX MIN AVG DEP HDD CDD  WTR  SNW DPTH SPD SPD DIR MIN PSBL S-S WX    SPD DR
================================================================================

 1  88  75  82  -2   0  17 0.14  0.0    0  8.4 28 130   M    M   4 13     35 110
 2  90  74  82  -2   0  17 1.11  0.0    0  5.8 23 230   M    M   4 13     29 140
 3  93  75  84   0   0  19 0.44  0.0    0  5.0 24 270   M    M   4 13     30 260
 4  94  76  85   1   0  20 0.28  0.0    0  5.8 23 250   M    M   2 13     29 260
 5  90  73  82  -2   0  17 0.29  0.0    0  2.5 24 260   M    M   3 13     29 270
 6  94  75  85   1   0  20 0.02  0.0    0  3.4 17 140   M    M   2 3      21 130
 7  89  76  83  -1   0  18 0.33  0.0    0  3.4 15 260   M    M   3 13     19 100
 8  91  77  84   0   0  19 0.28  0.0    0  3.3 10 230   M    M   2 3       M  M
 9  94  77  86   2   0  21 0.21  0.0    0  3.6 17 270   M    M   1 13     22 270
10  94  78  86   2   0  21    T  0.0    0  4.5 17 290   M    M   2 3      22 290
11  95  77  86   2   0  21 1.39  0.0    0  4.9 17 110   M    M   2 13     20 120
12  93  77  85   1   0  20 0.06  0.0    0  4.1 24 280   M    M   2 13     31 280
13  92  75  84   0   0  19 2.09  0.0    0  4.3 25 270   M    M   3 138    33 270
14  91  75  83  -1   0  18 0.58  0.0    0  2.9 26 270   M    M   3 13     32 270
15  92  78  85   1   0  20 0.10  0.0    0  4.5 22 220   M    M   3 13     27 210
16  94  75  85   1   0  20 0.20  0.0    0  4.8 26 230   M    M   2 3      33 230
17  92  75  84   0   0  19 0.01  0.0    0  3.6 22 240   M    M   2 3      27 250
18  92  76  84   0   0  19 0.00  0.0    0  6.6 15  90   M    M   2        20  90
19  90  79  85   2   0  20 0.19  0.0    0  9.4 25  90   M    M   4 38     32  90
20  88  76  82  -1   0  17 0.19  0.0    0  9.3 20 110   M    M   2 13     24 110
21  90  76  83   0   0  18 0.00  0.0    0  7.4 17  80   M    M   3        24  90
22  87  77  82  -1   0  17 0.52  0.0    0  6.8 24  80   M    M   4 138    28  90
23  87  79  83   0   0  18 0.15  0.0    0  6.9 17  70   M    M   4 13     21  60
================================================================================
SM 2100 1751         0 435  8.58     0.0 121.2          M       63
================================================================================
AV 91.3 76.1                               5.3 FASTST   M    M   3    MAX(MPH)
                                 MISC ---->  # 28 130               # 35  110
================================================================================
NOTES:
# LAST OF SEVERAL OCCURRENCES

COLUMN 17 PEAK WIND IN M.P.H.

PRELIMINARY LOCAL CLIMATOLOGICAL DATA (WS FORM: F-6) , PAGE 2

                                          STATION:  FORT LAUDERDALE EXEC ARPT
                                          MONTH:    AUGUST
                                          YEAR:     2019
                                          LATITUDE:   26 12 N
                                          LONGITUDE:  80 11 W

[TEMPERATURE DATA]      [PRECIPITATION DATA]       SYMBOLS USED IN COLUMN 16

AVERAGE MONTHLY: 83.7   TOTAL FOR MONTH:   8.58    1 = FOG OR MIST
DPTR FM NORMAL:  -0.1   DPTR FM NORMAL:    3.73    2 = FOG REDUCING VISIBILITY
HIGHEST:    95 ON 11    GRTST 24HR  2.09 ON 13-13      TO 1/4 MILE OR LESS
LOWEST:     73 ON  5                               3 = THUNDER
                        SNOW, ICE PELLETS, HAIL    4 = ICE PELLETS
                        TOTAL MONTH:   0.0 INCH    5 = HAIL
                        GRTST 24HR     0.0         6 = FREEZING RAIN OR DRIZZLE
                        GRTST DEPTH:   0           7 = DUSTSTORM OR SANDSTORM:
                                                       VSBY 1/2 MILE OR LESS
                                                   8 = SMOKE OR HAZE
[NO. OF DAYS WITH]      [WEATHER - DAYS WITH]      9 = BLOWING SNOW
                                                   X = TORNADO
MAX 32 OR BELOW:   0    0.01 INCH OR MORE:  20
MAX 90 OR ABOVE:  18    0.10 INCH OR MORE:  17
MIN 32 OR BELOW:   0    0.50 INCH OR MORE:   5
MIN  0 OR BELOW:   0    1.00 INCH OR MORE:   3

[HDD (BASE 65) ]
TOTAL THIS MO.     0    CLEAR  (SCALE 0-3)  15
DPTR FM NORMAL     0    PTCLDY (SCALE 4-7)   8
TOTAL FM JUL 1     0    CLOUDY (SCALE 8-10)  0
DPTR FM NORMAL     0

[CDD (BASE 65) ]
TOTAL THIS MO.   435
DPTR FM NORMAL     4    [PRESSURE DATA]
TOTAL FM JAN 1  3236    HIGHEST SLP M ON M
DPTR FM NORMAL   545    LOWEST  SLP 29.89 ON 23

[REMARKS]
