802
CXUS54 KTSA 250840
CF6FYV
PRELIMINARY LOCAL CLIMATOLOGICAL DATA (WS FORM: F-6)

                                          STATION:   FAYETTEVILLE ARKANSAS
                                          MONTH:     AUGUST
                                          YEAR:      2019
                                          LATITUDE:   36  0 N
                                          LONGITUDE:  94 10 W

  TEMPERATURE IN F:       :PCPN:    SNOW:  WIND      :SUNSHINE: SKY     :PK WND
================================================================================
1   2   3   4   5  6A  6B    7    8   9   10  11  12  13   14  15   16   17  18
                                     12Z  AVG MX 2MIN
DY MAX MIN AVG DEP HDD CDD  WTR  SNW DPTH SPD SPD DIR MIN PSBL S-S WX    SPD DR
================================================================================

 1  85  69  77  -1   0  12 0.06  0.0    0  1.4  9 210   M    M   3 1      11 220
 2  81  69  75  -3   0  10 0.30  0.0    0  1.9 14 340   M    M   7 13     16 350
 3  79  69  74  -4   0   9 0.64  0.0    0  1.8 10 210   M    M   8 123    11 190
 4  88  67  78   0   0  13 0.00  0.0    0  1.1  9  90   M    M   4 12     11  60
 5  90  65  78   0   0  13 0.00  0.0    0  3.2  9 280   M    M   1 1      11 280
 6  92  70  81   3   0  16 0.00  0.0    0  4.1 13 260   M    M   1 1      16 260
 7  91  70  81   3   0  16    T  0.0    0  4.8 16 360   M    M   1 3      24  20
 8  81  70  76  -2   0  11 0.41  0.0    0  2.4 21 280   M    M   4 13     31 280
 9  82  72  77  -1   0  12    T  0.0    0  3.5 15 250   M    M   6 3      17 260
10  89  73  81   3   0  16 0.03  0.0    0  3.9 14 190   M    M   5 13     17 190
11  91  74  83   5   0  18 0.00  0.0    0  4.3  9 180   M    M   1 1      12 150
12  94  72  83   5   0  18 0.00  0.0    0  7.2 20 190   M    M   0 1      23 180
13  89  70  80   2   0  15 0.00  0.0    0  5.3 15 330   M    M   0 1      20 320
14  90  66  78   0   0  13 0.00  0.0    0  1.3  9  70   M    M   2 12     12  60
15  89  63  76  -2   0  11    T  0.0    0  3.2 14 240   M    M   1 13     19 230
16  90  67  79   1   0  14 0.00  0.0    0  5.1 18 190   M    M   1        24 180
17  91  68  80   3   0  15 0.00  0.0    0  6.0 15 150   M    M   1        22 170
18  86  70  78   1   0  13 0.06  0.0    0  5.8 30 170   M    M   3 13     37 170
19  95  69  82   5   0  17 0.00  0.0    0  3.9 12 180   M    M   2        14 220
20  95  72  84   7   0  19 0.00  0.0    0  5.3 14 170   M    M   0        19 180
21  93  71  82   5   0  17 0.25  0.0    0  6.0 16 350   M    M   2 38     24 350
22  89  70  80   3   0  15 0.90  0.0    0  4.8 16 180   M    M   4 13     20 310
23  78  68  73  -3   0   8 1.60  0.0    0  3.8 13 260   M    M   6 13     18 260
24  84  70  77   1   0  12 0.07  0.0    0  3.4 13 130   M    M   7 1      17 130
================================================================================
SM 2112 1664         0 333  4.32     0.0  93.5          M       70
================================================================================
AV 88.0 69.3                               3.9 FASTST   M    M   3    MAX(MPH)
                                 MISC ---->  # 30 170               # 37  170
================================================================================
NOTES:
# LAST OF SEVERAL OCCURRENCES

COLUMN 17 PEAK WIND IN M.P.H.

PRELIMINARY LOCAL CLIMATOLOGICAL DATA (WS FORM: F-6) , PAGE 2

                                          STATION:  FAYETTEVILLE ARKANSAS
                                          MONTH:    AUGUST
                                          YEAR:     2019
                                          LATITUDE:   36  0 N
                                          LONGITUDE:  94 10 W

[TEMPERATURE DATA]      [PRECIPITATION DATA]       SYMBOLS USED IN COLUMN 16

AVERAGE MONTHLY: 78.7   TOTAL FOR MONTH:   4.32    1 = FOG OR MIST
DPTR FM NORMAL:   1.1   DPTR FM NORMAL:    1.85    2 = FOG REDUCING VISIBILITY
HIGHEST:    95 ON 20,19 GRTST 24HR  1.60 ON 23-23      TO 1/4 MILE OR LESS
LOWEST:     63 ON 15                               3 = THUNDER
                        SNOW, ICE PELLETS, HAIL    4 = ICE PELLETS
                        TOTAL MONTH:   0.0 INCH    5 = HAIL
                        GRTST 24HR     0.0         6 = FREEZING RAIN OR DRIZZLE
                        GRTST DEPTH:   0           7 = DUSTSTORM OR SANDSTORM:
                                                       VSBY 1/2 MILE OR LESS
                                                   8 = SMOKE OR HAZE
[NO. OF DAYS WITH]      [WEATHER - DAYS WITH]      9 = BLOWING SNOW
                                                   X = TORNADO
MAX 32 OR BELOW:   0    0.01 INCH OR MORE:  10
MAX 90 OR ABOVE:  11    0.10 INCH OR MORE:   6
MIN 32 OR BELOW:   0    0.50 INCH OR MORE:   3
MIN  0 OR BELOW:   0    1.00 INCH OR MORE:   1

[HDD (BASE 65) ]
TOTAL THIS MO.     0    CLEAR  (SCALE 0-3)  15
DPTR FM NORMAL     0    PTCLDY (SCALE 4-7)   8
TOTAL FM JUL 1     0    CLOUDY (SCALE 8-10)  1
DPTR FM NORMAL     0

[CDD (BASE 65) ]
TOTAL THIS MO.   333
DPTR FM NORMAL    30    [PRESSURE DATA]
TOTAL FM JAN 1  1079    HIGHEST SLP M ON M
DPTR FM NORMAL    27    LOWEST  SLP 29.80 ON 17

[REMARKS]
