000
CXUS54 KOUN 250700
CF6GAG
PRELIMINARY LOCAL CLIMATOLOGICAL DATA (WS FORM: F-6)

                                          STATION:   GAGE
                                          MONTH:     APRIL
                                          YEAR:      2019
                                          LATITUDE:   36 17 N
                                          LONGITUDE:  99 46 W

  TEMPERATURE IN F:       :PCPN:    SNOW:  WIND      :SUNSHINE: SKY     :PK WND
================================================================================
1   2   3   4   5  6A  6B    7    8   9   10  11  12  13   14  15   16   17  18
                                     12Z  AVG MX 2MIN
DY MAX MIN AVG DEP HDD CDD  WTR  SNW DPTH SPD SPD DIR MIN PSBL S-S WX    SPD DR
================================================================================

 1  61  39  50  -2  15   0 0.00  0.0    0 11.8 21 170   M    M   6        25 160
 2  76  41  59   7   6   0 0.00  0.0    0 12.3 23 160   M    M   1        30 160
 3   M   M   M   M   M   M    M    M    M   M   M   M   M    M   M         M  M
 4  74  45  60   7   5   0 0.00  0.0    0  6.8 17 320   M    M   2 18     21 310
 5  78  48  63  10   2   0 0.00  0.0    0 13.7 26 170   M    M   0 128    33 180
 6  73   M   M   M   M   M    M  0.0    0   M   M   M   M    M   1 1       M  M
 7   M   M   M   M   M   M 0.00  0.0    0  1.2  4 180   M    M   1 12      M  M
 8  87  40  64  10   1   0 0.00  0.0    0  6.7 15 180   M    M   0 8      18 200
 9  88  46  67  12   0   2 0.00  0.0    0 14.7 28 170   M    M   0 8      35 190
10  94  45  70  15   0   5 0.00  0.0    0 18.3 36 220   M    M   0 8      46 210
11  54  31  43 -12  22   0 0.00  0.0    0 18.6 35 300   M    M   2        43 310
12  58  29  44 -12  21   0 0.00  0.0    0  5.9 15 170   M    M   4 8      25 200
13  52  37  45 -11  20   0 0.00  0.0    0  9.5 24  20   M    M   3        29  50
14  72  26  49  -7  16   0 0.00  0.0    0 12.7 23 170   M    M   0        29 210
15  92  47  70  14   0   5 0.00  0.0    0 17.3 29 230   M    M   0 8      36 230
16  80  52  66   9   0   1 0.00  0.0    0   M   M   M   M    M   1         M  M
17  86  53  70  13   0   5 0.47  0.0    0  9.1 36 260   M    M   3 13     42 260
18  71  46  59   1   6   0 0.08    M    0 18.0 37  20   M    M   2 1      48  20
19  71  39  55  -3  10   0 0.00  0.0    0 10.2 20 320   M    M   0        29 350
20  88  41  65   7   0   0    M    M    0 17.0 30 170   M    M   0        38 180
21  89  56  73  15   0   8    M  0.0    0 18.7 29 180   M    M   0        37 180
22  72  53  63   4   2   0 0.02  0.0    0 10.4 22 360   M    M   3        32 350
23  67  47  57  -2   8   0 0.25  0.0    0 11.0 16  10   M    M   8 1      20  20
24  73  42  58  -2   7   0 0.00  0.0    0  5.1 12 270   M    M   3        14  20
================================================================================
SM 1656  903       141  26  0.82     0.0 249.0          M       40
================================================================================
AV 75.3 43.0                              11.9 FASTST   M    M   2    MAX(MPH)
                                 MISC ---->  # 37  20               # 48   20
================================================================================
NOTES:
# LAST OF SEVERAL OCCURRENCES

COLUMN 17 PEAK WIND IN M.P.H.

PRELIMINARY LOCAL CLIMATOLOGICAL DATA (WS FORM: F-6) , PAGE 2

                                          STATION:  GAGE
                                          MONTH:    APRIL
                                          YEAR:     2019
                                          LATITUDE:   36 17 N
                                          LONGITUDE:  99 46 W

[TEMPERATURE DATA]      [PRECIPITATION DATA]       SYMBOLS USED IN COLUMN 16

AVERAGE MONTHLY: 59.1   TOTAL FOR MONTH:   0.82    1 = FOG OR MIST
DPTR FM NORMAL:   3.4   DPTR FM NORMAL:   -0.50    2 = FOG REDUCING VISIBILITY
HIGHEST:    94 ON 10    GRTST 24HR  0.47 ON 17-17      TO 1/4 MILE OR LESS
LOWEST:     26 ON 14                               3 = THUNDER
                        SNOW, ICE PELLETS, HAIL    4 = ICE PELLETS
                        TOTAL MONTH:   0.0 INCH    5 = HAIL
                        GRTST 24HR     0.0         6 = FREEZING RAIN OR DRIZZLE
                        GRTST DEPTH:   0           7 = DUSTSTORM OR SANDSTORM:
                                                       VSBY 1/2 MILE OR LESS
                                                   8 = SMOKE OR HAZE
[NO. OF DAYS WITH]      [WEATHER - DAYS WITH]      9 = BLOWING SNOW
                                                   X = TORNADO
MAX 32 OR BELOW:   0    0.01 INCH OR MORE:   4
MAX 90 OR ABOVE:   2    0.10 INCH OR MORE:   2
MIN 32 OR BELOW:   3    0.50 INCH OR MORE:   0
MIN  0 OR BELOW:   0    1.00 INCH OR MORE:   0

[HDD (BASE 65) ]
TOTAL THIS MO.   141    CLEAR  (SCALE 0-3)  19
DPTR FM NORMAL  -101    PTCLDY (SCALE 4-7)   3
TOTAL FM JUL 1  4215    CLOUDY (SCALE 8-10)  1
DPTR FM NORMAL   -52

[CDD (BASE 65) ]
TOTAL THIS MO.    26
DPTR FM NORMAL     5    [PRESSURE DATA]
TOTAL FM JAN 1    31    HIGHEST SLP M ON M
DPTR FM NORMAL     5    LOWEST  SLP 29.23 ON 10

[REMARKS]
