000
CXUS54 KOUN 180700
CF6GAG
PRELIMINARY LOCAL CLIMATOLOGICAL DATA (WS FORM: F-6)

                                          STATION:   GAGE
                                          MONTH:     AUGUST
                                          YEAR:      2019
                                          LATITUDE:   36 17 N
                                          LONGITUDE:  99 46 W

  TEMPERATURE IN F:       :PCPN:    SNOW:  WIND      :SUNSHINE: SKY     :PK WND
================================================================================
1   2   3   4   5  6A  6B    7    8   9   10  11  12  13   14  15   16   17  18
                                     12Z  AVG MX 2MIN
DY MAX MIN AVG DEP HDD CDD  WTR  SNW DPTH SPD SPD DIR MIN PSBL S-S WX    SPD DR
================================================================================

 1 106  75  91  11   0  26 0.00  0.0    0 15.9 25 170   M    M   0        32 180
 2 102  73  88   8   0  23 0.00  0.0    0 10.4 22 180   M    M   0        28 180
 3  93  71  82   2   0  17 0.00  0.0    0  9.0 17  40   M    M   3 18     23  40
 4  96  63  80   0   0  15 0.00  0.0    0  3.5 12  60   M    M   1 18     17  40
 5  98  69  84   4   0  19 0.00  0.0    0  6.9 17 170   M    M   0        21 160
 6 101  78  90  10   0  25    T  0.0    0 10.0 18 140   M    M   4 3      23 180
 7 106  76  91  11   0  26    T  0.0    0 13.8 37 200   M    M   1 38     49 200
 8  87  73  80   0   0  15 0.14  0.0    0 10.4 18  70   M    M   3 13     24  80
 9  93  72  83   3   0  18 0.07  0.0    0  7.5 17 110   M    M   5 13     23 110
10 104  73  89   9   0  24 0.00  0.0    0  8.7 21 180   M    M   0 18     25 190
11 107  73  90  10   0  25 0.00  0.0    0 12.9 24 180   M    M   0        31 180
12 105  67  86   6   0  21 1.39  0.0    0  6.1 37 240   M    M   2 13     54 230
13  93  68  81   1   0  16    T  0.0    0  7.6 38  10   M    M   2 1      50 360
14  93  64  79  -1   0  14 0.00  0.0    0  6.0 18  50   M    M   0        25  50
15 101  67  84   4   0  19 0.00  0.0    0 13.0 23 200   M    M   0        29 210
16 104  72  88   8   0  23 0.00  0.0    0 13.8 32  70   M    M   0        42  70
17 102  69  86   7   0  21 0.12  0.0    0 14.9 29 190   M    M   0 3      36 180
================================================================================
SM 1691 1203         0 347  1.72     0.0 170.4          M       21
================================================================================
AV 99.5 70.8                              10.0 FASTST   M    M   1    MAX(MPH)
                                 MISC ---->  # 38  10               # 54  230
================================================================================
NOTES:
# LAST OF SEVERAL OCCURRENCES

COLUMN 17 PEAK WIND IN M.P.H.

PRELIMINARY LOCAL CLIMATOLOGICAL DATA (WS FORM: F-6) , PAGE 2

                                          STATION:  GAGE
                                          MONTH:    AUGUST
                                          YEAR:     2019
                                          LATITUDE:   36 17 N
                                          LONGITUDE:  99 46 W

[TEMPERATURE DATA]      [PRECIPITATION DATA]       SYMBOLS USED IN COLUMN 16

AVERAGE MONTHLY: 85.1   TOTAL FOR MONTH:   1.72    1 = FOG OR MIST
DPTR FM NORMAL:   5.2   DPTR FM NORMAL:    0.36    2 = FOG REDUCING VISIBILITY
HIGHEST:   107 ON 11    GRTST 24HR  1.39 ON 12-12      TO 1/4 MILE OR LESS
LOWEST:     63 ON  4                               3 = THUNDER
                        SNOW, ICE PELLETS, HAIL    4 = ICE PELLETS
                        TOTAL MONTH:   0.0 INCH    5 = HAIL
                        GRTST 24HR     0.0         6 = FREEZING RAIN OR DRIZZLE
                        GRTST DEPTH:   0           7 = DUSTSTORM OR SANDSTORM:
                                                       VSBY 1/2 MILE OR LESS
                                                   8 = SMOKE OR HAZE
[NO. OF DAYS WITH]      [WEATHER - DAYS WITH]      9 = BLOWING SNOW
                                                   X = TORNADO
MAX 32 OR BELOW:   0    0.01 INCH OR MORE:   4
MAX 90 OR ABOVE:  16    0.10 INCH OR MORE:   3
MIN 32 OR BELOW:   0    0.50 INCH OR MORE:   1
MIN  0 OR BELOW:   0    1.00 INCH OR MORE:   1

[HDD (BASE 65) ]
TOTAL THIS MO.     0    CLEAR  (SCALE 0-3)  14
DPTR FM NORMAL     0    PTCLDY (SCALE 4-7)   3
TOTAL FM JUL 1     0    CLOUDY (SCALE 8-10)  0
DPTR FM NORMAL     0

[CDD (BASE 65) ]
TOTAL THIS MO.   347
DPTR FM NORMAL    92    [PRESSURE DATA]
TOTAL FM JAN 1  1274    HIGHEST SLP M ON M
DPTR FM NORMAL    79    LOWEST  SLP 29.67 ON 17

[REMARKS]
