000
CXUS53 KUNR 250945
CF6GCC
PRELIMINARY LOCAL CLIMATOLOGICAL DATA (WS FORM: F-6)

                                          STATION:   GILLETTE AIRPORT WY
                                          MONTH:     APRIL
                                          YEAR:      2019
                                          LATITUDE:   44 20 N
                                          LONGITUDE: 105 32 W

  TEMPERATURE IN F:       :PCPN:    SNOW:  WIND      :SUNSHINE: SKY     :PK WND
================================================================================
1   2   3   4   5  6A  6B    7    8   9   10  11  12  13   14  15   16   17  18
                                     12Z  AVG MX 2MIN
DY MAX MIN AVG DEP HDD CDD  WTR  SNW DPTH SPD SPD DIR MIN PSBL S-S WX    SPD DR
================================================================================

 1  49  23  36  -2  29   0 0.00    M    M  9.7 23  10   M    M   7 1      34 330
 2  49  28  39   0  26   0 0.00    M    M  6.0 14 350   M    M   7 12     20  10
 3  44  35  40   1  25   0 0.03    M    M 15.3 23 150   M    M  10 1      28 160
 4  63  37  50  11  15   0 0.00    M    M  9.0 25 170   M    M   6 1      32 180
 5  67  32  50  10  15   0 0.00    M    M  3.3 24 200   M    M   1        31 190
 6  68  37  53  13  12   0    T    M    M  9.1 31 300   M    M   2 3      41 320
 7  71  32  52  12  13   0 0.00    M    M 11.1 25 270   M    M   1        37 230
 8  55  33  44   4  21   0    T    M    M  7.0 16 360   M    M   6        25 340
 9  60  36  48   8  17   0 1.15    M    M 10.0 24 160   M    M   8 1      38 150
10  38  20  29 -12  36   0 0.61    M    M 11.8 23  10   M    M  10 1      29  20
11  26  19  23 -18  42   0    T    M    M 12.7 21 360   M    M   9 18     24 360
12  36  17  27 -14  38   0 0.00    M    M 11.5 21 330   M    M   5        24 330
13  49  23  36  -6  29   0 0.00    M    M 12.9 21 170   M    M   0        26 170
14   M  33   M   M   M   M    T    M    M  7.7 17  20   M    M   4        23  20
15  50   M   M   M   M   M 0.00    M    M  5.6 14 350   M    M   7         M  M
16  60  34  47   4  18   0 0.05    M    M 10.4 25 160   M    M   8        31 160
17  55  34  45   2  20   0 0.01    M    M 16.8 32 310   M    M   5 1      40 310
18  58  35  47   4  18   0    T    M    M 16.1 31 340   M    M   3        44 320
19  74  38  56  12   9   0 0.00    M    M 13.4 24 300   M    M   2        34 300
20  71  50  61  17   4   0 0.00    M    M 10.5 21 240   M    M   1 3      28 240
21  53  40  47   3  18   0 0.16    M    M 13.2 23 340   M    M  10 13     28 360
22  55  37  46   1  19   0 0.00    M    M  6.9 17 160   M    M   7        21 170
23  69  38  54   9  11   0 0.00    M    M  7.7 21 320   M    M   3        31 320
24  63  39  51   6  14   0 0.01    M    M 10.2 25 360   M    M   8        33 350
================================================================================
SM 1283  750       449   0  2.02    M    247.9          M      130
================================================================================
AV 55.8 32.6                              10.3 FASTST   M    M   5    MAX(MPH)
                                 MISC ---->  # 32 310               # 44  320
================================================================================
NOTES:
# LAST OF SEVERAL OCCURRENCES

COLUMN 17 PEAK WIND IN M.P.H.

PRELIMINARY LOCAL CLIMATOLOGICAL DATA (WS FORM: F-6) , PAGE 2

                                          STATION:  GILLETTE AIRPORT WY
                                          MONTH:    APRIL
                                          YEAR:     2019
                                          LATITUDE:   44 20 N
                                          LONGITUDE: 105 32 W

[TEMPERATURE DATA]      [PRECIPITATION DATA]       SYMBOLS USED IN COLUMN 16

AVERAGE MONTHLY: 44.2   TOTAL FOR MONTH:   2.02    1 = FOG OR MIST
DPTR FM NORMAL:   2.5   DPTR FM NORMAL:    0.99    2 = FOG REDUCING VISIBILITY
HIGHEST:    74 ON 19    GRTST 24HR  1.15 ON  9- 9      TO 1/4 MILE OR LESS
LOWEST:     17 ON 12                               3 = THUNDER
                        SNOW, ICE PELLETS, HAIL    4 = ICE PELLETS
                        TOTAL MONTH:    M          5 = HAIL
                        GRTST 24HR    M  ON   M    6 = FREEZING RAIN OR DRIZZLE
                        GRTST DEPTH:  M  ON   M    7 = DUSTSTORM OR SANDSTORM:
                                                       VSBY 1/2 MILE OR LESS
                                                   8 = SMOKE OR HAZE
[NO. OF DAYS WITH]      [WEATHER - DAYS WITH]      9 = BLOWING SNOW
                                                   X = TORNADO
MAX 32 OR BELOW:   1    0.01 INCH OR MORE:   7
MAX 90 OR ABOVE:   0    0.10 INCH OR MORE:   3
MIN 32 OR BELOW:   8    0.50 INCH OR MORE:   2
MIN  0 OR BELOW:   0    1.00 INCH OR MORE:   1

[HDD (BASE 65) ]
TOTAL THIS MO.   449    CLEAR  (SCALE 0-3)   7
DPTR FM NORMAL  -110    PTCLDY (SCALE 4-7)  12
TOTAL FM JUL 1  7288    CLOUDY (SCALE 8-10)  5
DPTR FM NORMAL   382

[CDD (BASE 65) ]
TOTAL THIS MO.     0
DPTR FM NORMAL     0    [PRESSURE DATA]
TOTAL FM JAN 1     0    HIGHEST SLP M ON M
DPTR FM NORMAL     0    LOWEST  SLP 29.35 ON 20

[REMARKS]
