000
CXUS53 KDDC 201200
CF6GCK
PRELIMINARY LOCAL CLIMATOLOGICAL DATA (WS FORM: F-6)

                                          STATION:   GARDEN CITY REGIONAL ARPT KS
                                          MONTH:     FEBRUARY
                                          YEAR:      2019
                                          LATITUDE:   37 55 N
                                          LONGITUDE: 100 43 W

  TEMPERATURE IN F:       :PCPN:    SNOW:  WIND      :SUNSHINE: SKY     :PK WND
================================================================================
1   2   3   4   5  6A  6B    7    8   9   10  11  12  13   14  15   16   17  18
                                     12Z  AVG MX 2MIN
DY MAX MIN AVG DEP HDD CDD  WTR  SNW DPTH SPD SPD DIR MIN PSBL S-S WX    SPD DR
================================================================================

 1  58  21  40   8  25   0 0.00    M    M  8.4 18 180   M    M   0 12     25 150
 2  66  35  51  19  14   0 0.00    M    M 10.7 21 190   M    M   4 12     27 200
 3  70  24  47  15  18   0 0.00    M    M 10.0 24 330   M    M   0 12     32 330
 4  44  22  33   1  32   0 0.00    M    M 12.6 22 330   M    M   4 12     30 330
 5  22  19  21 -11  44   0 0.00    M    M  9.8 16  70   M    M   9 12     21  80
 6  23  12  18 -15  47   0    T    M    M 14.3 25  30   M    M  10 12     34  30
 7  15   2   9 -24  56   0    T    M    M 16.7 30 350   M    M   4 18     37 350
 8  37   0  19 -14  46   0 0.00    M    M 15.5 32 180   M    M   0        42 180
 9  49  16  33   0  32   0 0.00    M    M 22.6 38 190   M    M   1        53 180
10  39  19  29  -5  36   0 0.00    M    M 13.0 24 350   M    M   0        32 190
11  47  20  34   0  31   0 0.00    M    M 11.1 28  10   M    M   6 12     34 360
12  55  13  34   0  31   0 0.00    M    M  9.9 17 250   M    M   0        22 240
13  59  19  39   5  26   0 0.00    M    M 10.4 23 180   M    M   0 8      30 180
14  65  26  46  12  19   0 0.00    M    M 15.1 31  30   M    M   1        40  40
15  26  13  20 -15  45   0    T    M    0 10.8 22  70   M    M   9 1      27  70
16  23  15  19 -16  46   0    T    M    M 11.2 21 150   M    M  10 12     26 150
17  33  11  22 -13  43   0 0.00    M    M 13.0 21  10   M    M   0        27 350
18  18   9  14 -22  51   0 0.01    M    M 10.8 21  30   M    M   9 18     26  20
19  22  12  17 -19  48   0 0.01    M    M 10.5 16 110   M    M   9 1      20  70
================================================================================
SM  771  308       690   0  0.02    M    236.4          M       76
================================================================================
AV 40.6 16.2                              12.4 FASTST   M    M   4    MAX(MPH)
                                 MISC ---->  # 38 190               # 53  180
================================================================================
NOTES:
# LAST OF SEVERAL OCCURRENCES

COLUMN 17 PEAK WIND IN M.P.H.

PRELIMINARY LOCAL CLIMATOLOGICAL DATA (WS FORM: F-6) , PAGE 2

                                          STATION:  GARDEN CITY REGIONAL ARPT KS
                                          MONTH:    FEBRUARY
                                          YEAR:     2019
                                          LATITUDE:   37 55 N
                                          LONGITUDE: 100 43 W

[TEMPERATURE DATA]      [PRECIPITATION DATA]       SYMBOLS USED IN COLUMN 16

AVERAGE MONTHLY: 28.4   TOTAL FOR MONTH:   0.02    1 = FOG OR MIST
DPTR FM NORMAL:  -5.2   DPTR FM NORMAL:   -0.32    2 = FOG REDUCING VISIBILITY
HIGHEST:    70 ON  3    GRTST 24HR  0.01 ON 19-19      TO 1/4 MILE OR LESS
LOWEST:      0 ON  8                               3 = THUNDER
                        SNOW, ICE PELLETS, HAIL    4 = ICE PELLETS
                        TOTAL MONTH:    M          5 = HAIL
                        GRTST 24HR    M  ON   M    6 = FREEZING RAIN OR DRIZZLE
                        GRTST DEPTH:   0           7 = DUSTSTORM OR SANDSTORM:
                                                       VSBY 1/2 MILE OR LESS
                                                   8 = SMOKE OR HAZE
[NO. OF DAYS WITH]      [WEATHER - DAYS WITH]      9 = BLOWING SNOW
                                                   X = TORNADO
MAX 32 OR BELOW:   7    0.01 INCH OR MORE:   2
MAX 90 OR ABOVE:   0    0.10 INCH OR MORE:   0
MIN 32 OR BELOW:  18    0.50 INCH OR MORE:   0
MIN  0 OR BELOW:   1    1.00 INCH OR MORE:   0

[HDD (BASE 65) ]
TOTAL THIS MO.   690    CLEAR  (SCALE 0-3)   9
DPTR FM NORMAL    93    PTCLDY (SCALE 4-7)   4
TOTAL FM JUL 1  4074    CLOUDY (SCALE 8-10)  6
DPTR FM NORMAL   297

[CDD (BASE 65) ]
TOTAL THIS MO.     0
DPTR FM NORMAL     0    [PRESSURE DATA]
TOTAL FM JAN 1     0    HIGHEST SLP M ON M
DPTR FM NORMAL     0    LOWEST  SLP 29.40 ON 14

[REMARKS]
