446
CXUS53 KDDC 241200
CF6GCK
PRELIMINARY LOCAL CLIMATOLOGICAL DATA (WS FORM: F-6)

                                          STATION:   GARDEN CITY REGIONAL ARPT KS
                                          MONTH:     AUGUST
                                          YEAR:      2019
                                          LATITUDE:   37 55 N
                                          LONGITUDE: 100 43 W

  TEMPERATURE IN F:       :PCPN:    SNOW:  WIND      :SUNSHINE: SKY     :PK WND
================================================================================
1   2   3   4   5  6A  6B    7    8   9   10  11  12  13   14  15   16   17  18
                                     12Z  AVG MX 2MIN
DY MAX MIN AVG DEP HDD CDD  WTR  SNW DPTH SPD SPD DIR MIN PSBL S-S WX    SPD DR
================================================================================

 1 101  71  86   8   0  21 0.00  0.0    0  9.1 22 300   M    M   0        40 280
 2  93  70  82   4   0  17 0.00  0.0    0 10.1 21 360   M    M   2 1      25  60
 3  90  68  79   1   0  14 0.00  0.0    0  6.7 15  60   M    M   3 12     23  40
 4  92  64  78   0   0  13 0.00  0.0    0  7.3 15 140   M    M   0 1      21 180
 5  94  65  80   2   0  15 0.01  0.0    0  9.9 20 190   M    M   1        28 180
 6  95  63  79   1   0  14 0.00  0.0    0  5.0 14 130   M    M   0 1      20 180
 7 100  65  83   5   0  18 0.01    M    M  8.6 21  10   M    M   0 3      26 350
 8  84  66  75  -3   0  10 0.46    M    M  8.8 25  10   M    M   4 13     31  10
 9  86  68  77  -1   0  12 0.06    M    M  9.2 16 140   M    M   4 1      23 190
10  93  70  82   4   0  17 0.12  0.0    0 10.5 20 130   M    M   1 138    28 190
11  97  69  83   5   0  18 0.01  0.0    0 11.3 26 270   M    M   2 13     34 260
12  92  67  80   3   0  15 0.00  0.0    0  7.8 18 310   M    M   1 8      26 310
13  91  62  77   0   0  12 0.36  0.0    0  9.8 45  20   M    M   1 13     58 360
14  86  61  74  -3   0   9    T  0.0    0  9.3 24 360   M    M   0 3      30 360
15  96  64  80   3   0  15 0.00  0.0    0 11.7 28 230   M    M   0        37 170
16  97  66  82   5   0  17 0.02  0.0    0 11.8 32 140   M    M   0 3      48  40
17  95  68  82   5   0  17 0.00  0.0    0 11.5 23 150   M    M   0        34 180
18  93  67  80   3   0  15 0.00  0.0    0 11.2 24 130   M    M   0        33 130
19 101  64  83   6   0  18 0.00  0.0    0  9.6 28 180   M    M   0 18     42 180
20 103  68  86  10   0  21 0.00  0.0    0 14.4 26 200   M    M   0        34 190
21  92  67  80   4   0  15 0.00  0.0    0 14.0 26  30   M    M   1        36 130
22  84  65  75  -1   0  10 0.00  0.0    0 11.7 23 150   M    M   3        31 150
23  88  65  77   1   0  12    T  0.0    0 18.7 39 140   M    M   6 13     52 130
================================================================================
SM 2143 1523         0 345  1.05     0.0 238.0          M       29
================================================================================
AV 93.2 66.2                              10.3 FASTST   M    M   1    MAX(MPH)
                                 MISC ---->  # 45  20               # 58  360
================================================================================
NOTES:
# LAST OF SEVERAL OCCURRENCES

COLUMN 17 PEAK WIND IN M.P.H.

PRELIMINARY LOCAL CLIMATOLOGICAL DATA (WS FORM: F-6) , PAGE 2

                                          STATION:  GARDEN CITY REGIONAL ARPT KS
                                          MONTH:    AUGUST
                                          YEAR:     2019
                                          LATITUDE:   37 55 N
                                          LONGITUDE: 100 43 W

[TEMPERATURE DATA]      [PRECIPITATION DATA]       SYMBOLS USED IN COLUMN 16

AVERAGE MONTHLY: 79.7   TOTAL FOR MONTH:   1.05    1 = FOG OR MIST
DPTR FM NORMAL:   2.4   DPTR FM NORMAL:   -0.90    2 = FOG REDUCING VISIBILITY
HIGHEST:   103 ON 20    GRTST 24HR  0.46 ON  8- 8      TO 1/4 MILE OR LESS
LOWEST:     61 ON 14                               3 = THUNDER
                        SNOW, ICE PELLETS, HAIL    4 = ICE PELLETS
                        TOTAL MONTH:   0.0 INCH    5 = HAIL
                        GRTST 24HR     0.0         6 = FREEZING RAIN OR DRIZZLE
                        GRTST DEPTH:   0           7 = DUSTSTORM OR SANDSTORM:
                                                       VSBY 1/2 MILE OR LESS
                                                   8 = SMOKE OR HAZE
[NO. OF DAYS WITH]      [WEATHER - DAYS WITH]      9 = BLOWING SNOW
                                                   X = TORNADO
MAX 32 OR BELOW:   0    0.01 INCH OR MORE:   8
MAX 90 OR ABOVE:  18    0.10 INCH OR MORE:   3
MIN 32 OR BELOW:   0    0.50 INCH OR MORE:   0
MIN  0 OR BELOW:   0    1.00 INCH OR MORE:   0

[HDD (BASE 65) ]
TOTAL THIS MO.     0    CLEAR  (SCALE 0-3)  19
DPTR FM NORMAL     0    PTCLDY (SCALE 4-7)   4
TOTAL FM JUL 1     0    CLOUDY (SCALE 8-10)  0
DPTR FM NORMAL    -1

[CDD (BASE 65) ]
TOTAL THIS MO.   345
DPTR FM NORMAL    61    [PRESSURE DATA]
TOTAL FM JAN 1   999    HIGHEST SLP M ON M
DPTR FM NORMAL   -36    LOWEST  SLP 29.59 ON 17

[REMARKS]
