307
CXUS56 KFGZ 190900
CF6GCN
PRELIMINARY LOCAL CLIMATOLOGICAL DATA (WS FORM: F-6)

                                          STATION:   GRAND CANYON AZ AIRPORT
                                          MONTH:     AUGUST
                                          YEAR:      2019
                                          LATITUDE:   35 57 N
                                          LONGITUDE: 112  9 W

  TEMPERATURE IN F:       :PCPN:    SNOW:  WIND      :SUNSHINE: SKY     :PK WND
================================================================================
1   2   3   4   5  6A  6B    7    8   9   10  11  12  13   14  15   16   17  18
                                     12Z  AVG MX 2MIN
DY MAX MIN AVG DEP HDD CDD  WTR  SNW DPTH SPD SPD DIR MIN PSBL S-S WX    SPD DR
================================================================================

 1  84  51  68   2   0   3 0.00    M    M  2.3 12  20   M    M   2 1      16 330
 2  86  53  70   4   0   5 0.01    M    M  4.2 15 260   M    M   2 3      24 270
 3  88  54  71   5   0   6    T    M    M  3.7 16 270   M    M   2 3      25 270
 4  87  59  73   7   0   8 0.06    M    M  3.5 17 160   M    M   6 13     27 160
 5  87  54  71   5   0   6    T    M    M  4.2 25 230   M    M   2 3      34 220
 6  83  57  70   4   0   5    T    M    M  3.7 21 180   M    M   4        30 170
 7  82  56  69   3   0   4 0.05    M    M  3.3 24 200   M    M   7 1      32 200
 8  86  47  67   1   0   2 0.00    M    M  5.7 22 230   M    M   1 3      28 240
 9  84  49  67   1   0   2 0.02    M    M  5.6 20 210   M    M   4 3      26 160
10  84  50  67   1   0   2 0.00    M    M  6.2 21 210   M    M   1        26 230
11  84  49  67   2   0   2 0.00    M    M  6.0 22 210   M    M   1        30 220
12  85  44  65   0   0   0 0.00    M    M  5.1 20 220   M    M   0        26 220
13  87  43  65   0   0   0 0.00    M    M  3.5 17 220   M    M   0        22 250
14  92  44  68   3   0   3 0.00    M    M  2.7 16 240   M    M   0        20 250
15  93  45  69   4   0   4 0.00    M    M  4.2 21 230   M    M   0        27 240
16  89  42  66   1   0   1 0.00    M    M  7.8 24 210   M    M   0        36 230
17  87  40  64  -1   1   0 0.00    M    M  6.8 23 210   M    M   0        36 220
18  88  38  63  -1   2   0 0.00    M    M  5.2 22 210   M    M   0        31 210
================================================================================
SM 1556  875         3  53  0.14    M     83.7          M       32
================================================================================
AV 86.4 48.6                               4.6 FASTST   M    M   2    MAX(MPH)
                                 MISC ---->  # 25 230               # 36  230
================================================================================
NOTES:
# LAST OF SEVERAL OCCURRENCES

COLUMN 17 PEAK WIND IN M.P.H.

PRELIMINARY LOCAL CLIMATOLOGICAL DATA (WS FORM: F-6) , PAGE 2

                                          STATION:  GRAND CANYON AZ AIRPORT
                                          MONTH:    AUGUST
                                          YEAR:     2019
                                          LATITUDE:   35 57 N
                                          LONGITUDE: 112  9 W

[TEMPERATURE DATA]      [PRECIPITATION DATA]       SYMBOLS USED IN COLUMN 16

AVERAGE MONTHLY: 67.5   TOTAL FOR MONTH:   0.14    1 = FOG OR MIST
DPTR FM NORMAL:   2.0   DPTR FM NORMAL:   -1.34    2 = FOG REDUCING VISIBILITY
HIGHEST:    93 ON 15    GRTST 24HR  0.25 ON 31- 1      TO 1/4 MILE OR LESS
LOWEST:     38 ON 18                               3 = THUNDER
                        SNOW, ICE PELLETS, HAIL    4 = ICE PELLETS
                        TOTAL MONTH:    M          5 = HAIL
                        GRTST 24HR    M  ON   M    6 = FREEZING RAIN OR DRIZZLE
                        GRTST DEPTH:  M  ON   M    7 = DUSTSTORM OR SANDSTORM:
                                                       VSBY 1/2 MILE OR LESS
                                                   8 = SMOKE OR HAZE
[NO. OF DAYS WITH]      [WEATHER - DAYS WITH]      9 = BLOWING SNOW
                                                   X = TORNADO
MAX 32 OR BELOW:   0    0.01 INCH OR MORE:   4
MAX 90 OR ABOVE:   2    0.10 INCH OR MORE:   0
MIN 32 OR BELOW:   0    0.50 INCH OR MORE:   0
MIN  0 OR BELOW:   0    1.00 INCH OR MORE:   0

[HDD (BASE 65) ]
TOTAL THIS MO.     3    CLEAR  (SCALE 0-3)  14
DPTR FM NORMAL   -16    PTCLDY (SCALE 4-7)   4
TOTAL FM JUL 1    32    CLOUDY (SCALE 8-10)  0
DPTR FM NORMAL   -23

[CDD (BASE 65) ]
TOTAL THIS MO.    53
DPTR FM NORMAL    24    [PRESSURE DATA]
TOTAL FM JAN 1   134    HIGHEST SLP M ON M
DPTR FM NORMAL    51    LOWEST  SLP 29.84 ON 17

[REMARKS]
