000
CXUS54 KFWD 180730
CF6GDJ
PRELIMINARY LOCAL CLIMATOLOGICAL DATA (WS FORM: F-6)

                                          STATION:   GRANBURY
                                          MONTH:     APRIL
                                          YEAR:      2019
                                          LATITUDE:   32 26 N
                                          LONGITUDE:  97 48 W

  TEMPERATURE IN F:       :PCPN:    SNOW:  WIND      :SUNSHINE: SKY     :PK WND
================================================================================
1   2   3   4   5  6A  6B    7    8   9   10  11  12  13   14  15   16   17  18
                                     12Z  AVG MX 2MIN
DY MAX MIN AVG DEP HDD CDD  WTR  SNW DPTH SPD SPD DIR MIN PSBL S-S WX    SPD DR
================================================================================

 1  64  36  50 -10  15   0 0.00  0.0    0  3.1  7 140   M    M   4         M  M
 2  74  41  58  -2   7   0 0.00  0.0    0 10.0 16 140   M    M   0        25 160
 3  69  51  60   0   5   0 0.00  0.0    0 11.5 17 150   M    M   7        27 150
 4  86  64  75  14   0  10 0.00  0.0    0  8.8 17 220   M    M   5 1      25 140
 5  82  49  66   5   0   1 0.00  0.0    0  6.0 15 110   M    M   3        21 100
 6  69  58  64   3   1   0 1.49  0.0    0  6.7 13  90   M    M   9 13     16 130
 7  73  61  67   5   0   2 0.00  0.0    0  4.4  9 110   M    M   7 13      M  M
 8  83  56  70   8   0   5 0.00  0.0    0  6.6 12 310   M    M   0        18 340
 9  90  51  71   9   0   6 0.00  0.0    0  6.0 15 140   M    M   0        24 140
10  96  64  80  18   0  15 0.00  0.0    0 14.2 23 170   M    M   0        33 160
11  76  46  61  -2   4   0 0.00  0.0    0  9.9 18 310   M    M   2        22 310
12  71  38  55  -8  10   0 0.00  0.0    0  6.7 15  70   M    M   3        22  70
13  64  41  53 -10  12   0 1.03  0.0    0 13.2 28 290   M    M  10 3      45 270
14  70  43  57  -7   8   0 0.00  0.0    0  9.6 21 300   M    M   2        32 300
15  83  52  68   4   0   3 0.00  0.0    0 11.5 20 170   M    M   0        27 150
16  77  63  70   6   0   5 0.00  0.0    0 13.0 22 160   M    M   4        29 150
17  87  63  75  10   0  10 1.53  0.0    0 11.9 18 200   M    M   8 13     25 170
================================================================================
SM 1314  877        62  57  4.05     0.0 153.1          M       64
================================================================================
AV 77.3 51.6                               9.0 FASTST   M    M   4    MAX(MPH)
                                 MISC ---->  # 28 290               # 45  270
================================================================================
NOTES:
# LAST OF SEVERAL OCCURRENCES

COLUMN 17 PEAK WIND IN M.P.H.

PRELIMINARY LOCAL CLIMATOLOGICAL DATA (WS FORM: F-6) , PAGE 2

                                          STATION:  GRANBURY
                                          MONTH:    APRIL
                                          YEAR:     2019
                                          LATITUDE:   32 26 N
                                          LONGITUDE:  97 48 W

[TEMPERATURE DATA]      [PRECIPITATION DATA]       SYMBOLS USED IN COLUMN 16

AVERAGE MONTHLY: 64.4   TOTAL FOR MONTH:   4.05    1 = FOG OR MIST
DPTR FM NORMAL:   2.3   DPTR FM NORMAL:       M    2 = FOG REDUCING VISIBILITY
HIGHEST:    96 ON 10    GRTST 24HR  1.53 ON 17-17      TO 1/4 MILE OR LESS
LOWEST:     36 ON  1                               3 = THUNDER
                        SNOW, ICE PELLETS, HAIL    4 = ICE PELLETS
                        TOTAL MONTH:   0.0 INCH    5 = HAIL
                        GRTST 24HR     0.0         6 = FREEZING RAIN OR DRIZZLE
                        GRTST DEPTH:   0           7 = DUSTSTORM OR SANDSTORM:
                                                       VSBY 1/2 MILE OR LESS
                                                   8 = SMOKE OR HAZE
[NO. OF DAYS WITH]      [WEATHER - DAYS WITH]      9 = BLOWING SNOW
                                                   X = TORNADO
MAX 32 OR BELOW:   0    0.01 INCH OR MORE:   3
MAX 90 OR ABOVE:   2    0.10 INCH OR MORE:   3
MIN 32 OR BELOW:   0    0.50 INCH OR MORE:   3
MIN  0 OR BELOW:   0    1.00 INCH OR MORE:   3

[HDD (BASE 65) ]
TOTAL THIS MO.    62    CLEAR  (SCALE 0-3)   9
DPTR FM NORMAL   -16    PTCLDY (SCALE 4-7)   6
TOTAL FM JUL 1  2264    CLOUDY (SCALE 8-10)  2
DPTR FM NORMAL  -364

[CDD (BASE 65) ]
TOTAL THIS MO.    57
DPTR FM NORMAL    25    [PRESSURE DATA]
TOTAL FM JAN 1   108    HIGHEST SLP M ON M
DPTR FM NORMAL    55    LOWEST  SLP M ON M

[REMARKS]
