000
CXUS54 KMAF 251100
CF6GDP
PRELIMINARY LOCAL CLIMATOLOGICAL DATA (WS FORM: F-6)

                                          STATION:   Guadalupe Pass
                                          MONTH:     APRIL
                                          YEAR:      2019
                                          LATITUDE:   31 49 N
                                          LONGITUDE: 104 48 W

  TEMPERATURE IN F:       :PCPN:    SNOW:  WIND      :SUNSHINE: SKY     :PK WND
================================================================================
1   2   3   4   5  6A  6B    7    8   9   10  11  12  13   14  15   16   17  18
                                     12Z  AVG MX 2MIN
DY MAX MIN AVG DEP HDD CDD  WTR  SNW DPTH SPD SPD DIR MIN PSBL S-S WX    SPD DR
================================================================================

 1  63  31  47  -9  18   0 0.00  0.0    0 19.8 30  60   M    M   0        36  60
 2  76  48  62   5   3   0 0.00  0.0    0 17.1 38 240   M    M   0        45 250
 3  73  51  62   5   3   0 0.00  0.0    0 31.7 55 240   M    M   0        64 200
 4  77  51  64   7   1   0 0.00  0.0    0 13.9 32 250   M    M   0        42 240
 5  78  58  68  10   0   3    T  0.0    0 11.7 40 250   M    M   2        51 250
 6  74  49  62   4   3   0 0.00  0.0    0 15.2 35 240   M    M   0        44 240
 7  77  51  64   6   1   0 0.00  0.0    0 11.1 22 240   M    M   0        33 260
 8  84  56  70  12   0   5 0.00  0.0    0 14.7 30  40   M    M   0        36 250
 9  87  62  75  17   0  10 0.00  0.0    0 21.0 44 250   M    M   0        49 240
10  80  46  63   4   2   0 0.00  0.0    0 40.1 66 250   M    M   5 8      78 250
11  62  42  52  -7  13   0 0.00  0.0    0 34.5 55 240   M    M   1        64 240
12  66  44  55  -4  10   0 0.00  0.0    0 11.0 33 240   M    M   2        40 250
13  53  36  45 -15  20   0 0.02    M    0 13.1 28  40   M    M   5 8      34  40
14  74  36  55  -5  10   0 0.00  0.0    0 22.1 43 250   M    M   0        50 250
15  84  56  70  10   0   5 0.00  0.0    0 11.6 29 240   M    M   0        35 230
16  78  60  69   9   0   4 0.00  0.0    0 25.4 45 240   M    M   0        53 250
17  65  48  57  -3   8   0 0.04    M    0 30.6 59 250   M    M   3        73 240
18  74  45  60  -1   5   0 0.00  0.0    0 12.6 26 250   M    M   1        34 250
19  79  46  63   2   2   0 0.00  0.0    0 21.2 45  40   M    M   0        48  40
20  87  55  71  10   0   6 0.00  0.0    0 21.1 44 250   M    M   0        54 250
21  81  61  71   9   0   6 0.00  0.0    0 29.9 49 250   M    M   0        58 250
22  75  55  65   3   0   0 0.06  0.0    0 13.8 35  60   M    M   3 1      45  70
23  66  49  58  -4   7   0    T    M    0 26.4 38  50   M    M   3 18     43  50
24  70  48  59  -3   6   0 0.06    M    0 14.2 29  50   M    M   7 128    34 240
================================================================================
SM 1783 1184       112  39  0.18     0.0 483.8          M       32
================================================================================
AV 74.3 49.3                              20.2 FASTST   M    M   1    MAX(MPH)
                                 MISC ---->  # 66 250               # 78  250
================================================================================
NOTES:
# LAST OF SEVERAL OCCURRENCES

COLUMN 17 PEAK WIND IN M.P.H.

PRELIMINARY LOCAL CLIMATOLOGICAL DATA (WS FORM: F-6) , PAGE 2

                                          STATION:  Guadalupe Pass
                                          MONTH:    APRIL
                                          YEAR:     2019
                                          LATITUDE:   31 49 N
                                          LONGITUDE: 104 48 W

[TEMPERATURE DATA]      [PRECIPITATION DATA]       SYMBOLS USED IN COLUMN 16

AVERAGE MONTHLY: 61.8   TOTAL FOR MONTH:   0.18    1 = FOG OR MIST
DPTR FM NORMAL:   2.4   DPTR FM NORMAL:   -0.30    2 = FOG REDUCING VISIBILITY
HIGHEST:    87 ON 20, 9 GRTST 24HR  0.06 ON 24-24      TO 1/4 MILE OR LESS
LOWEST:     31 ON  1                               3 = THUNDER
                        SNOW, ICE PELLETS, HAIL    4 = ICE PELLETS
                        TOTAL MONTH:   0.0 INCH    5 = HAIL
                        GRTST 24HR     0.0         6 = FREEZING RAIN OR DRIZZLE
                        GRTST DEPTH:   0           7 = DUSTSTORM OR SANDSTORM:
                                                       VSBY 1/2 MILE OR LESS
                                                   8 = SMOKE OR HAZE
[NO. OF DAYS WITH]      [WEATHER - DAYS WITH]      9 = BLOWING SNOW
                                                   X = TORNADO
MAX 32 OR BELOW:   0    0.01 INCH OR MORE:   4
MAX 90 OR ABOVE:   0    0.10 INCH OR MORE:   0
MIN 32 OR BELOW:   1    0.50 INCH OR MORE:   0
MIN  0 OR BELOW:   0    1.00 INCH OR MORE:   0

[HDD (BASE 65) ]
TOTAL THIS MO.   112    CLEAR  (SCALE 0-3)  20
DPTR FM NORMAL   -44    PTCLDY (SCALE 4-7)   4
TOTAL FM JUL 1  2125    CLOUDY (SCALE 8-10)  0
DPTR FM NORMAL -1092

[CDD (BASE 65) ]
TOTAL THIS MO.    39
DPTR FM NORMAL    17    [PRESSURE DATA]
TOTAL FM JAN 1    52    HIGHEST SLP M ON M
DPTR FM NORMAL    24    LOWEST  SLP 29.29 ON 10

[REMARKS]
