000
CXUS54 KMAF 191100
CF6GDP
PRELIMINARY LOCAL CLIMATOLOGICAL DATA (WS FORM: F-6)

                                          STATION:   Guadalupe Pass
                                          MONTH:     FEBRUARY
                                          YEAR:      2019
                                          LATITUDE:   31 49 N
                                          LONGITUDE: 104 48 W

  TEMPERATURE IN F:       :PCPN:    SNOW:  WIND      :SUNSHINE: SKY     :PK WND
================================================================================
1   2   3   4   5  6A  6B    7    8   9   10  11  12  13   14  15   16   17  18
                                     12Z  AVG MX 2MIN
DY MAX MIN AVG DEP HDD CDD  WTR  SNW DPTH SPD SPD DIR MIN PSBL S-S WX    SPD DR
================================================================================

 1  67  49  58  14   7   0    T    M    0 11.4 24 250   M    M   2        29 260
 2  63  41  52   8  13   0 0.00  0.0    0 22.6 44 250   M    M   1 8      52 250
 3  66  41  54  10  11   0 0.00  0.0    0 34.5 60 250   M    M   0        70 240
 4  69  46  58  14   7   0 0.00  0.0    0 27.6 48 250   M    M   1        56 260
 5  63  51  57  13   8   0 0.00  0.0    0 27.8 40 250   M    M   5        50 250
 6  63  38  51   7  14   0    T    M    0 31.5 60 240   M    M   8 8      73 240
 7  49  33  41  -3  24   0 0.00  0.0    0 30.8 44 260   M    M   0        60 290
 8  37  21  29 -15  36   0 0.00  0.0    0 37.6 47  50   M    M   2 8      54  50
 9  47  21  34 -11  31   0 0.00  0.0    0 16.9 32  60   M    M   0 8      36  60
10  54  40  47   2  18   0    T    M    0 13.9 30 250   M    M   6        36 260
11  55  36  46   1  19   0 0.07    M    0 27.2 56 250   M    M   7 128    69 250
12  56  34  45   0  20   0 0.00  0.0    0 12.9 26 240   M    M   0        32 250
13  65  36  51   6  14   0 0.00  0.0    0 23.2 37 250   M    M   0        50 250
14  69  48  59  14   6   0 0.00  0.0    0 29.4 52 250   M    M   0        58 260
15  70  50  60  14   5   0 0.00  0.0    0 40.0 59 250   M    M   2        73 250
16  65  42  54   8  11   0 0.00  0.0    0 34.7 58 250   M    M   0 8      69 250
17  54  35  45  -1  20   0 0.00  0.0    0 18.3 38 250   M    M   0 8      50 250
18  42  24  33 -13  32   0 0.00  0.0    M 28.5 51  50   M    M   0        54  50
================================================================================
SM 1054  686       296   0  0.07     0.0 468.8          M       34
================================================================================
AV 58.6 38.1                              26.0 FASTST   M    M   2    MAX(MPH)
                                 MISC ---->  # 60 250               # 73  240
================================================================================
NOTES:
# LAST OF SEVERAL OCCURRENCES

COLUMN 17 PEAK WIND IN M.P.H.

PRELIMINARY LOCAL CLIMATOLOGICAL DATA (WS FORM: F-6) , PAGE 2

                                          STATION:  Guadalupe Pass
                                          MONTH:    FEBRUARY
                                          YEAR:     2019
                                          LATITUDE:   31 49 N
                                          LONGITUDE: 104 48 W

[TEMPERATURE DATA]      [PRECIPITATION DATA]       SYMBOLS USED IN COLUMN 16

AVERAGE MONTHLY: 48.3   TOTAL FOR MONTH:   0.07    1 = FOG OR MIST
DPTR FM NORMAL:   3.6   DPTR FM NORMAL:   -0.14    2 = FOG REDUCING VISIBILITY
HIGHEST:    70 ON 15    GRTST 24HR  0.07 ON 11-11      TO 1/4 MILE OR LESS
LOWEST:     21 ON  9, 8                            3 = THUNDER
                        SNOW, ICE PELLETS, HAIL    4 = ICE PELLETS
                        TOTAL MONTH:   0.0 INCH    5 = HAIL
                        GRTST 24HR     0.0         6 = FREEZING RAIN OR DRIZZLE
                        GRTST DEPTH:   0           7 = DUSTSTORM OR SANDSTORM:
                                                       VSBY 1/2 MILE OR LESS
                                                   8 = SMOKE OR HAZE
[NO. OF DAYS WITH]      [WEATHER - DAYS WITH]      9 = BLOWING SNOW
                                                   X = TORNADO
MAX 32 OR BELOW:   0    0.01 INCH OR MORE:   1
MAX 90 OR ABOVE:   0    0.10 INCH OR MORE:   0
MIN 32 OR BELOW:   3    0.50 INCH OR MORE:   0
MIN  0 OR BELOW:   0    1.00 INCH OR MORE:   0

[HDD (BASE 65) ]
TOTAL THIS MO.   296    CLEAR  (SCALE 0-3)  14
DPTR FM NORMAL   -68    PTCLDY (SCALE 4-7)   4
TOTAL FM JUL 1  1573    CLOUDY (SCALE 8-10)  0
DPTR FM NORMAL  -910

[CDD (BASE 65) ]
TOTAL THIS MO.     0
DPTR FM NORMAL     0    [PRESSURE DATA]
TOTAL FM JAN 1     0    HIGHEST SLP M ON M
DPTR FM NORMAL     0    LOWEST  SLP 29.49 ON 16

[REMARKS]
