000
CXUS56 KTFX 190915
CF6GDV
18
PRELIMINARY LOCAL CLIMATOLOGICAL DATA (WS FORM: F-6)

                                          STATION:   GLENDIVE APT MT
                                          MONTH:     February
                                          YEAR:      2019
                                          LATITUDE:   47.13  N
                                          LONGITUDE: 104.80  W

  TEMPERATURE IN F:       :PCPN:    SNOW:  WIND      :SUNSHINE: SKY     :PK WND
================================================================================
1   2   3   4   5  6A  6B    7    8   9   10  11  12  13   14  15   16   17  18
                                     12Z  AVG MX 2MIN
DY MAX MIN AVG DEP HDD CDD  WTR  SNW DPTH SPD SPD DIR MIN PSBL S-S WX    SPD DR
================================================================================

01  47  12  29   8  36   0  0.00  M    M  7.5  M   M   M    M   M        M     M
02  12 -11   0 -21  65   0  0.00  M    M  9.0  M   M   M    M   M        29  360
03  -3 -13  -8 -29  73   0 T      M    M 15.4  M   M   M    M   M        28  360
04  -2 -10  -6 -27  71   0 T      M    M  8.3  M   M   M    M   M        M     M
05  -4 -19 -11 -33  76   0  0.01  M    M  7.8  M   M   M    M   M        M     M
06  -5 -26 -15 -37  80   0 T      M    M  8.5  M   M   M    M   M        M     M
07   2 -27 -12 -34  77   0 T      M    M  6.3  M   M   M    M   M        M     M
08  -1 -10  -5 -27  70   0 T      M    M  9.2  M   M   M    M   M        M     M
09   1 -11  -5 -27  70   0  0.01  M    M 10.3  M   M   M    M   M        M     M
10   6  -8  -1 -24  66   0 T      M    M  9.2  M   M   M    M   M        M     M
11   7  -7   0 -23  65   0 T      M    M  8.7  M   M   M    M   M        M     M
12   7  -8   0 -23  65   0 T      M    M  5.3  M   M   M    M   M        M     M
13   2 -16  -7 -30  72   0 T      M    M  8.8  M   M   M    M   M        M     M
14  11 -16  -2 -26  67   0 T      M    M  7.7  M   M   M    M   M        M     M
15   9  -4   2 -22  63   0 T      M    M 10.4  M   M   M    M   M        M     M
16   5  -1   2 -22  63   0 T      M    M  8.9  M   M   M    M   M        23  360
17   7 -19  -6 -31  71   0 T      M    M 16.7  M   M   M    M   M        M     M
18   7 -17  -5 -30  70   0 T      M    M  4.6  M   M   M    M   M        M     M
================================================================================
SM 108 -211         1220  0  0.02         162.6
================================================================================
AV 6.0 -11.7                              9.0                        MAX(MPH)
                                                                      29

[TEMPERATURE DATA]      [PRECIPITATION DATA]

Average Monthly:  -2.9  Total for Month:  0.02
Dptr fm Normal:    -25.4  Dptr fm Normal:  -0.13
