000
CXUS56 KTFX 200915
CF6GDV
19
PRELIMINARY LOCAL CLIMATOLOGICAL DATA (WS FORM: F-6)

                                          STATION:   GLENDIVE APT MT
                                          MONTH:     April
                                          YEAR:      2019
                                          LATITUDE:   47.13  N
                                          LONGITUDE: 104.80  W

  TEMPERATURE IN F:       :PCPN:    SNOW:  WIND      :SUNSHINE: SKY     :PK WND
================================================================================
1   2   3   4   5  6A  6B    7    8   9   10  11  12  13   14  15   16   17  18
                                     12Z  AVG MX 2MIN
DY MAX MIN AVG DEP HDD CDD  WTR  SNW DPTH SPD SPD DIR MIN PSBL S-S WX    SPD DR
================================================================================

01  47  28  37  -4  28   0 T      M    M  8.8  M   M   M    M   M        23  360
02  50  27  38  -4  27   0 T      M    M 12.2  M   M   M    M   M        24  350
03  57  24  40  -2  25   0  0.00  M    M 12.5  M   M   M    M   M        30  350
04  68  38  53  10  12   0  0.00  M    M 12.0  M   M   M    M   M        25  320
05  64  42  53  10  12   0  0.00  M    M 10.2  M   M   M    M   M        23  360
06  69  41  55  11  10   0 T      M    M  8.8  M   M   M    M   M        21  340
07  68  39  53   9  12   0  0.00  M    M 12.5  M   M   M    M   M        28  330
08  61  39  50   6  15   0  0.00  M    M 14.5  M   M   M    M   M        29  340
09  55  35  45   0  20   0  0.00  M    M  9.0  M   M   M    M   M        25  260
10  35  27  31 -14  34   0  0.00  M    M 13.0  M   M   M    M   M        22  80
11  39  26  32 -14  33   0  0.00  M    M 12.0  M   M   M    M   M        25  360
12  47  21  34 -12  31   0  0.00  M    M 14.1  M   M   M    M   M        30  360
13  56  20  38  -8  27   0  0.00  M    M  9.8  M   M   M    M   M        29  340
14  62  35  48   1  17   0  0.01  M    M  9.4  M   M   M    M   M        25  320
15  59  35  47   0  18   0  0.00  M    M 11.2  M   M   M    M   M        25  330
16  58  28  43  -4  22   0  0.08  M    M  8.2  M   M   M    M   M        26  330
17  61  37  49   1  16   0  0.04  M    M 11.8  M   M   M    M   M        30  340
18  62  35  48   0  17   0  0.00  M    M 13.5  M   M   M    M   M        29  350
19  81  42  61  13   4   0  0.00  M    M 11.7  M   M   M    M   M        31  300
================================================================================
SM 1099 619         380  0  0.13         215.2
================================================================================
AV 57.8 32.6                              11.3                        MAX(MPH)
                                                                      31

[TEMPERATURE DATA]      [PRECIPITATION DATA]

Average Monthly:  45.2  Total for Month:  0.13
Dptr fm Normal:    -0.0  Dptr fm Normal:  -0.58
