000
CXUS56 KTFX 220915
CF6GDV
21
PRELIMINARY LOCAL CLIMATOLOGICAL DATA (WS FORM: F-6)

                                          STATION:   GLENDIVE APT MT
                                          MONTH:     August
                                          YEAR:      2019
                                          LATITUDE:   47.13  N
                                          LONGITUDE: 104.80  W

  TEMPERATURE IN F:       :PCPN:    SNOW:  WIND      :SUNSHINE: SKY     :PK WND
================================================================================
1   2   3   4   5  6A  6B    7    8   9   10  11  12  13   14  15   16   17  18
                                     12Z  AVG MX 2MIN
DY MAX MIN AVG DEP HDD CDD  WTR  SNW DPTH SPD SPD DIR MIN PSBL S-S WX    SPD DR
================================================================================

01  89  67  78   2   0  13  0.07  M    M  6.6  M   M   M    M   M        30  350
02  95  64  79   3   0  14  0.00  M    M  7.6  M   M   M    M   M        M     M
03  97  64  80   5   0  15  0.00  M    M  8.4  M   M   M    M   M        24  350
04  93  62  77   2   0  12 T      M    M  6.7  M   M   M    M   M        M     M
05  87  59  73  -2   0   8  0.00  M    M  7.8  M   M   M    M   M        23  350
06  93  59  76   1   0  11  0.00  M    M  8.6  M   M   M    M   M        26  360
07  76   0  38 -37  27   0  0.00  M    M  9.2  M   M   M    M   M        16  360
08  88  52  70  -5   0   5  0.00  M    M  9.0  M   M   M    M   M        21  130
09  88  64  76   1   0  11  0.14  M    M  5.9  M   M   M    M   M        M     M
10  84  61  72  -3   0   7  0.00  M    M 11.1  M   M   M    M   M        25  360
11  75  57  66  -9   0   1  1.44  M    M 12.5  M   M   M    M   M        43  350
12  79  56  67  -7   0   2  0.03  M    M 14.0  M   M   M    M   M        43  330
13  68  53  60 -14   5   0  0.00  M    M  8.8  M   M   M    M   M        M     M
14  81  50  65  -9   0   0  0.10  M    M  4.5  M   M   M    M   M        25  300
15  78  55  66  -8   0   1  0.04  M    M  8.8  M   M   M    M   M        29  360
16  85  52  68  -6   0   3  0.00  M    M  8.5  M   M   M    M   M        21  330
17  64  48  56 -17   9   0  0.72  M    M  8.1  M   M   M    M   M        M     M
18  79  44  61 -12   4   0  0.00  M    M  8.1  M   M   M    M   M        20  290
19  90  53  71  -2   0   6  0.00  M    M  8.3  M   M   M    M   M        22  330
20  76  56  66  -6   0   1 T      M    M 11.6  M   M   M    M   M        21  350
21  84  53  68  -4   0   3  0.00  M    M  9.8  M   M   M    M   M        M     M
================================================================================
SM 1749 1129         45  113  2.54         183.9
================================================================================
AV 83.3 53.8                              8.8                        MAX(MPH)
                                                                      43

[TEMPERATURE DATA]      [PRECIPITATION DATA]

Average Monthly:  68.5  Total for Month:  2.54
Dptr fm Normal:    -6.0  Dptr fm Normal:  1.6
