000
CXUS51 KPHI 231500
CF6GED
PRELIMINARY LOCAL CLIMATOLOGICAL DATA (WS FORM: F-6)

                                          STATION:   GEORGETOWN DE
                                          MONTH:     AUGUST
                                          YEAR:      2019
                                          LATITUDE:   38 41 N
                                          LONGITUDE:  75 22 W

  TEMPERATURE IN F:       :PCPN:    SNOW:  WIND      :SUNSHINE: SKY     :PK WND
================================================================================
1   2   3   4   5  6A  6B    7    8   9   10  11  12  13   14  15   16   17  18
                                     12Z  AVG MX 2MIN
DY MAX MIN AVG DEP HDD CDD  WTR  SNW DPTH SPD SPD DIR MIN PSBL S-S WX    SPD DR
================================================================================

 1  89  70  80   3   0  15 0.13    M    M  3.6 17 350   M    M   2 13     23 350
 2  83  71  77   0   0  12 0.33    M    M  2.8 18 230   M    M   2 13     23 190
 3  87  70  79   2   0  14    T    M    M  3.3 12 130   M    M   2 1      15  80
 4  88  71  80   3   0  15 0.01    M    M  4.1 17 110   M    M   2 13     19 110
 5  90  72  81   4   0  16 0.00    M    M  2.3 12  80   M    M   1 13     18  70
 6  87  72  80   3   0  15 0.02    M    M  5.1 14  80   M    M   4 13     18  80
 7  93  69  81   4   0  16 0.98    M    M  9.4 24 180   M    M   0 13     33 320
 8  89  68  79   2   0  14 0.00    M    M  4.7 14 270   M    M   2 18     20 270
 9  88  71  80   4   0  15 0.00    M    M  3.1  8 290   0    0   0        17 230
10  83  63  73  -3   0   8 0.00    M    M  4.2  9 250   0    0   0        13 270
11  86  62  74  -2   0   9 0.00    M    M  2.8 12  70   M    M   1        15  70
12  88  62  75  -1   0  10 0.00    M    M  5.8 16 220   M    M   1        23 220
13  87  73  80   4   0  15 1.00    M    M  7.1 20 210   M    M   4 1      26 210
14  89  73  81   5   0  16 0.22    M    M  4.4 15  40   M    M   5 13     18  40
15  82  71  77   1   0  12 0.00    M    M  5.7 14 100   M    M   6 1      16 100
16  85  70  78   2   0  13 0.00    M    M  5.2 15 110   M    M   5 1      18 120
17  88  72  80   4   0  15 0.00    M    M  4.1 15 190   M    M   4 128    19 120
18  89  74  82   6   0  17 0.00    M    M  4.9 13 170   M    M   1 1      16 150
19  94  73  84   8   0  19 0.22    M    M  5.6 25 100   M    M   4 1238   33  90
20  88  71  80   5   0  15 0.01    M    M  4.3 14 240   M    M   1 138    22 240
21  90  71  81   6   0  16    T    M    M  8.4 21 200   M    M   1        28 200
22  91  71  81   6   0  16 0.15    M    M  5.0 17 330   M    M   1 13     29 340
================================================================================
SM 1934 1540         0 313  3.07    M    105.9            0     49
================================================================================
AV 87.9 70.0                               4.8 FASTST    0   0   2    MAX(MPH)
                                 MISC ---->  # 25 100               # 33  320
================================================================================
NOTES:
# LAST OF SEVERAL OCCURRENCES

COLUMN 17 PEAK WIND IN M.P.H.

PRELIMINARY LOCAL CLIMATOLOGICAL DATA (WS FORM: F-6) , PAGE 2

                                          STATION:  GEORGETOWN DE
                                          MONTH:    AUGUST
                                          YEAR:     2019
                                          LATITUDE:   38 41 N
                                          LONGITUDE:  75 22 W

[TEMPERATURE DATA]      [PRECIPITATION DATA]       SYMBOLS USED IN COLUMN 16

AVERAGE MONTHLY: 79.0   TOTAL FOR MONTH:   3.07    1 = FOG OR MIST
DPTR FM NORMAL:   2.7   DPTR FM NORMAL:    0.65    2 = FOG REDUCING VISIBILITY
HIGHEST:    94 ON 19    GRTST 24HR  1.00 ON 13-13      TO 1/4 MILE OR LESS
LOWEST:     62 ON 12,11                            3 = THUNDER
                        SNOW, ICE PELLETS, HAIL    4 = ICE PELLETS
                        TOTAL MONTH:    M          5 = HAIL
                        GRTST 24HR    M  ON   M    6 = FREEZING RAIN OR DRIZZLE
                        GRTST DEPTH:  M  ON   M    7 = DUSTSTORM OR SANDSTORM:
                                                       VSBY 1/2 MILE OR LESS
                                                   8 = SMOKE OR HAZE
[NO. OF DAYS WITH]      [WEATHER - DAYS WITH]      9 = BLOWING SNOW
                                                   X = TORNADO
MAX 32 OR BELOW:   0    0.01 INCH OR MORE:  10
MAX 90 OR ABOVE:   5    0.10 INCH OR MORE:   7
MIN 32 OR BELOW:   0    0.50 INCH OR MORE:   2
MIN  0 OR BELOW:   0    1.00 INCH OR MORE:   1

[HDD (BASE 65) ]
TOTAL THIS MO.     0    CLEAR  (SCALE 0-3)  15
DPTR FM NORMAL     0    PTCLDY (SCALE 4-7)   7
TOTAL FM JUL 1     0    CLOUDY (SCALE 8-10)  0
DPTR FM NORMAL     0

[CDD (BASE 65) ]
TOTAL THIS MO.   313
DPTR FM NORMAL    66    [PRESSURE DATA]
TOTAL FM JAN 1  1303    HIGHEST SLP  0.00 ON M
DPTR FM NORMAL   356    LOWEST  SLP 29.71 ON  8

[REMARKS]
