000
CXUS51 KPHI 180800
CF6GED
PRELIMINARY LOCAL CLIMATOLOGICAL DATA (WS FORM: F-6)

                                          STATION:   GEORGETOWN DE
                                          MONTH:     FEBRUARY
                                          YEAR:      2019
                                          LATITUDE:   38 41 N
                                          LONGITUDE:  75 22 W

  TEMPERATURE IN F:       :PCPN:    SNOW:  WIND      :SUNSHINE: SKY     :PK WND
================================================================================
1   2   3   4   5  6A  6B    7    8   9   10  11  12  13   14  15   16   17  18
                                     12Z  AVG MX 2MIN
DY MAX MIN AVG DEP HDD CDD  WTR  SNW DPTH SPD SPD DIR MIN PSBL S-S WX    SPD DR
================================================================================

 1  25  13  19 -17  46   0 0.06    M    M  5.2 12  40   M    M   8 1      14  40
 2  37   8  23 -13  42   0 0.00    M    M  3.8 10 230   M    M   0 18     12 240
 3  51  26  39   3  26   0 0.00    M    M  2.3 12  50   M    M   0 128    17 130
 4  61  30  46  10  19   0 0.00    M    M  2.7 10 100   M    M   3 128    12 100
 5  71  32  52  16  13   0 0.00    M    M  2.4  9 230   M    M   2 128    12 240
 6  58  39  49  13  16   0 0.01    M    M  7.1 15 120   M    M   6 18     19 130
 7  59  43  51  15  14   0 0.02    M    M  6.2 13 110   M    M   8 128    16 110
 8  63  40  52  16  13   0 0.00    M    M  8.3 18 300   M    M   5 12     31 280
 9  40  23  32  -4  33   0 0.00  0.0    0  6.9 18 330   M    M   0        26 330
10  43  19  31  -6  34   0 0.05    M    M  2.1 12 230   M    M   3 6      13 230
11  39  34  37   0  28   0 0.43    M    M  6.2 13  50   M    M  10 168    16  40
12  51  38  45   8  20   0 0.74    M    M 10.8 18  70   M    M  10 18     26  60
13  52  32  42   5  23   0    T    M    M  7.2 18 280   M    M   4        28 270
14  56  28  42   5  23   0 0.00    M    M  6.4 13 170   M    M   0        18 200
15  66  45  56  19   9   0    T    M    M 13.0 28 210   M    M   4        33 210
16  59  35  47   9  18   0    T    M    M  6.2 14 340   M    M   4        19 330
17  42  29  36  -2  29   0 0.16    M    M  5.2 14 140   M    M   4 1      18  80
================================================================================
SM  873  514       406   0  1.47     0.0 102.0          M       71
================================================================================
AV 51.4 30.2                               6.0 FASTST   M    M   4    MAX(MPH)
                                 MISC ---->  # 28 210               # 33  210
================================================================================
NOTES:
# LAST OF SEVERAL OCCURRENCES

COLUMN 17 PEAK WIND IN M.P.H.

PRELIMINARY LOCAL CLIMATOLOGICAL DATA (WS FORM: F-6) , PAGE 2

                                          STATION:  GEORGETOWN DE
                                          MONTH:    FEBRUARY
                                          YEAR:     2019
                                          LATITUDE:   38 41 N
                                          LONGITUDE:  75 22 W

[TEMPERATURE DATA]      [PRECIPITATION DATA]       SYMBOLS USED IN COLUMN 16

AVERAGE MONTHLY: 40.8   TOTAL FOR MONTH:   1.47    1 = FOG OR MIST
DPTR FM NORMAL:   4.2   DPTR FM NORMAL:   -0.20    2 = FOG REDUCING VISIBILITY
HIGHEST:    71 ON  5    GRTST 24HR  0.74 ON 12-12      TO 1/4 MILE OR LESS
LOWEST:      8 ON  2                               3 = THUNDER
                        SNOW, ICE PELLETS, HAIL    4 = ICE PELLETS
                        TOTAL MONTH:   0.0 INCH    5 = HAIL
                        GRTST 24HR     0.0         6 = FREEZING RAIN OR DRIZZLE
                        GRTST DEPTH:   0           7 = DUSTSTORM OR SANDSTORM:
                                                       VSBY 1/2 MILE OR LESS
                                                   8 = SMOKE OR HAZE
[NO. OF DAYS WITH]      [WEATHER - DAYS WITH]      9 = BLOWING SNOW
                                                   X = TORNADO
MAX 32 OR BELOW:   1    0.01 INCH OR MORE:   7
MAX 90 OR ABOVE:   0    0.10 INCH OR MORE:   3
MIN 32 OR BELOW:  10    0.50 INCH OR MORE:   1
MIN  0 OR BELOW:   0    1.00 INCH OR MORE:   0

[HDD (BASE 65) ]
TOTAL THIS MO.   406    CLEAR  (SCALE 0-3)   7
DPTR FM NORMAL   -77    PTCLDY (SCALE 4-7)   7
TOTAL FM JUL 1  2596    CLOUDY (SCALE 8-10)  3
DPTR FM NORMAL  -397

[CDD (BASE 65) ]
TOTAL THIS MO.     0
DPTR FM NORMAL     0    [PRESSURE DATA]
TOTAL FM JAN 1     0    HIGHEST SLP M ON M
DPTR FM NORMAL     0    LOWEST  SLP 29.57 ON 13

[REMARKS]
