000
CXUS56 KOTX 200900
CF6GEG
PRELIMINARY LOCAL CLIMATOLOGICAL DATA (WS FORM: F-6)

                                          STATION:   SPOKANE WA AIRPORT
                                          MONTH:     APRIL
                                          YEAR:      2019
                                          LATITUDE:   47 37 N
                                          LONGITUDE: 117 32 W

  TEMPERATURE IN F:       :PCPN:    SNOW:  WIND      :SUNSHINE: SKY     :PK WND
================================================================================
1   2   3   4   5  6A  6B    7    8   9   10  11  12  13   14  15   16   17  18
                                     12Z  AVG MX 2MIN
DY MAX MIN AVG DEP HDD CDD  WTR  SNW DPTH SPD SPD DIR MIN PSBL S-S WX    SPD DR
================================================================================

 1  59  34  47   3  18   0 0.00  0.0    0  6.0 14  20   M    M   4 12     17  10
 2  63  35  49   5  16   0 0.00  0.0    0  6.8 16  40   M    M   8        20  60
 3  58  44  51   6  14   0 0.05  0.0    0 11.4 30 220   M    M   9 3      34 230
 4  56  40  48   3  17   0 0.00  0.0    0  5.8 17 200   M    M   8        21 200
 5  57  41  49   4  16   0 0.22  0.0    0  8.9 35 230   M    M  10 1      40 230
 6  52  34  43  -2  22   0 0.06  0.0    0 10.7 24 230   M    M   8 1      29 220
 7  52  39  46   1  19   0 0.23  0.0    0 12.6 25 260   M    M   9 1      30 260
 8  51  42  47   1  18   0 0.11  0.0    0  4.5 13 170   M    M  10 1      16 160
 9  51  38  45  -1  20   0 0.49  0.0    0  7.9 20 300   M    M   9 1      24 310
10  55  34  45  -1  20   0    T  0.0    0 14.8 29 220   M    M   6        34 230
11  52  33  43  -3  22   0 0.00  0.0    0  6.3 15 210   M    M   8 1      19 320
12  51  39  45  -1  20   0 0.01  0.0    0  6.6 14 230   M    M   8        17 220
13  45  38  42  -4  23   0 0.19  0.0    0 14.9 28 210   M    M   8 1      34 210
14  47  35  41  -5  24   0    T  0.0    0 15.7 25 230   M    M   8        29 240
15  51  32  42  -5  23   0 0.01  0.0    0  5.6 14 190   M    M   6        18 180
16  55  34  45  -2  20   0 0.00  0.0    0  7.9 22 230   M    M   7        24 230
17  62  43  53   6  12   0    T  0.0    0 15.4 26 260   M    M   5        32 250
18  66  42  54   7  11   0    T    M    0  8.2 16 220   M    M   7        19 200
19  65  54  60  12   5   0    T  0.0    0  8.9 20 270   M    M   9        25 260
================================================================================
SM 1048  731       340   0  1.37     0.0 178.9          M      147
================================================================================
AV 55.2 38.5                               9.4 FASTST   M    M   8    MAX(MPH)
                                 MISC ---->  # 35 230               # 40  230
================================================================================
NOTES:
# LAST OF SEVERAL OCCURRENCES

COLUMN 17 PEAK WIND IN M.P.H.

PRELIMINARY LOCAL CLIMATOLOGICAL DATA (WS FORM: F-6) , PAGE 2

                                          STATION:  SPOKANE WA AIRPORT
                                          MONTH:    APRIL
                                          YEAR:     2019
                                          LATITUDE:   47 37 N
                                          LONGITUDE: 117 32 W

[TEMPERATURE DATA]      [PRECIPITATION DATA]       SYMBOLS USED IN COLUMN 16

AVERAGE MONTHLY: 46.8   TOTAL FOR MONTH:   1.37    1 = FOG OR MIST
DPTR FM NORMAL:   1.0   DPTR FM NORMAL:    0.52    2 = FOG REDUCING VISIBILITY
HIGHEST:    66 ON 18    GRTST 24HR  0.49 ON  9- 9      TO 1/4 MILE OR LESS
LOWEST:     32 ON 15                               3 = THUNDER
                        SNOW, ICE PELLETS, HAIL    4 = ICE PELLETS
                        TOTAL MONTH:   0.0 INCH    5 = HAIL
                        GRTST 24HR     0.0         6 = FREEZING RAIN OR DRIZZLE
                        GRTST DEPTH:   0           7 = DUSTSTORM OR SANDSTORM:
                                                       VSBY 1/2 MILE OR LESS
                                                   8 = SMOKE OR HAZE
[NO. OF DAYS WITH]      [WEATHER - DAYS WITH]      9 = BLOWING SNOW
                                                   X = TORNADO
MAX 32 OR BELOW:   0    0.01 INCH OR MORE:   9
MAX 90 OR ABOVE:   0    0.10 INCH OR MORE:   5
MIN 32 OR BELOW:   1    0.50 INCH OR MORE:   0
MIN  0 OR BELOW:   0    1.00 INCH OR MORE:   0

[HDD (BASE 65) ]
TOTAL THIS MO.   340    CLEAR  (SCALE 0-3)   0
DPTR FM NORMAL   -24    PTCLDY (SCALE 4-7)  10
TOTAL FM JUL 1  6130    CLOUDY (SCALE 8-10)  9
DPTR FM NORMAL   170

[CDD (BASE 65) ]
TOTAL THIS MO.     0
DPTR FM NORMAL     0    [PRESSURE DATA]
TOTAL FM JAN 1     0    HIGHEST SLP M ON M
DPTR FM NORMAL     0    LOWEST  SLP 29.65 ON  5

[REMARKS]
