000
CXUS56 KOTX 190900
CF6GEG
PRELIMINARY LOCAL CLIMATOLOGICAL DATA (WS FORM: F-6)

                                          STATION:   SPOKANE WA AIRPORT
                                          MONTH:     FEBRUARY
                                          YEAR:      2019
                                          LATITUDE:   47 37 N
                                          LONGITUDE: 117 32 W

  TEMPERATURE IN F:       :PCPN:    SNOW:  WIND      :SUNSHINE: SKY     :PK WND
================================================================================
1   2   3   4   5  6A  6B    7    8   9   10  11  12  13   14  15   16   17  18
                                     12Z  AVG MX 2MIN
DY MAX MIN AVG DEP HDD CDD  WTR  SNW DPTH SPD SPD DIR MIN PSBL S-S WX    SPD DR
================================================================================

 1  39  25  32   1  33   0 0.15  0.0    2  4.7 14 160   M    M  10 18     18 180
 2  41  35  38   6  27   0    T  0.0    0  7.5 20 210   M    M   9 12     24 200
 3  35  24  30  -2  35   0 0.06    T    0  8.1 21  70   M    M   9 12     26  70
 4  25  19  22 -10  43   0    T    T    0 12.6 22  70   M    M   9        28  70
 5  23  19  21 -11  44   0 0.04  0.8    1  5.3 12 220   M    M  10 18     13 220
 6  22   7  15 -17  50   0    T    T    1  5.9 13 130   M    M   4 1      17 150
 7  23   6  15 -17  50   0 0.00  0.0    1  4.1  9 160   M    M   5        13 160
 8  24  19  22 -10  43   0 0.21  3.9    4  5.0 16  80   M    M  10 1      23  90
 9  22   8  15 -17  50   0 0.06  0.8    5 18.4 30  50   M    M   9 19     40  50
10  14   6  10 -22  55   0 0.18  4.0    5  7.3 15  30   M    M   9 18     19  30
11  21   2  12 -20  53   0 0.57  7.2   13  6.0 13  50   M    M   9 128    15  60
12  36  21  29  -3  36   0 0.12  2.0   17  6.8 25 200   M    M  10 158    36 200
13  35  19  27  -5  38   0 0.08  0.8   19  3.2 15 210   M    M   7 12     19 220
14  33  15  24  -9  41   0 0.20  1.5   17 10.0 17  60   M    M   9 12     22  60
15  33  27  30  -3  35   0 0.19  2.0   17  5.8 14 230   M    M  10 12     16 220
16  33  24  29  -4  36   0 0.02  0.6   15  2.5  9 230   M    M  10 12     10 230
17  30  13  22 -11  43   0 0.04  0.8   15  7.9 18  70   M    M   9 12     23  60
18  24   4  14 -19  51   0 0.00  0.0   14  3.3  9 250   M    M   6        11 260
================================================================================
SM  513  293       763   0  1.92    24.4 124.4          M      154
================================================================================
AV 28.5 16.3                               6.9 FASTST   M    M   9    MAX(MPH)
                                 MISC ---->  # 30  50               # 40   50
================================================================================
NOTES:
# LAST OF SEVERAL OCCURRENCES

COLUMN 17 PEAK WIND IN M.P.H.

PRELIMINARY LOCAL CLIMATOLOGICAL DATA (WS FORM: F-6) , PAGE 2

                                          STATION:  SPOKANE WA AIRPORT
                                          MONTH:    FEBRUARY
                                          YEAR:     2019
                                          LATITUDE:   47 37 N
                                          LONGITUDE: 117 32 W

[TEMPERATURE DATA]      [PRECIPITATION DATA]       SYMBOLS USED IN COLUMN 16

AVERAGE MONTHLY: 22.4   TOTAL FOR MONTH:   1.92    1 = FOG OR MIST
DPTR FM NORMAL:  -9.8   DPTR FM NORMAL:    1.08    2 = FOG REDUCING VISIBILITY
HIGHEST:    41 ON  2    GRTST 24HR  0.57 ON 11-11      TO 1/4 MILE OR LESS
LOWEST:      2 ON 11                               3 = THUNDER
                        SNOW, ICE PELLETS, HAIL    4 = ICE PELLETS
                        TOTAL MONTH:  24.4 INCHES  5 = HAIL
                        GRTST 24HR   7.2 ON 11-11  6 = FREEZING RAIN OR DRIZZLE
                        GRTST DEPTH:  19 ON 13     7 = DUSTSTORM OR SANDSTORM:
                                                       VSBY 1/2 MILE OR LESS
                                                   8 = SMOKE OR HAZE
[NO. OF DAYS WITH]      [WEATHER - DAYS WITH]      9 = BLOWING SNOW
                                                   X = TORNADO
MAX 32 OR BELOW:  10    0.01 INCH OR MORE:  13
MAX 90 OR ABOVE:   0    0.10 INCH OR MORE:   7
MIN 32 OR BELOW:  17    0.50 INCH OR MORE:   1
MIN  0 OR BELOW:   0    1.00 INCH OR MORE:   0

[HDD (BASE 65) ]
TOTAL THIS MO.   763    CLEAR  (SCALE 0-3)   0
DPTR FM NORMAL   173    PTCLDY (SCALE 4-7)   4
TOTAL FM JUL 1  4397    CLOUDY (SCALE 8-10) 14
DPTR FM NORMAL  -126

[CDD (BASE 65) ]
TOTAL THIS MO.     0
DPTR FM NORMAL     0    [PRESSURE DATA]
TOTAL FM JAN 1     0    HIGHEST SLP  0.00 ON 18
DPTR FM NORMAL     0    LOWEST  SLP 29.22 ON 14

[REMARKS]
