000
CXUS55 KMSO 190900
CF6GPI
PRELIMINARY LOCAL CLIMATOLOGICAL DATA (WS FORM: F-6)

                                          STATION:   KALISPELL MT
                                          MONTH:     FEBRUARY
                                          YEAR:      2019
                                          LATITUDE:   48 17 N
                                          LONGITUDE: 114 16 W

  TEMPERATURE IN F:       :PCPN:    SNOW:  WIND      :SUNSHINE: SKY     :PK WND
================================================================================
1   2   3   4   5  6A  6B    7    8   9   10  11  12  13   14  15   16   17  18
                                     12Z  AVG MX 2MIN
DY MAX MIN AVG DEP HDD CDD  WTR  SNW DPTH SPD SPD DIR MIN PSBL S-S WX    SPD DR
================================================================================

 1  33  13  23  -3  42   0 0.00  0.0    6  0.6  6 270   M    M   6 18      7 110
 2  45  32  39  13  26   0    T  0.0    6  7.1 17 170   M    M  10        20 160
 3  33   1  17  -9  48   0 0.05  4.0    4 30.0 46  20   M    M  10 12689  54  30
 4   7  -1   3 -23  62   0 0.04  0.5    4 18.9 30  20   M    M   7 8      36  20
 5  15   3   9 -17  56   0 0.03    M    5  7.3 20  30   M    M  10 8      24  10
 6  16  -8   4 -22  61   0    T    T    4  8.6 18  20   M    M   7 18     23  20
 7  19  -9   5 -21  60   0 0.07  0.9    4  3.5 12 170   M    M   9 18     14 160
 8  21   5  13 -13  52   0 0.23    M    0 15.0 37  30   M    M  10 19     50  20
 9   5  -3   1 -25  64   0    T    T    8 23.7 33  30   M    M   9 89     42  30
10   3 -10  -3 -29  68   0 0.07  1.2    8  7.5 22  20   M    M   5 18     26  20
11  20   2  11 -15  54   0 0.23    M    9  0.3  5 360   M    M   9 128     6  30
12  34  13  24  -2  41   0 0.19  4.6   13  2.8 17 150   M    M  10 1      21 160
13  33  12  23  -4  42   0 0.13  2.7   11  2.7 13 190   M    M   8 1      18 200
14  30  -1  15 -12  50   0 0.07    M   10  5.2 21  20   M    M   6 18     26  20
15  36  23  30   3  35   0 0.21  3.4   10  4.0 14 170   M    M  10 128    18 360
16  33  16  25  -2  40   0 0.01  1.0   13 16.8 36  20   M    M  10 12     44  20
17  16   9  13 -14  52   0 0.01    T   11 22.1 36  30   M    M  10 189    44  20
18  15 -10   3 -24  62   0 0.00  0.0   11  3.9 18  20   M    M   7 8      22  20
================================================================================
SM  414   87       915   0  1.34    18.3 180.0          M      153
================================================================================
AV 23.0  4.8                              10.0 FASTST   M    M   9    MAX(MPH)
                                 MISC ---->  # 46  20               # 54   30
================================================================================
NOTES:
# LAST OF SEVERAL OCCURRENCES

COLUMN 17 PEAK WIND IN M.P.H.

PRELIMINARY LOCAL CLIMATOLOGICAL DATA (WS FORM: F-6) , PAGE 2

                                          STATION:  KALISPELL MT
                                          MONTH:    FEBRUARY
                                          YEAR:     2019
                                          LATITUDE:   48 17 N
                                          LONGITUDE: 114 16 W

[TEMPERATURE DATA]      [PRECIPITATION DATA]       SYMBOLS USED IN COLUMN 16

AVERAGE MONTHLY: 13.9   TOTAL FOR MONTH:   1.34    1 = FOG OR MIST
DPTR FM NORMAL: -12.4   DPTR FM NORMAL:    0.73    2 = FOG REDUCING VISIBILITY
HIGHEST:    45 ON  2    GRTST 24HR  0.23 ON 11-11      TO 1/4 MILE OR LESS
LOWEST:    -10 ON 18,10                            3 = THUNDER
                        SNOW, ICE PELLETS, HAIL    4 = ICE PELLETS
                        TOTAL MONTH:  18.3 INCHES  5 = HAIL
                        GRTST 24HR   4.6 ON 12-12  6 = FREEZING RAIN OR DRIZZLE
                        GRTST DEPTH:  13 ON 16,12  7 = DUSTSTORM OR SANDSTORM:
                                                       VSBY 1/2 MILE OR LESS
                                                   8 = SMOKE OR HAZE
[NO. OF DAYS WITH]      [WEATHER - DAYS WITH]      9 = BLOWING SNOW
                                                   X = TORNADO
MAX 32 OR BELOW:  11    0.01 INCH OR MORE:  13
MAX 90 OR ABOVE:   0    0.10 INCH OR MORE:   5
MIN 32 OR BELOW:  18    0.50 INCH OR MORE:   0
MIN  0 OR BELOW:   7    1.00 INCH OR MORE:   0

[HDD (BASE 65) ]
TOTAL THIS MO.   915    CLEAR  (SCALE 0-3)   0
DPTR FM NORMAL   219    PTCLDY (SCALE 4-7)   6
TOTAL FM JUL 1  5471    CLOUDY (SCALE 8-10) 12
DPTR FM NORMAL   -16

[CDD (BASE 65) ]
TOTAL THIS MO.     0
DPTR FM NORMAL     0    [PRESSURE DATA]
TOTAL FM JAN 1     0    HIGHEST SLP M ON M
DPTR FM NORMAL     0    LOWEST  SLP 29.28 ON  3

[REMARKS]
