050
CXUS55 KMSO 230900
CF6GPI
PRELIMINARY LOCAL CLIMATOLOGICAL DATA (WS FORM: F-6)

                                          STATION:   KALISPELL MT
                                          MONTH:     AUGUST
                                          YEAR:      2019
                                          LATITUDE:   48 17 N
                                          LONGITUDE: 114 16 W

  TEMPERATURE IN F:       :PCPN:    SNOW:  WIND      :SUNSHINE: SKY     :PK WND
================================================================================
1   2   3   4   5  6A  6B    7    8   9   10  11  12  13   14  15   16   17  18
                                     12Z  AVG MX 2MIN
DY MAX MIN AVG DEP HDD CDD  WTR  SNW DPTH SPD SPD DIR MIN PSBL S-S WX    SPD DR
================================================================================

 1  92  48  70   3   0   5 0.00  0.0    0  3.1 12 150   M    M   0        14 160
 2  92  48  70   4   0   5 0.00  0.0    0  5.9 20 140   M    M   0        26 140
 3  89  50  70   4   0   5 0.00  0.0    0  6.4 16 230   M    M   0        23 230
 4  88  42  65  -1   0   0 0.00  0.0    0  3.5 10 210   M    M   0        16 180
 5  90  47  69   3   0   4 0.00  0.0    0  4.4 13 170   M    M   0        21 160
 6  92  44  68   2   0   3 0.00  0.0    0  5.5 17  20   M    M   0 8      25  10
 7  93  54  74   8   0   9 0.00  0.0    0  7.3 16 140   M    M   0 8      21 140
 8  92  48  70   4   0   5 0.00  0.0    0  4.1 12 140   M    M   0 8      16 130
 9  75  60  68   2   0   3    T  0.0    0  5.5 17 160   M    M   6 8      22 150
10  82  52  67   1   0   2 0.09  0.0    0  8.1 32 130   M    M   6 13     42 120
11  72  47  60  -5   5   0 0.02  0.0    0  6.1 21 150   M    M   5 13     27 100
12  70  46  58  -7   7   0    T  0.0    0  6.8 13 210   M    M   8        20 140
13  79  41  60  -5   5   0 0.00  0.0    0  4.1 13 160   M    M   2 12     19 140
14  81  43  62  -3   3   0 0.14  0.0    0  3.3 14 240   M    M   3 3      24  60
15  84  43  64  -1   1   0 0.00  0.0    0  5.2 21 160   M    M   1 1      26 170
16  79  48  64   0   1   0    T  0.0    0  5.8 20 230   M    M   7        30 340
17  69  49  59  -5   6   0 0.03  0.0    0  7.9 22  20   M    M   8 1      30  10
18  82  41  62  -2   3   0 0.00  0.0    0  6.4 21 140   M    M   1 12     26 160
19  89  43  66   2   0   1 0.00  0.0    0  5.3 17 160   M    M   0        29 160
20  89  52  71   8   0   6 0.00  0.0    0  5.2 15  20   M    M   0        19  10
21  93  49  71   8   0   6 0.01    M    0  5.3 17  40   M    M   0 3      21  40
22  74  51  63   0   2   0 0.20  0.0    0  4.8 16 210   M    M   7 12     19 160
================================================================================
SM 1846 1046        33  54  0.49     0.0 120.0          M       54
================================================================================
AV 83.9 47.6                               5.5 FASTST   M    M   2    MAX(MPH)
                                 MISC ---->  # 32 130               # 42  120
================================================================================
NOTES:
# LAST OF SEVERAL OCCURRENCES

COLUMN 17 PEAK WIND IN M.P.H.

PRELIMINARY LOCAL CLIMATOLOGICAL DATA (WS FORM: F-6) , PAGE 2

                                          STATION:  KALISPELL MT
                                          MONTH:    AUGUST
                                          YEAR:     2019
                                          LATITUDE:   48 17 N
                                          LONGITUDE: 114 16 W

[TEMPERATURE DATA]      [PRECIPITATION DATA]       SYMBOLS USED IN COLUMN 16

AVERAGE MONTHLY: 65.7   TOTAL FOR MONTH:   0.49    1 = FOG OR MIST
DPTR FM NORMAL:   0.7   DPTR FM NORMAL:   -0.17    2 = FOG REDUCING VISIBILITY
HIGHEST:    93 ON 21, 7 GRTST 24HR  0.20 ON 22-22      TO 1/4 MILE OR LESS
LOWEST:     41 ON 18,13                            3 = THUNDER
                        SNOW, ICE PELLETS, HAIL    4 = ICE PELLETS
                        TOTAL MONTH:   0.0 INCH    5 = HAIL
                        GRTST 24HR     0.0         6 = FREEZING RAIN OR DRIZZLE
                        GRTST DEPTH:   0           7 = DUSTSTORM OR SANDSTORM:
                                                       VSBY 1/2 MILE OR LESS
                                                   8 = SMOKE OR HAZE
[NO. OF DAYS WITH]      [WEATHER - DAYS WITH]      9 = BLOWING SNOW
                                                   X = TORNADO
MAX 32 OR BELOW:   0    0.01 INCH OR MORE:   6
MAX 90 OR ABOVE:   7    0.10 INCH OR MORE:   2
MIN 32 OR BELOW:   0    0.50 INCH OR MORE:   0
MIN  0 OR BELOW:   0    1.00 INCH OR MORE:   0

[HDD (BASE 65) ]
TOTAL THIS MO.    33    CLEAR  (SCALE 0-3)  15
DPTR FM NORMAL   -21    PTCLDY (SCALE 4-7)   7
TOTAL FM JUL 1   101    CLOUDY (SCALE 8-10)  0
DPTR FM NORMAL   -30

[CDD (BASE 65) ]
TOTAL THIS MO.    54
DPTR FM NORMAL     1    [PRESSURE DATA]
TOTAL FM JAN 1   100    HIGHEST SLP M ON M
DPTR FM NORMAL   -36    LOWEST  SLP 29.66 ON 21

[REMARKS]
