000
CXUS53 KGRB 230704
CF6GRB
PRELIMINARY LOCAL CLIMATOLOGICAL DATA (WS FORM: F-6)

                                          STATION:   GREEN BAY WI
                                          MONTH:     AUGUST
                                          YEAR:      2019
                                          LATITUDE:   44 28 N
                                          LONGITUDE:  88  8 W

  TEMPERATURE IN F:       :PCPN:    SNOW:  WIND      :SUNSHINE: SKY     :PK WND
================================================================================
1   2   3   4   5  6A  6B    7    8   9   10  11  12  13   14  15   16   17  18
                                     12Z  AVG MX 2MIN
DY MAX MIN AVG DEP HDD CDD  WTR  SNW DPTH SPD SPD DIR MIN PSBL S-S WX    SPD DR
================================================================================

 1  82  52  67  -2   0   2 0.00  0.0    0  1.5  9 140   M    M   0        12 140
 2  86  58  72   3   0   7 0.00  0.0    0  3.0 10 160   M    M   1        15 190
 3  90  65  78   9   0  13 0.66  0.0    0  4.5 31 350   M    M   2 13     43 340
 4  84  63  74   5   0   9 0.00  0.0    0  3.2  9 100   M    M   1        11 100
 5  86  65  76   8   0  11 2.32  0.0    0  6.5 29 300   M    M   2 13     42 290
 6  83  65  74   6   0   9 0.03  0.0    0  3.3 12 320   M    M   6 1      15 350
 7  86  62  74   6   0   9 1.03  0.0    0  7.9 26 330   M    M   3 13     39 330
 8  77  61  69   1   0   4 0.00  0.0    0  9.2 17 300   M    M   1        24 300
 9  79  56  68   0   0   3 0.00  0.0    0  7.7 16 280   M    M   1        23 300
10  81  57  69   1   0   4 0.00  0.0    0  4.0 10 300   M    M   0        13 290
11  79  66  73   5   0   8    T  0.0    0  2.4  7 170   M    M   9 1      10 150
12  81  63  72   4   0   7 0.00  0.0    0  3.8 14  50   M    M   2 12     17  50
13  73  61  67  -1   0   2 0.04  0.0    0 10.0 21  40   M    M   7 1      25  30
14  74  58  66  -2   0   1 0.00  0.0    0  9.6 18  40   M    M   7        23  50
15  79  55  67  -1   0   2 0.00  0.0    0  3.1 12 150   M    M   1        14 200
16  75  59  67  -1   0   2 0.40  0.0    0  7.4 18 200   M    M   5 13     29 190
17  81  59  70   2   0   5 0.00  0.0    0  4.3 17 150   M    M   1 1      21 150
18  78  63  71   4   0   6    T  0.0    0 10.6 25 230   M    M   4 1      39 240
19  80  56  68   1   0   3 0.00  0.0    0  3.3 12 250   M    M   0        17 230
20  83  55  69   2   0   4 0.00  0.0    0  4.3 14 170   M    M   1 1      19 190
21  81  58  70   3   0   5 0.00  0.0    0  6.4 16 290   M    M   3        22 280
22  70  52  61  -6   4   0 0.00  0.0    0  4.4 14  30   M    M   8        19  40
================================================================================
SM 1768 1309         4 116  4.48     0.0 120.4          M       65
================================================================================
AV 80.4 59.5                               5.5 FASTST   M    M   3    MAX(MPH)
                                 MISC ---->  # 31 350               # 43  340
================================================================================
NOTES:
# LAST OF SEVERAL OCCURRENCES

COLUMN 17 PEAK WIND IN M.P.H.

PRELIMINARY LOCAL CLIMATOLOGICAL DATA (WS FORM: F-6) , PAGE 2

                                          STATION:  GREEN BAY WI
                                          MONTH:    AUGUST
                                          YEAR:     2019
                                          LATITUDE:   44 28 N
                                          LONGITUDE:  88  8 W

[TEMPERATURE DATA]      [PRECIPITATION DATA]       SYMBOLS USED IN COLUMN 16

AVERAGE MONTHLY: 69.9   TOTAL FOR MONTH:   4.48    1 = FOG OR MIST
DPTR FM NORMAL:   2.0   DPTR FM NORMAL:    2.02    2 = FOG REDUCING VISIBILITY
HIGHEST:    90 ON  3    GRTST 24HR  2.32 ON  5- 5      TO 1/4 MILE OR LESS
LOWEST:     52 ON 22, 1                            3 = THUNDER
                        SNOW, ICE PELLETS, HAIL    4 = ICE PELLETS
                        TOTAL MONTH:   0.0 INCH    5 = HAIL
                        GRTST 24HR     0.0         6 = FREEZING RAIN OR DRIZZLE
                        GRTST DEPTH:   0           7 = DUSTSTORM OR SANDSTORM:
                                                       VSBY 1/2 MILE OR LESS
                                                   8 = SMOKE OR HAZE
[NO. OF DAYS WITH]      [WEATHER - DAYS WITH]      9 = BLOWING SNOW
                                                   X = TORNADO
MAX 32 OR BELOW:   0    0.01 INCH OR MORE:   6
MAX 90 OR ABOVE:   1    0.10 INCH OR MORE:   4
MIN 32 OR BELOW:   0    0.50 INCH OR MORE:   3
MIN  0 OR BELOW:   0    1.00 INCH OR MORE:   2

[HDD (BASE 65) ]
TOTAL THIS MO.     4    CLEAR  (SCALE 0-3)  15
DPTR FM NORMAL   -18    PTCLDY (SCALE 4-7)   6
TOTAL FM JUL 1     4    CLOUDY (SCALE 8-10)  1
DPTR FM NORMAL   -41

[CDD (BASE 65) ]
TOTAL THIS MO.   116
DPTR FM NORMAL    32    [PRESSURE DATA]
TOTAL FM JAN 1   467    HIGHEST SLP M ON M
DPTR FM NORMAL   132    LOWEST  SLP 29.64 ON 18

[REMARKS]
