000
CXUS53 KGRB 250632
CF6GRB
PRELIMINARY LOCAL CLIMATOLOGICAL DATA (WS FORM: F-6)

                                          STATION:   GREEN BAY WI
                                          MONTH:     APRIL
                                          YEAR:      2019
                                          LATITUDE:   44 28 N
                                          LONGITUDE:  88  8 W

  TEMPERATURE IN F:       :PCPN:    SNOW:  WIND      :SUNSHINE: SKY     :PK WND
================================================================================
1   2   3   4   5  6A  6B    7    8   9   10  11  12  13   14  15   16   17  18
                                     12Z  AVG MX 2MIN
DY MAX MIN AVG DEP HDD CDD  WTR  SNW DPTH SPD SPD DIR MIN PSBL S-S WX    SPD DR
================================================================================

 1  40  26  33  -5  32   0    T    T    0  6.1 17 140   M    M   7 1      23 170
 2  49  33  41   3  24   0 0.04    T    0  9.8 33 260   M    M   8 1      50 260
 3  52  32  42   4  23   0 0.00  0.0    0  9.8 25 280   M    M   3        36 290
 4  44  29  37  -2  28   0    T    T    0  9.6 17  70   M    M   4        24  70
 5  52  33  43   4  22   0 0.02    T    0  5.6 10 300   M    M   9 18     13 210
 6  52  38  45   5  20   0 0.10  0.0    0  4.6 13  60   M    M   9 128    16  70
 7  63  39  51  11  14   0 0.40  0.0    0  4.8 13 140   M    M   8 128    15 130
 8  69  46  58  17   7   0 0.07  0.0    0 10.9 31 310   M    M   3 123    41 310
 9  57  35  46   5  19   0 0.00  0.0    0 11.3 28 320   M    M   3        42 310
10  39  33  36  -6  29   0    T    T    0 15.7 24  40   M    M   9        33  40
11  36  31  34  -8  31   0 0.94  4.5    3 18.2 29  70   M    M  10 1236   41  60
12  42  35  39  -3  26   0    T    T    2 13.0 23 210   M    M   9 1      36 210
13  40  35  38  -5  27   0    T    T    T 12.7 22 250   M    M  10        30 250
14  39  32  36  -7  29   0 0.00  0.0    T 14.2 29  20   M    M   4        40  40
15  53  28  41  -3  24   0    T  0.0    0  6.0 15 140   M    M   2        18 140
16  58  40  49   5  16   0 0.08  0.0    0  5.7 13 170   M    M   4 1      17  40
17  49  37  43  -2  22   0 0.89  0.0    0  9.3 18 100   M    M   7 13     25 100
18  47  41  44  -1  21   0 0.00  0.0    0 10.6 23 360   M    M  10 1      30 350
19  56  34  45   0  20   0 0.00  0.0    0 12.0 24  20   M    M   0        31  30
20  64  32  48   2  17   0 0.00  0.0    0  3.7  9 170   M    M   2        13  90
21  74  48  61  15   4   0 0.00  0.0    0  7.9 18  40   M    M   3        22  40
22  57  44  51   4  14   0 0.79  0.0    0 12.5 22  50   M    M   5 13     29  40
23  65  40  53   6  12   0 0.01  0.0    0 11.5 21 340   M    M   4 1      30 330
24  67  36  52   5  13   0 0.00  0.0    0  8.4 20 180   M    M   1        29 180
================================================================================
SM 1264  857       494   0  3.34     4.5 233.9          M      134
================================================================================
AV 52.7 35.7                               9.7 FASTST   M    M   6    MAX(MPH)
                                 MISC ---->  # 33 260               # 50  260
================================================================================
NOTES:
# LAST OF SEVERAL OCCURRENCES

COLUMN 17 PEAK WIND IN M.P.H.

PRELIMINARY LOCAL CLIMATOLOGICAL DATA (WS FORM: F-6) , PAGE 2

                                          STATION:  GREEN BAY WI
                                          MONTH:    APRIL
                                          YEAR:     2019
                                          LATITUDE:   44 28 N
                                          LONGITUDE:  88  8 W

[TEMPERATURE DATA]      [PRECIPITATION DATA]       SYMBOLS USED IN COLUMN 16

AVERAGE MONTHLY: 44.2   TOTAL FOR MONTH:   3.34    1 = FOG OR MIST
DPTR FM NORMAL:   1.6   DPTR FM NORMAL:    1.25    2 = FOG REDUCING VISIBILITY
HIGHEST:    74 ON 21    GRTST 24HR  0.94 ON 11-11      TO 1/4 MILE OR LESS
LOWEST:     26 ON  1                               3 = THUNDER
                        SNOW, ICE PELLETS, HAIL    4 = ICE PELLETS
                        TOTAL MONTH:   4.5 INCHES  5 = HAIL
                        GRTST 24HR   4.5 ON 11-11  6 = FREEZING RAIN OR DRIZZLE
                        GRTST DEPTH:   3 ON 11     7 = DUSTSTORM OR SANDSTORM:
                                                       VSBY 1/2 MILE OR LESS
                                                   8 = SMOKE OR HAZE
[NO. OF DAYS WITH]      [WEATHER - DAYS WITH]      9 = BLOWING SNOW
                                                   X = TORNADO
MAX 32 OR BELOW:   0    0.01 INCH OR MORE:  10
MAX 90 OR ABOVE:   0    0.10 INCH OR MORE:   5
MIN 32 OR BELOW:   7    0.50 INCH OR MORE:   3
MIN  0 OR BELOW:   0    1.00 INCH OR MORE:   0

[HDD (BASE 65) ]
TOTAL THIS MO.   494    CLEAR  (SCALE 0-3)   7
DPTR FM NORMAL   -45    PTCLDY (SCALE 4-7)  10
TOTAL FM JUL 1  7224    CLOUDY (SCALE 8-10)  7
DPTR FM NORMAL  -215

[CDD (BASE 65) ]
TOTAL THIS MO.     0
DPTR FM NORMAL     0    [PRESSURE DATA]
TOTAL FM JAN 1     0    HIGHEST SLP M ON M
DPTR FM NORMAL     0    LOWEST  SLP 29.47 ON M

[REMARKS]
