000
CXUS53 KGRB 190715
CF6GRB
PRELIMINARY LOCAL CLIMATOLOGICAL DATA (WS FORM: F-6)

                                          STATION:   GREEN BAY WI
                                          MONTH:     FEBRUARY
                                          YEAR:      2019
                                          LATITUDE:   44 28 N
                                          LONGITUDE:  88  8 W

  TEMPERATURE IN F:       :PCPN:    SNOW:  WIND      :SUNSHINE: SKY     :PK WND
================================================================================
1   2   3   4   5  6A  6B    7    8   9   10  11  12  13   14  15   16   17  18
                                     12Z  AVG MX 2MIN
DY MAX MIN AVG DEP HDD CDD  WTR  SNW DPTH SPD SPD DIR MIN PSBL S-S WX    SPD DR
================================================================================

 1  18 -10   4 -13  61   0    T    T   13  4.8 15 210   M    M   8        22 200
 2  32  15  24   7  41   0 0.02  0.0   12  4.6 15 210   M    M   9 168    20 200
 3  41  32  37  19  28   0 0.02  0.0   11  6.2 10 210   M    M   9 126    16 200
 4  40  29  35  17  30   0 0.12  0.0    6 10.7 23 290   M    M   8 126    31 280
 5  29  17  23   5  42   0 0.34  1.9    3 12.5 23  40   M    M   7 1      31  50
 6  26  21  24   6  41   0 0.08  0.3    5 10.4 16  40   M    M   8 168    19  30
 7  31  12  22   4  43   0 0.36  1.8    6 13.4 24 250   M    M  10 126    38 250
 8  14   0   7 -11  58   0    T    T    6 17.7 29 270   M    M   2 8      40 260
 9  13  -6   4 -15  61   0 0.00  0.0    5  4.7 14 270   M    M   3        17 260
10  24  13  19   0  46   0 0.36  5.3    5 10.1 18  40   M    M  10 18     22  40
11  30  20  25   6  40   0 0.01  0.1    8 13.1 18  80   M    M  10 8      26  90
12  30  19  25   6  40   0 0.55  8.8   14 14.3 24  50   M    M  10 12     32  50
13  31  14  23   3  42   0    T    T   13 12.6 23 300   M    M   2        33 320
14  42  17  30  10  35   0 0.05  0.8   11  6.5 25 300   M    M   7 18     35 270
15  24   7  16  -4  49   0 0.00  0.0   11 14.5 29 280   M    M   2 8      38 280
16  27  -2  13  -7  52   0    T    T    9  3.5 18  40   M    M   2        24  50
17  24  16  20  -1  45   0    T    T    9 16.8 26  30   M    M  10        36  30
18  28   5  17  -4  48   0 0.00  0.0    9  7.4 17  10   M    M   3        21  10
================================================================================
SM  504  219       802   0  1.91    19.0 183.8          M      120
================================================================================
AV 28.0 12.2                              10.2 FASTST   M    M   7    MAX(MPH)
                                 MISC ---->  # 29 270               # 40  260
================================================================================
NOTES:
# LAST OF SEVERAL OCCURRENCES

COLUMN 17 PEAK WIND IN M.P.H.

PRELIMINARY LOCAL CLIMATOLOGICAL DATA (WS FORM: F-6) , PAGE 2

                                          STATION:  GREEN BAY WI
                                          MONTH:    FEBRUARY
                                          YEAR:     2019
                                          LATITUDE:   44 28 N
                                          LONGITUDE:  88  8 W

[TEMPERATURE DATA]      [PRECIPITATION DATA]       SYMBOLS USED IN COLUMN 16

AVERAGE MONTHLY: 20.1   TOTAL FOR MONTH:   1.91    1 = FOG OR MIST
DPTR FM NORMAL:   1.2   DPTR FM NORMAL:    1.27    2 = FOG REDUCING VISIBILITY
HIGHEST:    42 ON 14    GRTST 24HR  0.55 ON 12-12      TO 1/4 MILE OR LESS
LOWEST:    -10 ON  1                               3 = THUNDER
                        SNOW, ICE PELLETS, HAIL    4 = ICE PELLETS
                        TOTAL MONTH:  19.0 INCHES  5 = HAIL
                        GRTST 24HR   8.8 ON 12-12  6 = FREEZING RAIN OR DRIZZLE
                        GRTST DEPTH:  14 ON 12     7 = DUSTSTORM OR SANDSTORM:
                                                       VSBY 1/2 MILE OR LESS
                                                   8 = SMOKE OR HAZE
[NO. OF DAYS WITH]      [WEATHER - DAYS WITH]      9 = BLOWING SNOW
                                                   X = TORNADO
MAX 32 OR BELOW:  15    0.01 INCH OR MORE:  10
MAX 90 OR ABOVE:   0    0.10 INCH OR MORE:   5
MIN 32 OR BELOW:  18    0.50 INCH OR MORE:   1
MIN  0 OR BELOW:   4    1.00 INCH OR MORE:   0

[HDD (BASE 65) ]
TOTAL THIS MO.   802    CLEAR  (SCALE 0-3)   6
DPTR FM NORMAL   -28    PTCLDY (SCALE 4-7)   4
TOTAL FM JUL 1  5139    CLOUDY (SCALE 8-10)  8
DPTR FM NORMAL  -280

[CDD (BASE 65) ]
TOTAL THIS MO.     0
DPTR FM NORMAL     0    [PRESSURE DATA]
TOTAL FM JAN 1     0    HIGHEST SLP M ON M
DPTR FM NORMAL     0    LOWEST  SLP 29.48 ON 14

[REMARKS]
