000
CXUS53 KGID 220730
CF6GRI
PRELIMINARY LOCAL CLIMATOLOGICAL DATA (WS FORM: F-6)

                                          STATION:   GRAND ISLAND NE
                                          MONTH:     FEBRUARY
                                          YEAR:      2019
                                          LATITUDE:   40 58 N
                                          LONGITUDE:  98 19 W

  TEMPERATURE IN F:       :PCPN:    SNOW:  WIND      :SUNSHINE: SKY     :PK WND
================================================================================
1   2   3   4   5  6A  6B    7    8   9   10  11  12  13   14  15   16   17  18
                                     12Z  AVG MX 2MIN
DY MAX MIN AVG DEP HDD CDD  WTR  SNW DPTH SPD SPD DIR MIN PSBL S-S WX    SPD DR
================================================================================

 1  60  22  41  15  24   0 0.00  0.0    0 12.5 24 210   M    M   0        33 220
 2  49  29  39  13  26   0 0.00  0.0    0 13.0 22 220   M    M   5 1      29 220
 3  57  23  40  14  25   0 0.00  0.0    0 10.5 31 340   M    M   7 12     41 330
 4  23   9  16 -10  49   0    T    T    0 17.9 32 340   M    M   3 1      41 360
 5  16   6  11 -16  54   0 0.00  0.0    0  8.5 17  30   M    M   8        20  40
 6  13   5   9 -18  56   0    T  0.3    0 14.4 26 360   M    M   9        35 350
 7  11   0   6 -21  59   0 0.01  0.2    T 20.4 32 320   M    M   4        43 330
 8  24  -7   9 -18  56   0 0.00  0.0    T 10.2 20 140   M    M   0        27 150
 9  39  13  26  -1  39   0 0.00  0.0    0 17.3 28 170   M    M   6        40 170
10  33  22  28   0  37   0    T  0.0    0 10.2 21 150   M    M  10 16     29 140
11  27  23  25  -3  40   0 0.02  0.2    0 11.6 18  80   M    M  10 16     24  90
12  34  12  23  -5  42   0 0.00  0.0    T 10.0 21 310   M    M   1        27 310
13  51  19  35   7  30   0 0.00  0.0    0  9.8 20 160   M    M   8        26 170
14  38  12  25  -4  40   0 0.00  0.0    0 15.9 33 350   M    M   2 1      45 340
15  12   8  10 -19  55   0 0.27  2.8    0  8.5 17  10   M    M  10 128    22  10
16  16  10  13 -16  52   0 0.16  2.0    4  9.0 16  80   M    M  10 18     20  70
17  21   5  13 -17  52   0 0.01  0.2    5 12.8 24 320   M    M   7 18     31 320
18  18  -2   8 -22  57   0    T    T    3  6.9 15 320   M    M   5 18     19 320
19  20  12  16 -14  49   0 0.19  2.4    3  9.6 20  80   M    M  10 18     27  80
20  27   6  17 -13  48   0 0.08  1.3    6  9.8 25 230   M    M   4 18     29 230
21  28  -3  13 -18  52   0 0.01  0.1    5  8.8 20  80   M    M   6 18     25  70
================================================================================
SM  617  224       942   0  0.75     9.5 247.6          M      125
================================================================================
AV 29.4 10.7                              11.8 FASTST   M    M   6    MAX(MPH)
                                 MISC ---->  # 33 350               # 45  340
================================================================================
NOTES:
# LAST OF SEVERAL OCCURRENCES

COLUMN 17 PEAK WIND IN M.P.H.

PRELIMINARY LOCAL CLIMATOLOGICAL DATA (WS FORM: F-6) , PAGE 2

                                          STATION:  GRAND ISLAND NE
                                          MONTH:    FEBRUARY
                                          YEAR:     2019
                                          LATITUDE:   40 58 N
                                          LONGITUDE:  98 19 W

[TEMPERATURE DATA]      [PRECIPITATION DATA]       SYMBOLS USED IN COLUMN 16

AVERAGE MONTHLY: 20.0   TOTAL FOR MONTH:   0.75    1 = FOG OR MIST
DPTR FM NORMAL:  -8.0   DPTR FM NORMAL:    0.28    2 = FOG REDUCING VISIBILITY
HIGHEST:    60 ON  1    GRTST 24HR  0.27 ON 15-15      TO 1/4 MILE OR LESS
LOWEST:     -7 ON  8                               3 = THUNDER
                        SNOW, ICE PELLETS, HAIL    4 = ICE PELLETS
                        TOTAL MONTH:   9.5 INCHES  5 = HAIL
                        GRTST 24HR   2.8 ON 15-15  6 = FREEZING RAIN OR DRIZZLE
                        GRTST DEPTH:   6 ON 20     7 = DUSTSTORM OR SANDSTORM:
                                                       VSBY 1/2 MILE OR LESS
                                                   8 = SMOKE OR HAZE
[NO. OF DAYS WITH]      [WEATHER - DAYS WITH]      9 = BLOWING SNOW
                                                   X = TORNADO
MAX 32 OR BELOW:  13    0.01 INCH OR MORE:   8
MAX 90 OR ABOVE:   0    0.10 INCH OR MORE:   3
MIN 32 OR BELOW:  21    0.50 INCH OR MORE:   0
MIN  0 OR BELOW:   4    1.00 INCH OR MORE:   0

[HDD (BASE 65) ]
TOTAL THIS MO.   942    CLEAR  (SCALE 0-3)   5
DPTR FM NORMAL   166    PTCLDY (SCALE 4-7)  10
TOTAL FM JUL 1  4652    CLOUDY (SCALE 8-10)  6
DPTR FM NORMAL   120

[CDD (BASE 65) ]
TOTAL THIS MO.     0
DPTR FM NORMAL     0    [PRESSURE DATA]
TOTAL FM JAN 1     0    HIGHEST SLP M ON M
DPTR FM NORMAL     0    LOWEST  SLP 29.47 ON 14

[REMARKS]
