000
CXUS53 KGID 180730
CF6GRI
PRELIMINARY LOCAL CLIMATOLOGICAL DATA (WS FORM: F-6)

                                          STATION:   GRAND ISLAND NE
                                          MONTH:     APRIL
                                          YEAR:      2019
                                          LATITUDE:   40 58 N
                                          LONGITUDE:  98 19 W

  TEMPERATURE IN F:       :PCPN:    SNOW:  WIND      :SUNSHINE: SKY     :PK WND
================================================================================
1   2   3   4   5  6A  6B    7    8   9   10  11  12  13   14  15   16   17  18
                                     12Z  AVG MX 2MIN
DY MAX MIN AVG DEP HDD CDD  WTR  SNW DPTH SPD SPD DIR MIN PSBL S-S WX    SPD DR
================================================================================

 1  63  29  46   1  19   0 0.05  0.0    0 10.9 31 300   M    M   4        40  10
 2  60  32  46   0  19   0 0.00  0.0    0  8.1 15 270   M    M   5        29 260
 3  54  42  48   2  17   0 0.09  0.0    0 11.8 22  90   M    M   8 18     29 140
 4  57  40  49   3  16   0 0.06  0.0    0  6.9 17  60   M    M   6 1      22  70
 5  76  39  58  11   7   0 0.00  0.0    0 13.8 26 170   M    M   2 12     38 160
 6  77  54  66  19   0   1    T  0.0    0 15.1 29 170   M    M   1        39 170
 7  73  48  61  13   4   0 0.02  0.0    0 13.7 31 320   M    M   3 13     40 320
 8  78  47  63  15   2   0 0.00  0.0    0 11.5 22 280   M    M   0        31 230
 9  76  45  61  13   4   0 0.00  0.0    0 12.5 26  90   M    M   0        35  90
10  56  33  45  -3  20   0 0.20    T    0 25.9 37  30   M    M   5 13     48  30
11  34  26  30 -19  35   0 0.18  1.0    T 24.3 33 300   M    M  10 3      45 310
12  43  26  35 -14  30   0 0.00  0.0    0 19.5 32 300   M    M   4        44 310
13  51  27  39 -11  26   0 0.00  0.0    0 10.7 20  20   M    M   0        25  10
14  61  26  44  -6  21   0 0.00  0.0    0  8.5 18 150   M    M   3        28 140
15  81  35  58   8   7   0 0.00  0.0    0 10.2 18  30   M    M   0        27 150
16  78  40  59   8   6   0 0.00  0.0    0 11.9 23 100   M    M   0        32  90
17  68  44  56   5   9   0    T  0.0    0 14.0 29 320   M    M   4        38 330
================================================================================
SM 1086  633       242   1  0.60     1.0 229.3          M       55
================================================================================
AV 63.9 37.2                              13.5 FASTST   M    M   3    MAX(MPH)
                                 MISC ---->  # 37  30               # 48   30
================================================================================
NOTES:
# LAST OF SEVERAL OCCURRENCES

COLUMN 17 PEAK WIND IN M.P.H.

PRELIMINARY LOCAL CLIMATOLOGICAL DATA (WS FORM: F-6) , PAGE 2

                                          STATION:  GRAND ISLAND NE
                                          MONTH:    APRIL
                                          YEAR:     2019
                                          LATITUDE:   40 58 N
                                          LONGITUDE:  98 19 W

[TEMPERATURE DATA]      [PRECIPITATION DATA]       SYMBOLS USED IN COLUMN 16

AVERAGE MONTHLY: 50.6   TOTAL FOR MONTH:   0.60    1 = FOG OR MIST
DPTR FM NORMAL:   2.4   DPTR FM NORMAL:   -0.66    2 = FOG REDUCING VISIBILITY
HIGHEST:    81 ON 15    GRTST 24HR  0.20 ON 10-10      TO 1/4 MILE OR LESS
LOWEST:     26 ON 14,12                            3 = THUNDER
                        SNOW, ICE PELLETS, HAIL    4 = ICE PELLETS
                        TOTAL MONTH:   1.0 INCH    5 = HAIL
                        GRTST 24HR   1.0 ON 11-11  6 = FREEZING RAIN OR DRIZZLE
                        GRTST DEPTH:   T           7 = DUSTSTORM OR SANDSTORM:
                                                       VSBY 1/2 MILE OR LESS
                                                   8 = SMOKE OR HAZE
[NO. OF DAYS WITH]      [WEATHER - DAYS WITH]      9 = BLOWING SNOW
                                                   X = TORNADO
MAX 32 OR BELOW:   0    0.01 INCH OR MORE:   6
MAX 90 OR ABOVE:   0    0.10 INCH OR MORE:   2
MIN 32 OR BELOW:   6    0.50 INCH OR MORE:   0
MIN  0 OR BELOW:   0    1.00 INCH OR MORE:   0

[HDD (BASE 65) ]
TOTAL THIS MO.   242    CLEAR  (SCALE 0-3)   8
DPTR FM NORMAL   -47    PTCLDY (SCALE 4-7)   8
TOTAL FM JUL 1  6212    CLOUDY (SCALE 8-10)  1
DPTR FM NORMAL   366

[CDD (BASE 65) ]
TOTAL THIS MO.     1
DPTR FM NORMAL     1    [PRESSURE DATA]
TOTAL FM JAN 1     1    HIGHEST SLP M ON M
DPTR FM NORMAL     1    LOWEST  SLP 29.34 ON 11

[REMARKS]
