000
CXUS53 KGRR 251017
CF6GRR
PRELIMINARY LOCAL CLIMATOLOGICAL DATA (WS FORM: F-6)

                                          STATION:   GRAND RAPIDS
                                          MONTH:     APRIL
                                          YEAR:      2019
                                          LATITUDE:   42 52 N
                                          LONGITUDE:  85 31 W

  TEMPERATURE IN F:       :PCPN:    SNOW:  WIND      :SUNSHINE: SKY     :PK WND
================================================================================
1   2   3   4   5  6A  6B    7    8   9   10  11  12  13   14  15   16   17  18
                                     12Z  AVG MX 2MIN
DY MAX MIN AVG DEP HDD CDD  WTR  SNW DPTH SPD SPD DIR MIN PSBL S-S WX    SPD DR
================================================================================

 1  45  19  32 -10  33   0 0.00  0.0    0 10.2 21 230 408   53   4        26 220
 2  57  38  48   6  17   0    T  0.0    0 15.8 31 230 442   58   9        39 230
 3  50  37  44   1  21   0 0.00  0.0    0 14.5 24 300 638   83   5        33 300
 4  47  35  41  -2  24   0 0.03    T    0 12.8 22 100  16    2   9        27 100
 5  55  34  45   1  20   0 0.10  0.0    0  7.0 16  90 214   28   8 18     20  90
 6  65  32  49   5  16   0 0.00  0.0    0  3.9 10 120 330   42   6 128    12 260
 7  74  48  61  16   4   0 0.18  0.0    0  8.5 24 210 234   30   8 18     29 210
 8  67  53  60  15   5   0 0.00  0.0    0 10.1 21 220 588   75   7 1      28 220
 9  62  42  52   7  13   0 0.00  0.0    0 14.2 29 280 697   89   5        36 270
10  43  33  38  -8  27   0 0.23  0.6    0 11.7 21  70   2    0   8 1      27  80
11  50  32  41  -5  24   0 0.02  0.1    T 22.7 38  90 282   36   9 1      46  90
12  54  38  46  -1  19   0 1.12  0.0    0 15.3 35 250 326   41   6 13     42 240
13  47  36  42  -5  23   0 0.00  0.0    0 14.6 33 240 665   83   4        40 230
14  37  32  35 -13  30   0 0.82  4.1    0 13.5 31  30   0    0   8 14     45  30
15  48  32  40  -8  25   0    T  0.1    3 10.1 18 260 733   91   5        23 250
16  64  38  51   3  14   0 0.10  0.0    0  7.6 14  80 233   29   9 8      19 170
17  64  42  53   4  12   0    T  0.0    0 14.4 22  90 146   18   9 138    26  90
18  64  41  53   4  12   0 0.52  0.0    0 11.1 21 270   7    1   9 18     25 270
19  50  40  45  -5  20   0 0.01  0.0    0 13.6 23  50 415   51   8        27  40
20  66  38  52   2  13   0 0.00  0.0    0 14.7 29  20 769   98   2        37  30
21  72  34  53   3  12   0 0.00  0.0    0  6.1 13 170 540   66   4        16 210
22  77  51  64  13   1   0 0.00  0.0    0 13.7 24 190 626   76   6        32 170
23  67  44  56   5   9   0 0.02  0.0    0 12.8 24 250 320   39   6 138    31 180
24  65  35  50  -1  15   0 0.00  0.0    0  3.7 10 250 810   98   4        13  30
================================================================================
SM 1390  904       409   0  3.15     4.9 282.6         9441    158
================================================================================
AV 57.9 37.7                              11.8 FASTST  393  49   7    MAX(MPH)
                                 MISC ---->  # 38  90               # 46   90
================================================================================
NOTES:
# LAST OF SEVERAL OCCURRENCES

COLUMN 17 PEAK WIND IN M.P.H.

PRELIMINARY LOCAL CLIMATOLOGICAL DATA (WS FORM: F-6) , PAGE 2

                                          STATION:  GRAND RAPIDS
                                          MONTH:    APRIL
                                          YEAR:     2019
                                          LATITUDE:   42 52 N
                                          LONGITUDE:  85 31 W

[TEMPERATURE DATA]      [PRECIPITATION DATA]       SYMBOLS USED IN COLUMN 16

AVERAGE MONTHLY: 47.8   TOTAL FOR MONTH:   3.15    1 = FOG OR MIST
DPTR FM NORMAL:   1.0   DPTR FM NORMAL:    0.49    2 = FOG REDUCING VISIBILITY
HIGHEST:    77 ON 22    GRTST 24HR  1.12 ON 12-12      TO 1/4 MILE OR LESS
LOWEST:     19 ON  1                               3 = THUNDER
                        SNOW, ICE PELLETS, HAIL    4 = ICE PELLETS
                        TOTAL MONTH:   4.9 INCHES  5 = HAIL
                        GRTST 24HR   4.1 ON 14-14  6 = FREEZING RAIN OR DRIZZLE
                        GRTST DEPTH:   3 ON 15     7 = DUSTSTORM OR SANDSTORM:
                                                       VSBY 1/2 MILE OR LESS
                                                   8 = SMOKE OR HAZE
[NO. OF DAYS WITH]      [WEATHER - DAYS WITH]      9 = BLOWING SNOW
                                                   X = TORNADO
MAX 32 OR BELOW:   0    0.01 INCH OR MORE:  11
MAX 90 OR ABOVE:   0    0.10 INCH OR MORE:   7
MIN 32 OR BELOW:   5    0.50 INCH OR MORE:   3
MIN  0 OR BELOW:   0    1.00 INCH OR MORE:   1

[HDD (BASE 65) ]
TOTAL THIS MO.   409    CLEAR  (SCALE 0-3)   1
DPTR FM NORMAL   -32    PTCLDY (SCALE 4-7)  16
TOTAL FM JUL 1  6319    CLOUDY (SCALE 8-10)  7
DPTR FM NORMAL   191

[CDD (BASE 65) ]
TOTAL THIS MO.     0
DPTR FM NORMAL     0    [PRESSURE DATA]
TOTAL FM JAN 1     0    HIGHEST SLP M ON M
DPTR FM NORMAL    -1    LOWEST  SLP 29.50 ON 18

[REMARKS]
