000
CXUS53 KGRR 171017
CF6GRR
PRELIMINARY LOCAL CLIMATOLOGICAL DATA (WS FORM: F-6)

                                          STATION:   GRAND RAPIDS
                                          MONTH:     AUGUST
                                          YEAR:      2019
                                          LATITUDE:   42 52 N
                                          LONGITUDE:  85 31 W

  TEMPERATURE IN F:       :PCPN:    SNOW:  WIND      :SUNSHINE: SKY     :PK WND
================================================================================
1   2   3   4   5  6A  6B    7    8   9   10  11  12  13   14  15   16   17  18
                                     12Z  AVG MX 2MIN
DY MAX MIN AVG DEP HDD CDD  WTR  SNW DPTH SPD SPD DIR MIN PSBL S-S WX    SPD DR
================================================================================

 1  81  55  68  -4   0   3 0.00  0.0    0  4.0 10  40 870  100   1        16  40
 2  84  57  71  -1   0   6 0.00  0.0    0  3.0 12 290 768   96   3 1      17  30
 3  87  60  74   2   0   9 0.00  0.0    0  3.9 18 240 827   96   5        22 240
 4  89  61  75   3   0  10    T  0.0    0  4.0 18 360 584   68   4 3      24 350
 5  87  60  74   2   0   9 0.03  0.0    0  6.1 18 230 704   82   5 13     25 230
 6  82  67  75   3   0  10 0.05  0.0    0  6.7 16 270 382   45   7 13     23 280
 7  88  63  76   4   0  11 0.00  0.0    0  7.0 17 270 808   94   3 18     27 290
 8  82  62  72   0   0   7 0.30  0.0    0 12.2 22 310 662   78   6 13     32 300
 9  80  62  71  -1   0   6 0.00  0.0    0  9.3 20 290 827   97   2        28 310
10  84  57  71  -1   0   6 0.00  0.0    0  5.7 15 280 723   85   4        21 290
11  86  57  72   0   0   7 0.01  0.0    0  3.7 14 260 333   39   7        22 220
12  88  70  79   7   0  14 0.00  0.0    0  4.2 14 290 369   44   9 8      20 280
13  86  69  78   7   0  13 0.00  0.0    0  8.3 16  50 467   56   7        21  80
14  80  62  71   0   0   6    T  0.0    0  9.1 17  50 386   46   7        22  60
15  73  60  67  -4   0   2 0.62  0.0    0  7.3 16  50 136   16   8 13     21  50
16  82  56  69  -2   0   4 0.00  0.0    0  5.6 20 220   M    M   7 12     27 210
================================================================================
SM 1339  978         0 123  1.01     0.0 100.1         8846     85
================================================================================
AV 83.7 61.1                               6.3 FASTST  590  69   5    MAX(MPH)
                                 MISC ---->  # 22 310               # 32  300
================================================================================
NOTES:
# LAST OF SEVERAL OCCURRENCES

COLUMN 17 PEAK WIND IN M.P.H.

PRELIMINARY LOCAL CLIMATOLOGICAL DATA (WS FORM: F-6) , PAGE 2

                                          STATION:  GRAND RAPIDS
                                          MONTH:    AUGUST
                                          YEAR:     2019
                                          LATITUDE:   42 52 N
                                          LONGITUDE:  85 31 W

[TEMPERATURE DATA]      [PRECIPITATION DATA]       SYMBOLS USED IN COLUMN 16

AVERAGE MONTHLY: 72.4   TOTAL FOR MONTH:   1.01    1 = FOG OR MIST
DPTR FM NORMAL:   0.7   DPTR FM NORMAL:   -0.86    2 = FOG REDUCING VISIBILITY
HIGHEST:    89 ON  4    GRTST 24HR  0.62 ON 15-15      TO 1/4 MILE OR LESS
LOWEST:     55 ON  1                               3 = THUNDER
                        SNOW, ICE PELLETS, HAIL    4 = ICE PELLETS
                        TOTAL MONTH:   0.0 INCH    5 = HAIL
                        GRTST 24HR     0.0         6 = FREEZING RAIN OR DRIZZLE
                        GRTST DEPTH:   0           7 = DUSTSTORM OR SANDSTORM:
                                                       VSBY 1/2 MILE OR LESS
                                                   8 = SMOKE OR HAZE
[NO. OF DAYS WITH]      [WEATHER - DAYS WITH]      9 = BLOWING SNOW
                                                   X = TORNADO
MAX 32 OR BELOW:   0    0.01 INCH OR MORE:   5
MAX 90 OR ABOVE:   0    0.10 INCH OR MORE:   2
MIN 32 OR BELOW:   0    0.50 INCH OR MORE:   1
MIN  0 OR BELOW:   0    1.00 INCH OR MORE:   0

[HDD (BASE 65) ]
TOTAL THIS MO.     0    CLEAR  (SCALE 0-3)   3
DPTR FM NORMAL     0    PTCLDY (SCALE 4-7)  11
TOTAL FM JUL 1     0    CLOUDY (SCALE 8-10)  2
DPTR FM NORMAL    -6

[CDD (BASE 65) ]
TOTAL THIS MO.   123
DPTR FM NORMAL    12    [PRESSURE DATA]
TOTAL FM JAN 1   572    HIGHEST SLP M ON M
DPTR FM NORMAL    30    LOWEST  SLP 29.70 ON  8

[REMARKS]
