000
CXUS52 KRAH 230845
CF6GSO
PRELIMINARY LOCAL CLIMATOLOGICAL DATA (WS FORM: F-6)

                                          STATION:   PIEDMONT TRIAD INTL AIRPORT NC
                                          MONTH:     AUGUST
                                          YEAR:      2019
                                          LATITUDE:   36  4 N
                                          LONGITUDE:  79 57 W

  TEMPERATURE IN F:       :PCPN:    SNOW:  WIND      :SUNSHINE: SKY     :PK WND
================================================================================
1   2   3   4   5  6A  6B    7    8   9   10  11  12  13   14  15   16   17  18
                                     12Z  AVG MX 2MIN
DY MAX MIN AVG DEP HDD CDD  WTR  SNW DPTH SPD SPD DIR MIN PSBL S-S WX    SPD DR
================================================================================

 1  88  67  78   0   0  13 0.35  0.0    0  4.5 18 100   M    M   7 13     23  40
 2  84  67  76  -2   0  11 0.02  0.0    0  4.3 16 160   M    M   9        19 170
 3  86  69  78   0   0  13 0.00  0.0    0  3.8 10  60   M    M   7 1      14  50
 4  89  71  80   2   0  15 0.00  0.0    0  4.8 18 200   M    M   7        24 210
 5  86  70  78   0   0  13    T  0.0    0  2.7 10 170   M    M   8        14 170
 6  89  69  79   1   0  14 0.04  0.0    0  5.8 15 190   M    M   5 3      19 210
 7  88  70  79   1   0  14    T  0.0    0  6.3 17 290   M    M   5 3      21 220
 8  90  68  79   1   0  14 0.00  0.0    0  7.9 17 310   M    M   2        20 310
 9  91  68  80   2   0  15 0.00  0.0    0  5.0 15 290   M    M   5        20 270
10  89  72  81   3   0  16    T  0.0    0  4.9 13  50   M    M   6 3      16  70
11  88  69  79   1   0  14    T  0.0    0  6.9 13  80   M    M   6        17  50
12  86  70  78   0   0  13 0.13  0.0    0  6.1 12 150   M    M   7 1      15 160
13  94  73  84   6   0  19 0.43  0.0    0  8.4 35 300   M    M   8 138    45 300
14  89  72  81   3   0  16 0.04  0.0    0  6.7 18 250   M    M   7 1      23 250
15  89  72  81   3   0  16 0.00  0.0    0  5.0 12 220   M    M   6 3      15 200
16  89  71  80   3   0  15 0.00  0.0    0  5.3 13  60   M    M   6 13     16  70
17  88  73  81   4   0  16 0.68  0.0    0  3.6 15 130   M    M   6 13     19 110
18  93  70  82   5   0  17    T  0.0    0  3.6 14 200   M    M   4 1      16 210
19  95  72  84   7   0  19 0.03  0.0    0  5.4 24 130   M    M   6 3      33 130
20  88  70  79   2   0  14 0.01  0.0    0  7.9 21 190   M    M   8 1      28 200
21  90  71  81   4   0  16 0.23  0.0    0  9.3 30 270   M    M   8 13     46 270
22  91  70  81   4   0  16 0.19  0.0    0  6.2 38 300   M    M   5 13     58 280
================================================================================
SM 1960 1544         0 329  2.15     0.0 124.4          M      138
================================================================================
AV 89.1 70.2                               5.7 FASTST   M    M   6    MAX(MPH)
                                 MISC ---->  # 38 300               # 58  280
================================================================================
NOTES:
# LAST OF SEVERAL OCCURRENCES

COLUMN 17 PEAK WIND IN M.P.H.

PRELIMINARY LOCAL CLIMATOLOGICAL DATA (WS FORM: F-6) , PAGE 2

                                          STATION:  PIEDMONT TRIAD INTL AIRPORT NC
                                          MONTH:    AUGUST
                                          YEAR:     2019
                                          LATITUDE:   36  4 N
                                          LONGITUDE:  79 57 W

[TEMPERATURE DATA]      [PRECIPITATION DATA]       SYMBOLS USED IN COLUMN 16

AVERAGE MONTHLY: 79.6   TOTAL FOR MONTH:   2.15    1 = FOG OR MIST
DPTR FM NORMAL:   2.0   DPTR FM NORMAL:   -0.56    2 = FOG REDUCING VISIBILITY
HIGHEST:    95 ON 19    GRTST 24HR  1.96 ON 31- 1      TO 1/4 MILE OR LESS
LOWEST:     67 ON  2, 1                            3 = THUNDER
                        SNOW, ICE PELLETS, HAIL    4 = ICE PELLETS
                        TOTAL MONTH:   0.0 INCH    5 = HAIL
                        GRTST 24HR     0.0         6 = FREEZING RAIN OR DRIZZLE
                        GRTST DEPTH:   0           7 = DUSTSTORM OR SANDSTORM:
                                                       VSBY 1/2 MILE OR LESS
                                                   8 = SMOKE OR HAZE
[NO. OF DAYS WITH]      [WEATHER - DAYS WITH]      9 = BLOWING SNOW
                                                   X = TORNADO
MAX 32 OR BELOW:   0    0.01 INCH OR MORE:  11
MAX 90 OR ABOVE:   7    0.10 INCH OR MORE:   6
MIN 32 OR BELOW:   0    0.50 INCH OR MORE:   1
MIN  0 OR BELOW:   0    1.00 INCH OR MORE:   0

[HDD (BASE 65) ]
TOTAL THIS MO.     0    CLEAR  (SCALE 0-3)   1
DPTR FM NORMAL     0    PTCLDY (SCALE 4-7)  19
TOTAL FM JUL 1     0    CLOUDY (SCALE 8-10)  2
DPTR FM NORMAL     0

[CDD (BASE 65) ]
TOTAL THIS MO.   329
DPTR FM NORMAL    50    [PRESSURE DATA]
TOTAL FM JAN 1  1394    HIGHEST SLP M ON M
DPTR FM NORMAL   230    LOWEST  SLP 29.78 ON  7

[REMARKS]
