000
CXUS54 KEWX 240910
CF6GTU
PRELIMINARY LOCAL CLIMATOLOGICAL DATA (WS FORM: F-6)

                                          STATION:   GEORGETOWN
                                          MONTH:     APRIL
                                          YEAR:      2019
                                          LATITUDE:   30 40 N
                                          LONGITUDE:  97 41 W

  TEMPERATURE IN F:       :PCPN:    SNOW:  WIND      :SUNSHINE: SKY     :PK WND
================================================================================
1   2   3   4   5  6A  6B    7    8   9   10  11  12  13   14  15   16   17  18
                                     12Z  AVG MX 2MIN
DY MAX MIN AVG DEP HDD CDD  WTR  SNW DPTH SPD SPD DIR MIN PSBL S-S WX    SPD DR
================================================================================

 1  62  36  49   M  16   0 0.00    M    M  4.0  6  80   M    M   4         M  M
 2  71  35  53   M  12   0 0.00    M    M  6.3 12 130   M    M   0        18 160
 3  69  54  62   M   3   0 0.06    M    M  9.3 16 170   M    M   9 1      21 170
 4  91  62  77   M   0  12 0.01    M    M  7.8 14 260   M    M   4 1      22 270
 5  80  61  71   M   0   6 0.00    M    M  5.4 10 100   M    M   6 1       M  M
 6  74  64  69   M   0   4 1.73    M    M  4.6  8  30   M    M   9 13      M  M
 7  68  59  64   M   1   0 0.54    M    M  6.3 13 360   M    M   9 13     20 360
 8  84  57  71   M   0   6    T    M    M  7.6 13 280   M    M   1        23 310
 9  88  53  71   M   0   6 0.00    M    M  4.7 10 140   M    M   0 8       M  M
10  92  66  79   M   0  14 0.00    M    M 14.0 25 160   M    M   0        36 150
11  79  51  65   M   0   0 0.00    M    M  8.2 16  30   M    M   2        24 170
12  76  46  61   M   4   0    T    M    M  6.9 14  70   M    M   3 3      17  70
13  66  46  56   M   9   0 0.55    M    M 15.7 29 290   M    M   9 13     44 290
14  71  44  58   M   7   0 0.00    M    M  9.4 21 320   M    M   1        28 320
15  80  51  66   M   0   1 0.00    M    M 11.0 18 180   M    M   0        30 180
16  81  64  73   M   0   8 0.00    M    M 13.8 18 160   M    M   8        31 170
17  83  64  74   M   0   9 0.56    M    M 13.6 18 160   M    M  10 13     24 170
18  74  55  65   M   0   0 0.28    M    M 13.4 25 340   M    M   4 13     35 340
19  73  49  61   M   4   0    T    M    M 11.5 18 340   M    M   1        32 330
20  82  44  63   M   2   0 0.00    M    M  7.0 15 170   M    M   0        20 160
21  83  59  71   M   0   6 0.00    M    M 13.2 21 190   M    M   3        30 170
22  79  65  72   M   0   7 0.00    M    M 10.8 17 170   M    M   6        24 170
23  77  66  72   M   0   7    T    M    M  7.9 14 150   M    M  10        18 150
================================================================================
SM 1783 1251        58  86  3.73    M    212.4          M       99
================================================================================
AV 77.5 54.4                               9.2 FASTST   M    M   4    MAX(MPH)
                                 MISC ---->  # 29 290               # 44  290
================================================================================
NOTES:
# LAST OF SEVERAL OCCURRENCES

COLUMN 17 PEAK WIND IN M.P.H.

PRELIMINARY LOCAL CLIMATOLOGICAL DATA (WS FORM: F-6) , PAGE 2

                                          STATION:  GEORGETOWN
                                          MONTH:    APRIL
                                          YEAR:     2019
                                          LATITUDE:   30 40 N
                                          LONGITUDE:  97 41 W

[TEMPERATURE DATA]      [PRECIPITATION DATA]       SYMBOLS USED IN COLUMN 16

AVERAGE MONTHLY: 66.0   TOTAL FOR MONTH:   3.73    1 = FOG OR MIST
DPTR FM NORMAL:     M   DPTR FM NORMAL:       M    2 = FOG REDUCING VISIBILITY
HIGHEST:    92 ON 10    GRTST 24HR  1.73 ON  6- 6      TO 1/4 MILE OR LESS
LOWEST:     35 ON  2                               3 = THUNDER
                        SNOW, ICE PELLETS, HAIL    4 = ICE PELLETS
                        TOTAL MONTH:    M          5 = HAIL
                        GRTST 24HR    M  ON   M    6 = FREEZING RAIN OR DRIZZLE
                        GRTST DEPTH:  M  ON   M    7 = DUSTSTORM OR SANDSTORM:
                                                       VSBY 1/2 MILE OR LESS
                                                   8 = SMOKE OR HAZE
[NO. OF DAYS WITH]      [WEATHER - DAYS WITH]      9 = BLOWING SNOW
                                                   X = TORNADO
MAX 32 OR BELOW:   0    0.01 INCH OR MORE:   7
MAX 90 OR ABOVE:   2    0.10 INCH OR MORE:   5
MIN 32 OR BELOW:   0    0.50 INCH OR MORE:   4
MIN  0 OR BELOW:   0    1.00 INCH OR MORE:   1

[HDD (BASE 65) ]
TOTAL THIS MO.    58    CLEAR  (SCALE 0-3)  11
DPTR FM NORMAL     M    PTCLDY (SCALE 4-7)   6
TOTAL FM JUL 1  2007    CLOUDY (SCALE 8-10)  6
DPTR FM NORMAL     M

[CDD (BASE 65) ]
TOTAL THIS MO.    86
DPTR FM NORMAL     M    [PRESSURE DATA]
TOTAL FM JAN 1   142    HIGHEST SLP M ON M
DPTR FM NORMAL     M    LOWEST  SLP M ON M

[REMARKS]
