000
CXUS54 KEWX 170910
CF6GTU
PRELIMINARY LOCAL CLIMATOLOGICAL DATA (WS FORM: F-6)

                                          STATION:   GEORGETOWN
                                          MONTH:     FEBRUARY
                                          YEAR:      2019
                                          LATITUDE:   30 40 N
                                          LONGITUDE:  97 41 W

  TEMPERATURE IN F:       :PCPN:    SNOW:  WIND      :SUNSHINE: SKY     :PK WND
================================================================================
1   2   3   4   5  6A  6B    7    8   9   10  11  12  13   14  15   16   17  18
                                     12Z  AVG MX 2MIN
DY MAX MIN AVG DEP HDD CDD  WTR  SNW DPTH SPD SPD DIR MIN PSBL S-S WX    SPD DR
================================================================================

 1  66  56  61   M   4   0 0.01    M    M  3.2  8 110   M    M  10 18      M  M
 2  65  58  62   M   3   0 0.01    M    M  4.5  8 170   M    M  10 12      M  M
 3  74  61  68   M   0   3 0.01    M    M  9.5 20 200   M    M   6 12      M  M
 4  75  65  70   M   0   5 0.00    M    M  9.5 16 200   M    M   6 1      18 200
 5  77  63  70   M   0   5 0.00    M    M  8.4 18 180   M    M   5 1      24 180
 6  74  67  71   M   0   6 0.00    M    M 11.2 18 190   M    M   9 18     24 180
 7  71  35  53   M  12   0    T    M    M 15.0 21 200   M    M   3        33 280
 8  35  30  33   M  32   0    T    M    M 12.0 16 360   M    M   6 3      25  10
 9  58  30  44   M  21   0    T    M    M  8.0 13  10   M    M  10 13      M  M
10  45  36  41   M  24   0 0.07    M    M  2.7  6  50   M    M  10 1       M  M
11  62  45  54   M  11   0 0.06    M    M  6.9 12 230   M    M   7 1       M  M
12  62  35  49   M  16   0 0.00    M    M  8.9 16 360   M    M   0        22 360
13  64  25  45   M  20   0 0.00    M    M  7.9 15 170   M    M   0        22 170
14  75  53  64   M   1   0 0.00    M    M 14.3 25 210   M    M   1        35 220
15  88  50  69   M   0   4 0.00    M    M  7.3 15  10   M    M   0         M  M
16  56  38  47   M  18   0 0.00    M    M  7.7 15 360   M    M   8 18     18 360
================================================================================
SM 1047  747       162  23  0.16    M    137.0          M       91
================================================================================
AV 65.4 46.7                               8.6 FASTST   M    M   6    MAX(MPH)
                                 MISC ---->  # 25 210               # 35  220
================================================================================
NOTES:
# LAST OF SEVERAL OCCURRENCES

COLUMN 17 PEAK WIND IN M.P.H.

PRELIMINARY LOCAL CLIMATOLOGICAL DATA (WS FORM: F-6) , PAGE 2

                                          STATION:  GEORGETOWN
                                          MONTH:    FEBRUARY
                                          YEAR:     2019
                                          LATITUDE:   30 40 N
                                          LONGITUDE:  97 41 W

[TEMPERATURE DATA]      [PRECIPITATION DATA]       SYMBOLS USED IN COLUMN 16

AVERAGE MONTHLY: 56.1   TOTAL FOR MONTH:   0.16    1 = FOG OR MIST
DPTR FM NORMAL:     M   DPTR FM NORMAL:       M    2 = FOG REDUCING VISIBILITY
HIGHEST:    88 ON 15    GRTST 24HR  0.07 ON 10-10      TO 1/4 MILE OR LESS
LOWEST:     25 ON 13                               3 = THUNDER
                        SNOW, ICE PELLETS, HAIL    4 = ICE PELLETS
                        TOTAL MONTH:    M          5 = HAIL
                        GRTST 24HR    M  ON   M    6 = FREEZING RAIN OR DRIZZLE
                        GRTST DEPTH:  M  ON   M    7 = DUSTSTORM OR SANDSTORM:
                                                       VSBY 1/2 MILE OR LESS
                                                   8 = SMOKE OR HAZE
[NO. OF DAYS WITH]      [WEATHER - DAYS WITH]      9 = BLOWING SNOW
                                                   X = TORNADO
MAX 32 OR BELOW:   0    0.01 INCH OR MORE:   5
MAX 90 OR ABOVE:   0    0.10 INCH OR MORE:   0
MIN 32 OR BELOW:   3    0.50 INCH OR MORE:   0
MIN  0 OR BELOW:   0    1.00 INCH OR MORE:   0

[HDD (BASE 65) ]
TOTAL THIS MO.   162    CLEAR  (SCALE 0-3)   4
DPTR FM NORMAL     M    PTCLDY (SCALE 4-7)   7
TOTAL FM JUL 1  1498    CLOUDY (SCALE 8-10)  5
DPTR FM NORMAL     M

[CDD (BASE 65) ]
TOTAL THIS MO.    23
DPTR FM NORMAL     M    [PRESSURE DATA]
TOTAL FM JAN 1    23    HIGHEST SLP M ON M
DPTR FM NORMAL     M    LOWEST  SLP M ON M

[REMARKS]
