000
CXUS55 KABQ 191000
CF6GUP
PRELIMINARY LOCAL CLIMATOLOGICAL DATA (WS FORM: F-6)

                                          STATION:   GALLUP NM
                                          MONTH:     FEBRUARY
                                          YEAR:      2019
                                          LATITUDE:   35 30 N
                                          LONGITUDE: 108 48 W

  TEMPERATURE IN F:       :PCPN:    SNOW:  WIND      :SUNSHINE: SKY     :PK WND
================================================================================
1   2   3   4   5  6A  6B    7    8   9   10  11  12  13   14  15   16   17  18
                                     12Z  AVG MX 2MIN
DY MAX MIN AVG DEP HDD CDD  WTR  SNW DPTH SPD SPD DIR MIN PSBL S-S WX    SPD DR
================================================================================

 1  56  23  40   9  25   0 0.00    M    M  3.0 12  20   M    M   3        19 280
 2  54  20  37   6  28   0 0.00    M    M  4.5 22 240   M    M   5        28 230
 3  50  33  42  11  23   0 0.07    M    M 13.7 26 230   M    M   8 1      36 240
 4  51  38  45  14  20   0 0.18    M    M 13.9 29 240   M    M   8 1      38 250
 5  50  33  42  11  23   0    T    M    M 16.3 30 240   M    M   5        37 230
 6  37  18  28  -4  37   0 0.05    M    M 19.8 35 250   M    M   9 128    47 260
 7  30   7  19 -13  46   0 0.00    M    M  8.4 18 210   M    M   1        22 200
 8  47   6  27  -5  38   0 0.00    M    M  4.2 15 240   M    M   0        20 230
 9  50  20  35   3  30   0 0.00    M    M 11.5 30 230   M    M   0        40 240
10  49  12  31  -1  34   0 0.00    M    M 11.2 26 240   M    M   0        37 240
11  35  14  25  -8  40   0    T    M    M 12.5 30 280   M    M   2 12     42 270
12  48   6  27  -6  38   0 0.00    M    M  2.3 10 240   M    M   0        13 250
13  54  16  35   2  30   0 0.00    M    M  9.5 25 230   M    M   3        31 230
14  46  37  42   9  23   0 0.71    M    M  9.7 28 240   M    M   9 1      35 220
15  53  37  45  12  20   0    T    M    M 15.6 39 250   M    M   3 1      50 240
16  40  25  33  -1  32   0    T    M    M 15.0 29 240   M    M   6 12     38 220
17  32  18  25  -9  40   0 0.12    M    M 10.5 24 250   M    M   9 128    29 240
18  31  16  24 -10  41   0 0.02    M    M  9.7 23 200   M    M   9 1      29 170
================================================================================
SM  813  379       568   0  1.15    M    191.3          M       80
================================================================================
AV 45.2 21.1                              10.6 FASTST   M    M   4    MAX(MPH)
                                 MISC ---->  # 39 250               # 50  240
================================================================================
NOTES:
# LAST OF SEVERAL OCCURRENCES

COLUMN 17 PEAK WIND IN M.P.H.

PRELIMINARY LOCAL CLIMATOLOGICAL DATA (WS FORM: F-6) , PAGE 2

                                          STATION:  GALLUP NM
                                          MONTH:    FEBRUARY
                                          YEAR:     2019
                                          LATITUDE:   35 30 N
                                          LONGITUDE: 108 48 W

[TEMPERATURE DATA]      [PRECIPITATION DATA]       SYMBOLS USED IN COLUMN 16

AVERAGE MONTHLY: 33.1   TOTAL FOR MONTH:   1.15    1 = FOG OR MIST
DPTR FM NORMAL:   0.9   DPTR FM NORMAL:    0.71    2 = FOG REDUCING VISIBILITY
HIGHEST:    56 ON  1    GRTST 24HR  0.71 ON 14-14      TO 1/4 MILE OR LESS
LOWEST:      6 ON  8,12                            3 = THUNDER
                        SNOW, ICE PELLETS, HAIL    4 = ICE PELLETS
                        TOTAL MONTH:    M          5 = HAIL
                        GRTST 24HR    M  ON   M    6 = FREEZING RAIN OR DRIZZLE
                        GRTST DEPTH:  M  ON   M    7 = DUSTSTORM OR SANDSTORM:
                                                       VSBY 1/2 MILE OR LESS
                                                   8 = SMOKE OR HAZE
[NO. OF DAYS WITH]      [WEATHER - DAYS WITH]      9 = BLOWING SNOW
                                                   X = TORNADO
MAX 32 OR BELOW:   3    0.01 INCH OR MORE:   6
MAX 90 OR ABOVE:   0    0.10 INCH OR MORE:   3
MIN 32 OR BELOW:  13    0.50 INCH OR MORE:   1
MIN  0 OR BELOW:   0    1.00 INCH OR MORE:   0

[HDD (BASE 65) ]
TOTAL THIS MO.   568    CLEAR  (SCALE 0-3)   8
DPTR FM NORMAL   -21    PTCLDY (SCALE 4-7)   5
TOTAL FM JUL 1  2115    CLOUDY (SCALE 8-10)  5
DPTR FM NORMAL -2190

[CDD (BASE 65) ]
TOTAL THIS MO.     0
DPTR FM NORMAL     0    [PRESSURE DATA]
TOTAL FM JAN 1     0    HIGHEST SLP M ON M
DPTR FM NORMAL     0    LOWEST  SLP 29.59 ON  6

[REMARKS]
