000
CXUS55 KABQ 201000
CF6GUP
PRELIMINARY LOCAL CLIMATOLOGICAL DATA (WS FORM: F-6)

                                          STATION:   GALLUP NM
                                          MONTH:     APRIL
                                          YEAR:      2019
                                          LATITUDE:   35 30 N
                                          LONGITUDE: 108 48 W

  TEMPERATURE IN F:       :PCPN:    SNOW:  WIND      :SUNSHINE: SKY     :PK WND
================================================================================
1   2   3   4   5  6A  6B    7    8   9   10  11  12  13   14  15   16   17  18
                                     12Z  AVG MX 2MIN
DY MAX MIN AVG DEP HDD CDD  WTR  SNW DPTH SPD SPD DIR MIN PSBL S-S WX    SPD DR
================================================================================

 1  59  16  38  -4  27   0 0.00    M    M  2.7 17 220   M    M   0        21 220
 2  64  23  44   2  21   0 0.00    M    M  9.1 30 230   M    M   1        47 220
 3  58  30  44   1  21   0    T    M    M 10.5 31 220   M    M   5        37 220
 4  66  26  46   3  19   0 0.00    M    M  6.5 16 240   M    M   0        20 240
 5  64  29  47   4  18   0 0.00    M    M  7.7 22 240   M    M   1        27 260
 6  62  26  44   1  21   0    T    M    M  6.0 20 260   M    M   4        23 250
 7  72  25  49   6  16   0 0.00    M    M  4.6 18 300   M    M   0        23 310
 8  76  27  52   8  13   0 0.00    M    M  4.9 21 290   M    M   0        29 260
 9  78  34  56  12   9   0 0.00  0.0    0 15.7 37 240   M    M   0        47 220
10  55  35  45   1  20   0    T    M    M 21.9 46 260   M    M   6 8      55 270
11  52  34  43  -2  22   0    T    M    M 11.5 30 310   M    M   8        37 300
12  51  23  37  -8  28   0 0.01    M    M  4.8 20 200   M    M   5        24 260
13  58  20  39  -6  26   0 0.01    M    M  5.0 23 300   M    M   2        33 310
14  69  18  44  -1  21   0 0.00    M    M  9.5 26 260   M    M   0        34 260
15  70  31  51   5  14   0 0.00    M    M  9.8 29 230   M    M   0        37 210
16  64  40  52   6  13   0 0.10    M    M 15.1 30 240   M    M   2 1      39 230
17  60  39  50   4  15   0 0.15    M    M  8.3 24 290   M    M   7 3      34 330
18  73  27  50   3  15   0 0.00    M    M  4.5 18 300   M    M   0        29 340
19  76  26  51   4  14   0 0.00    M    M  4.5 16 200   M    M   0        19 190
================================================================================
SM 1227  529       353   0  0.27     0.0 162.6          M       41
================================================================================
AV 64.6 27.8                               8.6 FASTST   M    M   2    MAX(MPH)
                                 MISC ---->  # 46 260               # 55  270
================================================================================
NOTES:
# LAST OF SEVERAL OCCURRENCES

COLUMN 17 PEAK WIND IN M.P.H.

PRELIMINARY LOCAL CLIMATOLOGICAL DATA (WS FORM: F-6) , PAGE 2

                                          STATION:  GALLUP NM
                                          MONTH:    APRIL
                                          YEAR:     2019
                                          LATITUDE:   35 30 N
                                          LONGITUDE: 108 48 W

[TEMPERATURE DATA]      [PRECIPITATION DATA]       SYMBOLS USED IN COLUMN 16

AVERAGE MONTHLY: 46.2   TOTAL FOR MONTH:   0.27    1 = FOG OR MIST
DPTR FM NORMAL:   1.9   DPTR FM NORMAL:   -0.11    2 = FOG REDUCING VISIBILITY
HIGHEST:    78 ON  9    GRTST 24HR  0.15 ON 17-17      TO 1/4 MILE OR LESS
LOWEST:     16 ON  1                               3 = THUNDER
                        SNOW, ICE PELLETS, HAIL    4 = ICE PELLETS
                        TOTAL MONTH:   0.0 INCH    5 = HAIL
                        GRTST 24HR     0.0         6 = FREEZING RAIN OR DRIZZLE
                        GRTST DEPTH:   0           7 = DUSTSTORM OR SANDSTORM:
                                                       VSBY 1/2 MILE OR LESS
                                                   8 = SMOKE OR HAZE
[NO. OF DAYS WITH]      [WEATHER - DAYS WITH]      9 = BLOWING SNOW
                                                   X = TORNADO
MAX 32 OR BELOW:   0    0.01 INCH OR MORE:   4
MAX 90 OR ABOVE:   0    0.10 INCH OR MORE:   2
MIN 32 OR BELOW:  14    0.50 INCH OR MORE:   0
MIN  0 OR BELOW:   0    1.00 INCH OR MORE:   0

[HDD (BASE 65) ]
TOTAL THIS MO.   353    CLEAR  (SCALE 0-3)  13
DPTR FM NORMAL   -40    PTCLDY (SCALE 4-7)   6
TOTAL FM JUL 1  3552    CLOUDY (SCALE 8-10)  0
DPTR FM NORMAL -2241

[CDD (BASE 65) ]
TOTAL THIS MO.     0
DPTR FM NORMAL     0    [PRESSURE DATA]
TOTAL FM JAN 1     0    HIGHEST SLP M ON M
DPTR FM NORMAL     0    LOWEST  SLP 29.37 ON 10

[REMARKS]
