000
CXUS55 KABQ 221000
CF6GUP
PRELIMINARY LOCAL CLIMATOLOGICAL DATA (WS FORM: F-6)

                                          STATION:   GALLUP NM
                                          MONTH:     AUGUST
                                          YEAR:      2019
                                          LATITUDE:   35 30 N
                                          LONGITUDE: 108 48 W

  TEMPERATURE IN F:       :PCPN:    SNOW:  WIND      :SUNSHINE: SKY     :PK WND
================================================================================
1   2   3   4   5  6A  6B    7    8   9   10  11  12  13   14  15   16   17  18
                                     12Z  AVG MX 2MIN
DY MAX MIN AVG DEP HDD CDD  WTR  SNW DPTH SPD SPD DIR MIN PSBL S-S WX    SPD DR
================================================================================

 1  90  61  76   5   0  11    T    M    M  6.7 26  90   M    M   3 3      33 110
 2  90  59  75   4   0  10 0.00    M    M  3.7 20 280   M    M   0 3      24 280
 3  88  57  73   2   0   8 0.23    M    M  3.9 29  30   M    M   3 3      36  30
 4  86  60  73   2   0   8    T    M    M  5.0 31 280   M    M   2 3      38 280
 5  93  52  73   2   0   8 0.00    M    M  4.7 21  40   M    M   0        27  20
 6  92  52  72   2   0   7 0.04    M    M  6.7 32 100   M    M   1 3      39 100
 7  85  61  73   3   0   8 0.04    M    M  6.2 16 240   M    M   4 3      22 250
 8  91  56  74   4   0   9 0.00    M    M  5.1 20 260   M    M   1        25 250
 9  75  55  65  -5   0   0    T    M    M  7.0 20 290   M    M   6        27 290
10  87  52  70   0   0   5    T    M    M  4.7 28 160   M    M   2 3      37 160
11  77  57  67  -3   0   2 0.04    M    M  5.7 15 180   M    M   4        18 190
12  89  54  72   2   0   7 0.00    M    M  5.3 16 270   M    M   2        23 260
13  92  49  71   1   0   6 0.00    M    M  3.5 17 280   M    M   0        22 230
14  95  49  72   2   0   7    T    M    M  6.2 25 150   M    M   1        32 160
15  93  52  73   4   0   8    T    M    M  7.5 30 340   M    M   1 3      40 330
16  93  58  76   7   0  11 0.00    M    M  9.3 23 230   M    M   0        30 250
17  89  55  72   3   0   7 0.00    M    M  8.0 28 270   M    M   0        34 270
18  90  53  72   3   0   7 0.00    M    M  5.7 16 250   M    M   0        20 270
19  92  49  71   2   0   6 0.00    M    M  5.4 17 240   M    M   0        23 240
20  96  51  74   5   0   9 0.00    M    M  5.4 18 270   M    M   0        25 280
21  94  60  77   8   0  12 0.00    M    M  9.4 23 150   M    M   0 3      30 140
================================================================================
SM 1877 1152         0 156  0.35    M    125.1          M       30
================================================================================
AV 89.4 54.9                               6.0 FASTST   M    M   1    MAX(MPH)
                                 MISC ---->  # 32 100               # 40  330
================================================================================
NOTES:
# LAST OF SEVERAL OCCURRENCES

COLUMN 17 PEAK WIND IN M.P.H.

PRELIMINARY LOCAL CLIMATOLOGICAL DATA (WS FORM: F-6) , PAGE 2

                                          STATION:  GALLUP NM
                                          MONTH:    AUGUST
                                          YEAR:     2019
                                          LATITUDE:   35 30 N
                                          LONGITUDE: 108 48 W

[TEMPERATURE DATA]      [PRECIPITATION DATA]       SYMBOLS USED IN COLUMN 16

AVERAGE MONTHLY: 72.1   TOTAL FOR MONTH:   0.35    1 = FOG OR MIST
DPTR FM NORMAL:   2.3   DPTR FM NORMAL:   -1.12    2 = FOG REDUCING VISIBILITY
HIGHEST:    96 ON 20    GRTST 24HR  0.23 ON  3- 3      TO 1/4 MILE OR LESS
LOWEST:     49 ON 19,14                            3 = THUNDER
                        SNOW, ICE PELLETS, HAIL    4 = ICE PELLETS
                        TOTAL MONTH:    M          5 = HAIL
                        GRTST 24HR    M  ON   M    6 = FREEZING RAIN OR DRIZZLE
                        GRTST DEPTH:  M  ON   M    7 = DUSTSTORM OR SANDSTORM:
                                                       VSBY 1/2 MILE OR LESS
                                                   8 = SMOKE OR HAZE
[NO. OF DAYS WITH]      [WEATHER - DAYS WITH]      9 = BLOWING SNOW
                                                   X = TORNADO
MAX 32 OR BELOW:   0    0.01 INCH OR MORE:   4
MAX 90 OR ABOVE:  13    0.10 INCH OR MORE:   1
MIN 32 OR BELOW:   0    0.50 INCH OR MORE:   0
MIN  0 OR BELOW:   0    1.00 INCH OR MORE:   0

[HDD (BASE 65) ]
TOTAL THIS MO.     0    CLEAR  (SCALE 0-3)  17
DPTR FM NORMAL     0    PTCLDY (SCALE 4-7)   4
TOTAL FM JUL 1     0    CLOUDY (SCALE 8-10)  0
DPTR FM NORMAL     0

[CDD (BASE 65) ]
TOTAL THIS MO.   156
DPTR FM NORMAL    53    [PRESSURE DATA]
TOTAL FM JAN 1   459    HIGHEST SLP M ON M
DPTR FM NORMAL   111    LOWEST  SLP 29.68 ON 17

[REMARKS]
