356
CXUS54 KAMA 221015
CF6GUY
PRELIMINARY LOCAL CLIMATOLOGICAL DATA (WS FORM: F-6)

                                          STATION:   GUYMON
                                          MONTH:     JULY
                                          YEAR:      2019
                                          LATITUDE:   36 41 N
                                          LONGITUDE: 101 30 W

  TEMPERATURE IN F:       :PCPN:    SNOW:  WIND      :SUNSHINE: SKY     :PK WND
================================================================================
1   2   3   4   5  6A  6B    7    8   9   10  11  12  13   14  15   16   17  18
                                     12Z  AVG MX 2MIN
DY MAX MIN AVG DEP HDD CDD  WTR  SNW DPTH SPD SPD DIR MIN PSBL S-S WX    SPD DR
================================================================================

 1  94  65  80   2   0  15 0.04    M    M 11.8 25  50   M    M   1 13     30  50
 2  88  65  77  -1   0  12 0.33    M    M  7.2 20 340   M    M   4 13     26 100
 3  97  64  81   2   0  16    T    M    M  8.8 17 180   M    M   0        26 180
 4  98  67  83   4   0  18 0.00    M    M 13.9 24 190   M    M   0        32 200
 5  99  65  82   3   0  17 0.40    M    M 12.0 28 300   M    M   1 13     34 300
 6  83  62  73  -6   0   8 0.00    M    M  6.1 17 100   M    M   0        23 100
 7  87  65  76  -3   0  11 0.02    M    M  6.1 17 160   M    M   2        25 180
 8  94  67  81   1   0  16 0.00    M    M 11.5 26 150   M    M   1        38 140
 9  94  65  80   0   0  15 0.00    M    M  7.1 14  80   M    M   0        19  80
10  91  68  80   0   0  15 0.00    M    M  9.4 20  30   M    M   3 1      26  30
11  94  68  81   1   0  16 0.00    M    M  6.9 16 100   M    M   0        22  60
12  98  65  82   2   0  17 0.00    M    M  7.0 16  80   M    M   0        22 160
13  94  63  79  -1   0  14 0.00    M    M  6.1 15  90   M    M   0        19  70
14  93  59  76  -4   0  11 0.00    M    M  5.8 16 150   M    M   0        21 150
15  99  62  81   1   0  16 0.00    M    M  7.9 15 180   M    M   0        20 180
16 103  71  87   7   0  22 0.00    M    M 12.6 28 170   M    M   0        35 190
17 102  74  88   8   0  23 0.00    M    M 18.3 31 200   M    M   0        39 200
18 105  77  91  11   0  26 0.00    M    M 15.1 24 220   M    M   0        30 210
19 105  74  90  10   0  25 0.00    M    M 16.1 24 170   M    M   0        33 170
20 107  69  88   8   0  23 0.20    M    M 18.0 30  10   M    M   0 3      39  20
21  91  67  79  -1   0  14 0.59    M    M 10.4 18  30   M    M   0 13     24  30
================================================================================
SM 2016 1402         0 350  1.58    M    218.1          M       12
================================================================================
AV 96.0 66.8                              10.4 FASTST   M    M   1    MAX(MPH)
                                 MISC ---->  # 31 200               # 39  200
================================================================================
NOTES:
# LAST OF SEVERAL OCCURRENCES

COLUMN 17 PEAK WIND IN M.P.H.

PRELIMINARY LOCAL CLIMATOLOGICAL DATA (WS FORM: F-6) , PAGE 2

                                          STATION:  GUYMON
                                          MONTH:    JULY
                                          YEAR:     2019
                                          LATITUDE:   36 41 N
                                          LONGITUDE: 101 30 W

[TEMPERATURE DATA]      [PRECIPITATION DATA]       SYMBOLS USED IN COLUMN 16

AVERAGE MONTHLY: 81.4   TOTAL FOR MONTH:   1.58    1 = FOG OR MIST
DPTR FM NORMAL:   1.8   DPTR FM NORMAL:   -0.21    2 = FOG REDUCING VISIBILITY
HIGHEST:   107 ON 20    GRTST 24HR  0.59 ON 21-21      TO 1/4 MILE OR LESS
LOWEST:     59 ON 14                               3 = THUNDER
                        SNOW, ICE PELLETS, HAIL    4 = ICE PELLETS
                        TOTAL MONTH:    M          5 = HAIL
                        GRTST 24HR    M  ON   M    6 = FREEZING RAIN OR DRIZZLE
                        GRTST DEPTH:  M  ON   M    7 = DUSTSTORM OR SANDSTORM:
                                                       VSBY 1/2 MILE OR LESS
                                                   8 = SMOKE OR HAZE
[NO. OF DAYS WITH]      [WEATHER - DAYS WITH]      9 = BLOWING SNOW
                                                   X = TORNADO
MAX 32 OR BELOW:   0    0.01 INCH OR MORE:   6
MAX 90 OR ABOVE:  18    0.10 INCH OR MORE:   4
MIN 32 OR BELOW:   0    0.50 INCH OR MORE:   1
MIN  0 OR BELOW:   0    1.00 INCH OR MORE:   0

[HDD (BASE 65) ]
TOTAL THIS MO.     0    CLEAR  (SCALE 0-3)  19
DPTR FM NORMAL     0    PTCLDY (SCALE 4-7)   2
TOTAL FM JUL 1     0    CLOUDY (SCALE 8-10)  0
DPTR FM NORMAL     0

[CDD (BASE 65) ]
TOTAL THIS MO.   350
DPTR FM NORMAL    45    [PRESSURE DATA]
TOTAL FM JAN 1   661    HIGHEST SLP M ON M
DPTR FM NORMAL   -32    LOWEST  SLP 29.63 ON M

[REMARKS]
