000
CXUS54 KFWD 190730
CF6GVT
PRELIMINARY LOCAL CLIMATOLOGICAL DATA (WS FORM: F-6)

                                          STATION:   GREENVILLE
                                          MONTH:     APRIL
                                          YEAR:      2019
                                          LATITUDE:   33  4 N
                                          LONGITUDE:  96  4 W

  TEMPERATURE IN F:       :PCPN:    SNOW:  WIND      :SUNSHINE: SKY     :PK WND
================================================================================
1   2   3   4   5  6A  6B    7    8   9   10  11  12  13   14  15   16   17  18
                                     12Z  AVG MX 2MIN
DY MAX MIN AVG DEP HDD CDD  WTR  SNW DPTH SPD SPD DIR MIN PSBL S-S WX    SPD DR
================================================================================

 1  59  41  50 -11  15   0 0.00  0.0    0  4.1 13 130   M    M   2        18 130
 2  70  36  53  -8  12   0 0.00  0.0    0  6.5 17 190   M    M   0        20 200
 3  72  45  59  -2   6   0 0.00  0.0    0  9.1 16 150   M    M   6        23 150
 4  79  57  68   6   0   3 0.02  0.0    0  6.5 15  40   M    M   6 13     24 160
 5  79  54  67   5   0   2 0.00  0.0    0  4.0  9 120   M    M   4 128     M  M
 6  66  61  64   2   1   0 0.49  0.0    0  3.0 16 110   M    M   6 13     28 250
 7  77  61  69   7   0   4 0.23  0.0    0  4.2 10 130   M    M   8 13      M  M
 8  84  59  72   9   0   7 0.00  0.0    0  4.1 13 320   M    M   3 1      17 330
 9  86  52  69   6   0   4 0.00  0.0    0  2.6  9 150   M    M   0 8       M  M
10  90  61  76  13   0  11 0.00  0.0    0 14.6 24 170   M    M   0        32 170
11  73  46  60  -3   5   0 0.00  0.0    0  9.0 18 160   M    M   1        29 160
12  73  43  58  -6   7   0 0.00  0.0    0  4.8 13  60   M    M   1        17  60
13  61  46  54 -10  11   0 1.00  0.0    0 10.4 17  60   M    M  10 3      28  60
14  68  45  57  -7   8   0 0.02  0.0    0 10.2 22 310   M    M   3        30 310
15  79  48  64   0   1   0 0.00  0.0    0 10.6 20 170   M    M   0        28 190
16  77  63  70   5   0   5 0.00  0.0    0 12.9 20 180   M    M   4        27 180
17  75  68  72   7   0   7 0.00  0.0    0 10.3 16 170   M    M  10 1      22 170
18  73  59  66   1   0   1 0.55  0.0    0 10.4 22 320   M    M   6 3      31 340
================================================================================
SM 1341  945        66  44  2.31     0.0 137.3          M       70
================================================================================
AV 74.5 52.5                               7.6 FASTST   M    M   4    MAX(MPH)
                                 MISC ---->  # 24 170               # 32  170
================================================================================
NOTES:
# LAST OF SEVERAL OCCURRENCES

COLUMN 17 PEAK WIND IN M.P.H.

PRELIMINARY LOCAL CLIMATOLOGICAL DATA (WS FORM: F-6) , PAGE 2

                                          STATION:  GREENVILLE
                                          MONTH:    APRIL
                                          YEAR:     2019
                                          LATITUDE:   33  4 N
                                          LONGITUDE:  96  4 W

[TEMPERATURE DATA]      [PRECIPITATION DATA]       SYMBOLS USED IN COLUMN 16

AVERAGE MONTHLY: 63.5   TOTAL FOR MONTH:   2.31    1 = FOG OR MIST
DPTR FM NORMAL:   0.5   DPTR FM NORMAL:    0.23    2 = FOG REDUCING VISIBILITY
HIGHEST:    90 ON 10    GRTST 24HR  1.00 ON 13-13      TO 1/4 MILE OR LESS
LOWEST:     36 ON  2                               3 = THUNDER
                        SNOW, ICE PELLETS, HAIL    4 = ICE PELLETS
                        TOTAL MONTH:   0.0 INCH    5 = HAIL
                        GRTST 24HR     0.0         6 = FREEZING RAIN OR DRIZZLE
                        GRTST DEPTH:   0           7 = DUSTSTORM OR SANDSTORM:
                                                       VSBY 1/2 MILE OR LESS
                                                   8 = SMOKE OR HAZE
[NO. OF DAYS WITH]      [WEATHER - DAYS WITH]      9 = BLOWING SNOW
                                                   X = TORNADO
MAX 32 OR BELOW:   0    0.01 INCH OR MORE:   6
MAX 90 OR ABOVE:   1    0.10 INCH OR MORE:   4
MIN 32 OR BELOW:   0    0.50 INCH OR MORE:   2
MIN  0 OR BELOW:   0    1.00 INCH OR MORE:   1

[HDD (BASE 65) ]
TOTAL THIS MO.    66    CLEAR  (SCALE 0-3)   9
DPTR FM NORMAL   -11    PTCLDY (SCALE 4-7)   7
TOTAL FM JUL 1  2214    CLOUDY (SCALE 8-10)  2
DPTR FM NORMAL  -157

[CDD (BASE 65) ]
TOTAL THIS MO.    44
DPTR FM NORMAL     1    [PRESSURE DATA]
TOTAL FM JAN 1    95    HIGHEST SLP M ON M
DPTR FM NORMAL    19    LOWEST  SLP M ON M

[REMARKS]
