000
CXUS54 KFWD 220730
CF6GVT
PRELIMINARY LOCAL CLIMATOLOGICAL DATA (WS FORM: F-6)

                                          STATION:   GREENVILLE
                                          MONTH:     FEBRUARY
                                          YEAR:      2019
                                          LATITUDE:   33  4 N
                                          LONGITUDE:  96  4 W

  TEMPERATURE IN F:       :PCPN:    SNOW:  WIND      :SUNSHINE: SKY     :PK WND
================================================================================
1   2   3   4   5  6A  6B    7    8   9   10  11  12  13   14  15   16   17  18
                                     12Z  AVG MX 2MIN
DY MAX MIN AVG DEP HDD CDD  WTR  SNW DPTH SPD SPD DIR MIN PSBL S-S WX    SPD DR
================================================================================

 1  63  52  58  11   7   0 0.00  0.0    0  3.3  8 150   M    M   9         M  M
 2  66  54  60  13   5   0 0.00  0.0    0  5.0  9 160   M    M   9 12      M  M
 3  68  59  64  17   1   0 0.01  0.0    0  8.8 16 180   M    M  10 1      22 170
 4  82  64  73  26   0   8 0.00  0.0    0 10.7 17 220   M    M   3 1      24 180
 5  79  64  72  25   0   7 0.00  0.0    0  8.6 17 180   M    M   9 18     24 160
 6  79  70  75  28   0  10 0.00  0.0    0 11.0 22 150   M    M   9 1      24 170
 7  73  32  53   5  12   0 0.46  0.0    0 15.2 21 310   M    M   7 3      30 210
 8  37  27  32 -16  33   0 0.00  0.0    0  6.6 13 360   M    M   1        21 360
 9  41  36  39  -9  26   0 0.15    M    0  5.2  8 100   M    M  10         M  M
10  45  37  41  -7  24   0 0.21    M    0  3.5  9 130   M    M  10 1       M  M
11  61  45  53   5  12   0 0.18    M    0  6.7 13 210   M    M  10 1      23 210
12  61  39  50   2  15   0 0.00  0.0    0  9.3 23 320   M    M   2        29 320
13  64  34  49   0  16   0 0.00  0.0    0  8.7 21 170   M    M   0        24 170
14  77  54  66  17   0   1 0.00  0.0    0 16.9 28 200   M    M   1        35 200
15  73  39  56   7   9   0 0.00  0.0    0  8.2 15 340   M    M   3        24 340
16  46  36  41  -8  24   0 0.01    M    0  4.3 13 350   M    M  10 1       M  M
17  52  41  47  -3  18   0 0.02    M    0  8.2 17 340   M    M   5 1      25 340
18  46  34  40 -10  25   0 0.00  0.0    0  8.2 13  10   M    M   0        20  30
19  41  39  40 -10  25   0 0.94  0.0    0  5.9 14  60   M    M   9 13     18  60
20  57  39  48  -2  17   0 0.00  0.0    0  4.3 13 310   M    M   5        17 310
21  52  39  46  -4  19   0 0.07    M    0  6.3 18  90   M    M   7 3      25  90
================================================================================
SM 1263  934       288  26  2.05     0.0 164.9          M      129
================================================================================
AV 60.1 44.5                               7.9 FASTST   M    M   6    MAX(MPH)
                                 MISC ---->  # 28 200               # 35  200
================================================================================
NOTES:
# LAST OF SEVERAL OCCURRENCES

COLUMN 17 PEAK WIND IN M.P.H.

PRELIMINARY LOCAL CLIMATOLOGICAL DATA (WS FORM: F-6) , PAGE 2

                                          STATION:  GREENVILLE
                                          MONTH:    FEBRUARY
                                          YEAR:     2019
                                          LATITUDE:   33  4 N
                                          LONGITUDE:  96  4 W

[TEMPERATURE DATA]      [PRECIPITATION DATA]       SYMBOLS USED IN COLUMN 16

AVERAGE MONTHLY: 52.3   TOTAL FOR MONTH:   2.05    1 = FOG OR MIST
DPTR FM NORMAL:   3.9   DPTR FM NORMAL:   -0.52    2 = FOG REDUCING VISIBILITY
HIGHEST:    82 ON  4    GRTST 24HR  0.94 ON 19-19      TO 1/4 MILE OR LESS
LOWEST:     27 ON  8                               3 = THUNDER
                        SNOW, ICE PELLETS, HAIL    4 = ICE PELLETS
                        TOTAL MONTH:   0.0 INCH    5 = HAIL
                        GRTST 24HR     0.0         6 = FREEZING RAIN OR DRIZZLE
                        GRTST DEPTH:   0           7 = DUSTSTORM OR SANDSTORM:
                                                       VSBY 1/2 MILE OR LESS
                                                   8 = SMOKE OR HAZE
[NO. OF DAYS WITH]      [WEATHER - DAYS WITH]      9 = BLOWING SNOW
                                                   X = TORNADO
MAX 32 OR BELOW:   0    0.01 INCH OR MORE:   9
MAX 90 OR ABOVE:   0    0.10 INCH OR MORE:   5
MIN 32 OR BELOW:   2    0.50 INCH OR MORE:   1
MIN  0 OR BELOW:   0    1.00 INCH OR MORE:   0

[HDD (BASE 65) ]
TOTAL THIS MO.   288    CLEAR  (SCALE 0-3)   7
DPTR FM NORMAL   -63    PTCLDY (SCALE 4-7)   4
TOTAL FM JUL 1  1737    CLOUDY (SCALE 8-10) 10
DPTR FM NORMAL  -174

[CDD (BASE 65) ]
TOTAL THIS MO.    26
DPTR FM NORMAL    26    [PRESSURE DATA]
TOTAL FM JAN 1    27    HIGHEST SLP M ON M
DPTR FM NORMAL    24    LOWEST  SLP M ON M

[REMARKS]
