000
CXUS54 KJAN 231414
CF6GWO
PRELIMINARY LOCAL CLIMATOLOGICAL DATA (WS FORM: F-6)

                                          STATION:   GREENWOOD
                                          MONTH:     APRIL
                                          YEAR:      2019
                                          LATITUDE:   33 30 N
                                          LONGITUDE:  90  5 W

  TEMPERATURE IN F:       :PCPN:    SNOW:  WIND      :SUNSHINE: SKY     :PK WND
================================================================================
1   2   3   4   5  6A  6B    7    8   9   10  11  12  13   14  15   16   17  18
                                     12Z  AVG MX 2MIN
DY MAX MIN AVG DEP HDD CDD  WTR  SNW DPTH SPD SPD DIR MIN PSBL S-S WX    SPD DR
================================================================================

 1  61  35  48 -12  17   0 0.00  0.0    0  5.4 14  50   M    M   2        20  50
 2  66  36  51  -9  14   0 0.00  0.0    0  2.7 13  20   M    M   1        18 330
 3  75  38  57  -3   8   0 0.00  0.0    0  7.7 16 150   M    M   0        21 130
 4  63  55  59  -1   6   0 1.07  0.0    0  9.8 26 140   M    M   8 13     38 150
 5  74  57  66   5   0   1 0.07  0.0    0  1.9  8 360   M    M   7 12     11 240
 6  80  56  68   7   0   3 0.52  0.0    0  5.6 16 140   M    M   4 13     20 140
 7  76  62  69   8   0   4 1.30  0.0    0  7.8 22 260   M    M   8 13     40 230
 8  66  60  63   2   2   0 1.04  0.0    0  5.3 15  80   M    M   9 13     19  80
 9  82  59  71   9   0   6 0.13  0.0    0  6.0 15 350   M    M   5 1      21 350
10  87  52  70   8   0   5 0.00  0.0    0  6.9 16 170   M    M   0 1      22 180
11  86  63  75  13   0  10 0.00  0.0    0 13.3 25 170   M    M   1        32 160
12  65  54  60  -2   5   0 0.30  0.0    0  5.0 17 100   M    M   4 1      23 100
13  69  59  64   1   1   0 1.54  0.0    0 13.4 26 120   M    M  10 13     35 120
14  67  43  55  -8  10   0    T  0.0    0  8.9 23 230   M    M   7 1      35 220
15  72  41  57  -6   8   0 0.00  0.0    0  2.6 10 210   M    M   0 1      13 210
16  80  49  65   1   0   0 0.00  0.0    0  6.9 17 180   M    M   0        23 190
17  79  59  69   5   0   4 0.00  0.0    0  8.2 17 160   M    M   1        22 150
18  72  52  62  -2   3   0 1.61  0.0    0  9.8 25  70   M    M   8 13     32  70
19  54  49  52 -12  13   0 0.03  0.0    0  7.6 17 340   M    M  10 1      26 330
20  70  47  59  -6   6   0 0.00  0.0    0  5.8 20 330   M    M   1        30 330
21  79  44  62  -3   3   0 0.00  0.0    0  3.1 13 230   M    M   0 8      16 210
22  82  51  67   2   0   2 0.00  0.0    0  3.3 13 200   M    M   0        17 180
================================================================================
SM 1605 1121        96  35  7.61     0.0 147.0          M       86
================================================================================
AV 73.0 51.0                               6.7 FASTST   M    M   4    MAX(MPH)
                                 MISC ---->  # 26 140               # 40  230
================================================================================
NOTES:
# LAST OF SEVERAL OCCURRENCES

COLUMN 17 PEAK WIND IN M.P.H.

PRELIMINARY LOCAL CLIMATOLOGICAL DATA (WS FORM: F-6) , PAGE 2

                                          STATION:  GREENWOOD
                                          MONTH:    APRIL
                                          YEAR:     2019
                                          LATITUDE:   33 30 N
                                          LONGITUDE:  90  5 W

[TEMPERATURE DATA]      [PRECIPITATION DATA]       SYMBOLS USED IN COLUMN 16

AVERAGE MONTHLY: 62.0   TOTAL FOR MONTH:   7.61    1 = FOG OR MIST
DPTR FM NORMAL:  -0.4   DPTR FM NORMAL:    3.82    2 = FOG REDUCING VISIBILITY
HIGHEST:    87 ON 10    GRTST 24HR  1.61 ON 18-18      TO 1/4 MILE OR LESS
LOWEST:     35 ON  1                               3 = THUNDER
                        SNOW, ICE PELLETS, HAIL    4 = ICE PELLETS
                        TOTAL MONTH:   0.0 INCH    5 = HAIL
                        GRTST 24HR     0.0         6 = FREEZING RAIN OR DRIZZLE
                        GRTST DEPTH:   0           7 = DUSTSTORM OR SANDSTORM:
                                                       VSBY 1/2 MILE OR LESS
                                                   8 = SMOKE OR HAZE
[NO. OF DAYS WITH]      [WEATHER - DAYS WITH]      9 = BLOWING SNOW
                                                   X = TORNADO
MAX 32 OR BELOW:   0    0.01 INCH OR MORE:  10
MAX 90 OR ABOVE:   0    0.10 INCH OR MORE:   8
MIN 32 OR BELOW:   0    0.50 INCH OR MORE:   6
MIN  0 OR BELOW:   0    1.00 INCH OR MORE:   5

[HDD (BASE 65) ]
TOTAL THIS MO.    96    CLEAR  (SCALE 0-3)  11
DPTR FM NORMAL   -10    PTCLDY (SCALE 4-7)   6
TOTAL FM JUL 1  2451    CLOUDY (SCALE 8-10)  5
DPTR FM NORMAL  -202

[CDD (BASE 65) ]
TOTAL THIS MO.    35
DPTR FM NORMAL   -13    [PRESSURE DATA]
TOTAL FM JAN 1    59    HIGHEST SLP M ON M
DPTR FM NORMAL   -15    LOWEST  SLP 29.41 ON 13

[REMARKS]
