000
CXUS55 KBOU 230851
CF6GXY
PRELIMINARY LOCAL CLIMATOLOGICAL DATA (WS FORM: F-6)

                                          STATION:   GREELEY  CO
                                          MONTH:     AUGUST
                                          YEAR:      2019
                                          LATITUDE:   40 25 N
                                          LONGITUDE: 104 38 W

  TEMPERATURE IN F:       :PCPN:    SNOW:  WIND      :SUNSHINE: SKY     :PK WND
================================================================================
1   2   3   4   5  6A  6B    7    8   9   10  11  12  13   14  15   16   17  18
                                     12Z  AVG MX 2MIN
DY MAX MIN AVG DEP HDD CDD  WTR  SNW DPTH SPD SPD DIR MIN PSBL S-S WX    SPD DR
================================================================================

 1  86  60  73   M   0   8    M    M    M  5.3 13 290   M    M   1         M  M
 2  93  59  76   M   0  11    M    M    M  4.8 14  40   M    M   1 18     18  10
 3  97  58  78   M   0  13    M    M    M  5.6 12 110   M    M   0 8       M  M
 4  97  59  78   M   0  13    M    M    M  6.7 16 120   M    M   1 8      20 120
 5  92  64  78   M   0  13    M    M    M  6.5 12  50   M    M   2 3      38 350
 6  97  59  78   M   0  13    M    M    M  4.7  7  70   M    M   1 8       M  M
 7  92  61  77   M   0  12    M    M    M  6.8 12 320   M    M   0 3       M  M
 8  88  62  75   M   0  10    M    M    M  4.5 10 140   M    M   0 3       M  M
 9  96  63  80   M   0  15    M    M    M  5.3 12 130   M    M   0 13      M  M
10  88  63  76   M   0  11    M    M    M  7.3 18 320   M    M   0 8      20 100
11  85  60  73   M   0   8    M    M    M  5.2 12 290   M    M   0         M  M
12  96  53  75   M   0  10    M    M    M  8.2 17 140   M    M   0        21 140
13  87  55  71   M   0   6    M    M    M  8.8 14 100   M    M   0 3      22 100
14  91  56  74   M   0   9    M    M    M  5.7 12 110   M    M   0 38      M  M
15  95  54  75   M   0  10    M    M    M  5.6 10 140   M    M   0        31 360
16  83  56  70   M   0   5    M    M    M  6.0 17 330   M    M   0 3      18 280
17  87  51  69   M   0   4    M    M    M  7.0 22 290   M    M   0 3      51 240
18  92  56  74   M   0   9    M    M    M  6.0  9 340   M    M   0 8       M  M
19 100  54  77   M   0  12    M    M    M  5.8 12  90   M    M   0 8       M  M
20 101  59  80   M   0  15    M    M    M  6.8 17 100   M    M   0 38     23 100
21  85  60  73   M   0   8 0.02  0.0    0  6.6 17  40   M    M   0        29  40
22  92  58  75   M   0  10    T  0.0    0  9.3 15 130   M    M   0 3      22 130
================================================================================
SM 2020 1280         0 225  0.02     0.0 138.5          M        6
================================================================================
AV 91.8 58.2                               6.3 FASTST   M    M   0    MAX(MPH)
                                 MISC ---->  # 22 290               # 51  240
================================================================================
NOTES:
# LAST OF SEVERAL OCCURRENCES

COLUMN 17 PEAK WIND IN M.P.H.

PRELIMINARY LOCAL CLIMATOLOGICAL DATA (WS FORM: F-6) , PAGE 2

                                          STATION:  GREELEY  CO
                                          MONTH:    AUGUST
                                          YEAR:     2019
                                          LATITUDE:   40 25 N
                                          LONGITUDE: 104 38 W

[TEMPERATURE DATA]      [PRECIPITATION DATA]       SYMBOLS USED IN COLUMN 16

AVERAGE MONTHLY: 75.0   TOTAL FOR MONTH:   0.02    1 = FOG OR MIST
DPTR FM NORMAL:     M   DPTR FM NORMAL:       M    2 = FOG REDUCING VISIBILITY
HIGHEST:   101 ON 20    GRTST 24HR  0.02 ON 21-21      TO 1/4 MILE OR LESS
LOWEST:     51 ON 17                               3 = THUNDER
                        SNOW, ICE PELLETS, HAIL    4 = ICE PELLETS
                        TOTAL MONTH:   0.0 INCH    5 = HAIL
                        GRTST 24HR     0.0         6 = FREEZING RAIN OR DRIZZLE
                        GRTST DEPTH:   0           7 = DUSTSTORM OR SANDSTORM:
                                                       VSBY 1/2 MILE OR LESS
                                                   8 = SMOKE OR HAZE
[NO. OF DAYS WITH]      [WEATHER - DAYS WITH]      9 = BLOWING SNOW
                                                   X = TORNADO
MAX 32 OR BELOW:   0    0.01 INCH OR MORE:   1
MAX 90 OR ABOVE:  14    0.10 INCH OR MORE:   0
MIN 32 OR BELOW:   0    0.50 INCH OR MORE:   0
MIN  0 OR BELOW:   0    1.00 INCH OR MORE:   0

[HDD (BASE 65) ]
TOTAL THIS MO.     0    CLEAR  (SCALE 0-3)  22
DPTR FM NORMAL     M    PTCLDY (SCALE 4-7)   0
TOTAL FM JUL 1     0    CLOUDY (SCALE 8-10)  0
DPTR FM NORMAL     M

[CDD (BASE 65) ]
TOTAL THIS MO.   225
DPTR FM NORMAL     M    [PRESSURE DATA]
TOTAL FM JAN 1   628    HIGHEST SLP M ON M
DPTR FM NORMAL     M    LOWEST  SLP 29.59 ON 17

[REMARKS]
