000
CXUS55 KBOU 250816
CF6GXY
PRELIMINARY LOCAL CLIMATOLOGICAL DATA (WS FORM: F-6)

                                          STATION:   GREELEY  CO
                                          MONTH:     APRIL
                                          YEAR:      2019
                                          LATITUDE:   40 25 N
                                          LONGITUDE: 104 38 W

  TEMPERATURE IN F:       :PCPN:    SNOW:  WIND      :SUNSHINE: SKY     :PK WND
================================================================================
1   2   3   4   5  6A  6B    7    8   9   10  11  12  13   14  15   16   17  18
                                     12Z  AVG MX 2MIN
DY MAX MIN AVG DEP HDD CDD  WTR  SNW DPTH SPD SPD DIR MIN PSBL S-S WX    SPD DR
================================================================================

 1  59  23  41   M  24   0    M    M    M  9.4 25 330   M    M   1        32 300
 2  57  36  47   M  18   0    M    M    M  7.2 16  60   M    M   3        20 150
 3  65  38  52   M  13   0    M    M    M  5.7 20  30   M    M   2 13     24  30
 4  68  30  49   M  16   0    M    M    M  2.9  7 140   M    M   1 12      M  M
 5  74  37  56   M   9   0    M    M    M  6.1 17  30   M    M   1        31 310
 6  72  41  57   M   8   0    M    M    M  8.7 28 330   M    M   1        39 330
 7  72  36  54   M  11   0    M    M    M  5.3 15 350   M    M   0         M  M
 8  77  36  57   M   8   0    M    M    M  6.8 15 320   M    M   0        22 340
 9  80  39  60   M   5   0    M    M    M  4.9 10 270   M    M   0 8       M  M
10  51  19  35   M  30   0    M    M    M 19.7 30  10   M    M   7 128    36  10
11  42  19  31   M  34   0    M    M    M 15.7 27  10   M    M   4 1      36 340
12  46  26  36   M  29   0    M    M    M  6.9 13 110   M    M   7 1       M  M
13  48  29  39   M  26   0    M    M    M  5.3 12 110   M    M   7 1       M  M
14  65  25  45   M  20   0    M    M    M  3.9  8 350   M    M   2 12      M  M
15  72  33  53   M  12   0    M    M    M  5.8 13  80   M    M   0         M  M
16  62  34  48   M  17   0    M    M    M  5.5 16 110   M    M   0 3      30 120
17  68  44  56   M   9   0    M    M    M 14.7 27  10   M    M   4        39  10
18  65  34  50   M  15   0    M    M    M 14.0 33 350   M    M   4        45 350
19  77  30  54   M  11   0    M    M    M  4.2 10 190   M    M   0         M  M
20  84  35  60   M   5   0    M    M    M  6.4 17 220   M    M   0        22 220
21   M   M   M   M   M   M    M    M    M 13.7 23 340   M    M   3 13     35 340
22  50  42  46   M  19   0    M    M    M  5.9 10  40   M    M  10         M  M
23  69  44  57   M   8   0    M    M    M  4.0  8 140   M    M   4 8       M  M
24  76  39  58   M   7   0    T    M    0  4.2 12  40   M    M   1 1      17 260
================================================================================
SM 1499  769       354   0    T     M    186.9          M       62
================================================================================
AV 65.2 33.4                               7.8 FASTST   M    M   3    MAX(MPH)
                                 MISC ---->  # 33 350               # 45  350
================================================================================
NOTES:
# LAST OF SEVERAL OCCURRENCES

COLUMN 17 PEAK WIND IN M.P.H.

PRELIMINARY LOCAL CLIMATOLOGICAL DATA (WS FORM: F-6) , PAGE 2

                                          STATION:  GREELEY  CO
                                          MONTH:    APRIL
                                          YEAR:     2019
                                          LATITUDE:   40 25 N
                                          LONGITUDE: 104 38 W

[TEMPERATURE DATA]      [PRECIPITATION DATA]       SYMBOLS USED IN COLUMN 16

AVERAGE MONTHLY: 49.3   TOTAL FOR MONTH:      T    1 = FOG OR MIST
DPTR FM NORMAL:     M   DPTR FM NORMAL:       M    2 = FOG REDUCING VISIBILITY
HIGHEST:    84 ON 20    GRTST 24HR    T  ON 24-24      TO 1/4 MILE OR LESS
LOWEST:     19 ON 11,10                            3 = THUNDER
                        SNOW, ICE PELLETS, HAIL    4 = ICE PELLETS
                        TOTAL MONTH:    M          5 = HAIL
                        GRTST 24HR    M  ON   M    6 = FREEZING RAIN OR DRIZZLE
                        GRTST DEPTH:   0           7 = DUSTSTORM OR SANDSTORM:
                                                       VSBY 1/2 MILE OR LESS
                                                   8 = SMOKE OR HAZE
[NO. OF DAYS WITH]      [WEATHER - DAYS WITH]      9 = BLOWING SNOW
                                                   X = TORNADO
MAX 32 OR BELOW:   0    0.01 INCH OR MORE:   0
MAX 90 OR ABOVE:   0    0.10 INCH OR MORE:   0
MIN 32 OR BELOW:   8    0.50 INCH OR MORE:   0
MIN  0 OR BELOW:   0    1.00 INCH OR MORE:   0

[HDD (BASE 65) ]
TOTAL THIS MO.   354    CLEAR  (SCALE 0-3)  16
DPTR FM NORMAL     M    PTCLDY (SCALE 4-7)   7
TOTAL FM JUL 1  5990    CLOUDY (SCALE 8-10)  1
DPTR FM NORMAL     M

[CDD (BASE 65) ]
TOTAL THIS MO.     0
DPTR FM NORMAL     M    [PRESSURE DATA]
TOTAL FM JAN 1     0    HIGHEST SLP M ON M
DPTR FM NORMAL     M    LOWEST  SLP 29.30 ON 10

[REMARKS]
