000
CXUS54 KEWX 180910
CF6GYB
PRELIMINARY LOCAL CLIMATOLOGICAL DATA (WS FORM: F-6)

                                          STATION:   Giddings-Lee County Airport
                                          MONTH:     AUGUST
                                          YEAR:      2019
                                          LATITUDE:   30 10 N
                                          LONGITUDE:  96 59 W

  TEMPERATURE IN F:       :PCPN:    SNOW:  WIND      :SUNSHINE: SKY     :PK WND
================================================================================
1   2   3   4   5  6A  6B    7    8   9   10  11  12  13   14  15   16   17  18
                                     12Z  AVG MX 2MIN
DY MAX MIN AVG DEP HDD CDD  WTR  SNW DPTH SPD SPD DIR MIN PSBL S-S WX    SPD DR
================================================================================

 1 101  76  89   M   0  24 0.00    M    M  2.4  7  80   M    M   3         M  M
 2 101  76  89   M   0  24 0.00    M    M  3.5  7 110   M    M   1 8       M  M
 3  94  79  87   M   0  22 0.00    M    M  1.0  5 240   M    M   2         M  M
 4  98  77  88   M   0  23 0.13    M    M  1.9 13 130   M    M   3        18 130
 5 101  76  89   M   0  24 0.00    M    M  2.6  8 270   M    M   1 1       M  M
 6 102  77  90   M   0  25 0.00    M    M  3.3  8 160   M    M   2 1      16 150
 7 102  79  91   M   0  26 0.00    M    M  6.1 12 220   M    M   3 1      17 220
 8 104  81  93   M   0  28 0.00    M    M  7.2 12 190   M    M   4        18 230
 9 104  80  92   M   0  27 0.00    M    M  7.7 13 190   M    M   3 1      18 190
10 103  79  91   M   0  26 0.00    M    M  5.4 12 180   M    M   2 1      17 180
11 104  79  92   M   0  27 0.00    M    M  5.3 10 210   M    M   3 1       M  M
12 105  82  94   M   0  29 0.00    M    M  7.0 12 200   M    M   2        20 200
13 104  81  93   M   0  28 0.00    M    M  5.8  9 210   M    M   3 1       M  M
14 104  81  93   M   0  28 0.00    M    M  4.4 16  90   M    M   2        21 110
15 103  78  91   M   0  26 0.00    M    M  2.1  8 130   M    M   2         M  M
16 104  78  91   M   0  26 0.00    M    M  4.1 10 150   M    M   1        16 150
17 103  79  91   M   0  26 0.00    M    M  7.3 12 210   M    M   2        20 170
================================================================================
SM 1737 1338         0 439  0.13    M     77.1          M       39
================================================================================
AV102.2 78.7                               4.5 FASTST   M    M   2    MAX(MPH)
                                 MISC ---->  # 16  90               # 21  110
================================================================================
NOTES:
# LAST OF SEVERAL OCCURRENCES

COLUMN 17 PEAK WIND IN M.P.H.

PRELIMINARY LOCAL CLIMATOLOGICAL DATA (WS FORM: F-6) , PAGE 2

                                          STATION:  Giddings-Lee County Airport
                                          MONTH:    AUGUST
                                          YEAR:     2019
                                          LATITUDE:   30 10 N
                                          LONGITUDE:  96 59 W

[TEMPERATURE DATA]      [PRECIPITATION DATA]       SYMBOLS USED IN COLUMN 16

AVERAGE MONTHLY: 90.4   TOTAL FOR MONTH:   0.13    1 = FOG OR MIST
DPTR FM NORMAL:     M   DPTR FM NORMAL:       M    2 = FOG REDUCING VISIBILITY
HIGHEST:   105 ON 12    GRTST 24HR  0.13 ON  4- 4      TO 1/4 MILE OR LESS
LOWEST:     76 ON  5, 2                            3 = THUNDER
                        SNOW, ICE PELLETS, HAIL    4 = ICE PELLETS
                        TOTAL MONTH:    M          5 = HAIL
                        GRTST 24HR    M  ON   M    6 = FREEZING RAIN OR DRIZZLE
                        GRTST DEPTH:  M  ON   M    7 = DUSTSTORM OR SANDSTORM:
                                                       VSBY 1/2 MILE OR LESS
                                                   8 = SMOKE OR HAZE
[NO. OF DAYS WITH]      [WEATHER - DAYS WITH]      9 = BLOWING SNOW
                                                   X = TORNADO
MAX 32 OR BELOW:   0    0.01 INCH OR MORE:   1
MAX 90 OR ABOVE:  17    0.10 INCH OR MORE:   1
MIN 32 OR BELOW:   0    0.50 INCH OR MORE:   0
MIN  0 OR BELOW:   0    1.00 INCH OR MORE:   0

[HDD (BASE 65) ]
TOTAL THIS MO.     0    CLEAR  (SCALE 0-3)  16
DPTR FM NORMAL     M    PTCLDY (SCALE 4-7)   1
TOTAL FM JUL 1     0    CLOUDY (SCALE 8-10)  0
DPTR FM NORMAL     M

[CDD (BASE 65) ]
TOTAL THIS MO.   439
DPTR FM NORMAL     M    [PRESSURE DATA]
TOTAL FM JAN 1  2340    HIGHEST SLP M ON M
DPTR FM NORMAL     M    LOWEST  SLP M ON M

[REMARKS]
