000
CXUS51 KGYX 240900
CF6GYX
PRELIMINARY LOCAL CLIMATOLOGICAL DATA (WS FORM: F-6)

                                          STATION:   GRAY ME
                                          MONTH:     APRIL
                                          YEAR:      2019
                                          LATITUDE:   43 53 N
                                          LONGITUDE:  70 15 W

  TEMPERATURE IN F:       :PCPN:    SNOW:  WIND      :SUNSHINE: SKY     :PK WND
================================================================================
1   2   3   4   5  6A  6B    7    8   9   10  11  12  13   14  15   16   17  18
                                     12Z  AVG MX 2MIN
DY MAX MIN AVG DEP HDD CDD  WTR  SNW DPTH SPD SPD DIR MIN PSBL S-S WX    SPD DR
================================================================================

 1  37  26  32  -6  33   0 0.00  0.0    5   M   M   M   M    M   M         M  M
 2  46  24  35  -4  30   0 0.00  0.0    4   M   M   M   M    M   M         M  M
 3  56  32  44   5  21   0 0.10  0.7    3   M   M   M   M    M   M         M  M
 4  41  30  36  -3  29   0 0.00  0.0    1   M   M   M   M    M   M         M  M
 5  47  23  35  -5  30   0 0.01    T    1   M   M   M   M    M   M 4       M  M
 6  58  32  45   5  20   0 0.15    T    T   M   M   M   M    M   M 4       M  M
 7  59  33  46   5  19   0    T  0.0    T   M   M   M   M    M   M         M  M
 8  45  26  36  -5  29   0 0.60  3.2    T   M   M   M   M    M   M         M  M
 9  32  25  29 -13  36   0 0.16  1.0    3   M   M   M   M    M   M         M  M
10  39  28  34  -8  31   0 0.02  0.1    4   M   M   M   M    M   M         M  M
11  50  27  39  -3  26   0 0.00  0.0    4   M   M   M   M    M   M         M  M
12  45  34  40  -3  25   0    T  0.0    2   M   M   M   M    M   M         M  M
13  71  39  55  12  10   0 0.08  0.0    T   M   M   M   M    M   M         M  M
14  60  40  50   6  15   0 0.12  0.0    T   M   M   M   M    M   M         M  M
15  59  39  49   5  16   0 0.64  0.0    T   M   M   M   M    M   M         M  M
16  46  37  42  -2  23   0 0.00  0.0    T   M   M   M   M    M   M         M  M
17  58  34  46   1  19   0 0.00  0.0    T   M   M   M   M    M   M         M  M
18  44  34  39  -6  26   0 0.08  0.0    0   M   M   M   M    M   M 1       M  M
19  69  41  55   9  10   0 0.01  0.0    0   M   M   M   M    M   M 1       M  M
20  62  51  57  11   8   0 0.19  0.0    0   M   M   M   M    M   M 12      M  M
21  59  48  54   7  11   0 0.06  0.0    0   M   M   M   M    M   M         M  M
22  61  46  54   7  11   0 0.56  0.0    0   M   M   M   M    M   M         M  M
23  49  40  45  -2  20   0 0.14  0.0    0   M   M   M   M    M   M         M  M
================================================================================
SM 1193  789       498   0  2.92     5.0     M          M        M
================================================================================
AV 51.9 34.3                                 M FASTST   M    M   7    MAX(MPH)
                                 MISC ---->     M   M                  M    M
================================================================================
NOTES:
# LAST OF SEVERAL OCCURRENCES

COLUMN 17 PEAK WIND IN M.P.H.

PRELIMINARY LOCAL CLIMATOLOGICAL DATA (WS FORM: F-6) , PAGE 2

                                          STATION:  GRAY ME
                                          MONTH:    APRIL
                                          YEAR:     2019
                                          LATITUDE:   43 53 N
                                          LONGITUDE:  70 15 W

[TEMPERATURE DATA]      [PRECIPITATION DATA]       SYMBOLS USED IN COLUMN 16

AVERAGE MONTHLY: 43.1   TOTAL FOR MONTH:   2.92    1 = FOG OR MIST
DPTR FM NORMAL:   0.3   DPTR FM NORMAL:   -0.44    2 = FOG REDUCING VISIBILITY
HIGHEST:    71 ON 13    GRTST 24HR  0.64 ON 15-15      TO 1/4 MILE OR LESS
LOWEST:     23 ON  5                               3 = THUNDER
                        SNOW, ICE PELLETS, HAIL    4 = ICE PELLETS
                        TOTAL MONTH:   5.0 INCHES  5 = HAIL
                        GRTST 24HR   3.2 ON  8- 8  6 = FREEZING RAIN OR DRIZZLE
                        GRTST DEPTH:   5 ON  1     7 = DUSTSTORM OR SANDSTORM:
                                                       VSBY 1/2 MILE OR LESS
                                                   8 = SMOKE OR HAZE
[NO. OF DAYS WITH]      [WEATHER - DAYS WITH]      9 = BLOWING SNOW
                                                   X = TORNADO
MAX 32 OR BELOW:   1    0.01 INCH OR MORE:  15
MAX 90 OR ABOVE:   0    0.10 INCH OR MORE:   9
MIN 32 OR BELOW:  10    0.50 INCH OR MORE:   3
MIN  0 OR BELOW:   0    1.00 INCH OR MORE:   0

[HDD (BASE 65) ]
TOTAL THIS MO.   498    CLEAR  (SCALE 0-3)   0
DPTR FM NORMAL   -12    PTCLDY (SCALE 4-7)   0
TOTAL FM JUL 1  6954    CLOUDY (SCALE 8-10)  0
DPTR FM NORMAL   293

[CDD (BASE 65) ]
TOTAL THIS MO.     0
DPTR FM NORMAL     0    [PRESSURE DATA]
TOTAL FM JAN 1     0    HIGHEST SLP M ON M
DPTR FM NORMAL     0    LOWEST  SLP M ON M

[REMARKS]
