000
CXUS51 KILN 231233
CF6HAO
PRELIMINARY LOCAL CLIMATOLOGICAL DATA (WS FORM: F-6)

                                          STATION:   HAMILTON
                                          MONTH:     AUGUST
                                          YEAR:      2019
                                          LATITUDE:   39 21 N
                                          LONGITUDE:  84 31 W

  TEMPERATURE IN F:       :PCPN:    SNOW:  WIND      :SUNSHINE: SKY     :PK WND
================================================================================
1   2   3   4   5  6A  6B    7    8   9   10  11  12  13   14  15   16   17  18
                                     12Z  AVG MX 2MIN
DY MAX MIN AVG DEP HDD CDD  WTR  SNW DPTH SPD SPD DIR MIN PSBL S-S WX    SPD DR
================================================================================

 1  88  62  75   0   0  10    T    M    M  2.9 18  50   M    M   2        26  50
 2  88  62  75   0   0  10 0.00    M    M  4.1 10 350   M    M   2        15  40
 3  87  59  73  -2   0   8 0.00    M    M  1.9 10 350   M    M   0        14 340
 4  90  57  74  -1   0   9 0.00    M    M  1.6  9 320   M    M   1        12  10
 5  90  63  77   2   0  12 0.00    M    M  1.9 13 300   M    M   1        17 270
 6  86  65  76   1   0  11    T    M    M  2.7 15 260   M    M   2 138    22 260
 7  87  66  77   2   0  12 0.00    M    M  4.1 14 300   M    M   2 1      19 290
 8  90  63  77   3   0  12    T    M    M  4.5 13 270   M    M   2        20 260
 9  87  62  75   1   0  10 0.00    M    M  4.3 14 310   M    M   2        19 300
10  85  55  70  -4   0   5 0.00    M    M  3.1 13 350   M    M   0        16  30
11  87  57  72  -2   0   7 0.00    M    M  1.4  9 100   M    M   0        13 100
12  84  62  73  -1   0   8    T    M    M  1.8  8 240   M    M   2 1      12 260
13  86  71  79   5   0  14    M    M    M  5.8 22 330   M    M   5 13     32 320
14  89  67  78   4   0  13    T    M    M  2.0 10 330   M    M   4 128    13 310
15  85  65  75   1   0  10 0.00    M    M  4.0 14 300   M    M   2 1      18 280
16  87  62  75   1   0  10 0.00    M    M  1.9  9 260   M    M   2 1      14 270
17  87  66  77   3   0  12 0.32    M    M  1.5 29 290   M    M   2 13     35 300
18  93  68  81   7   0  16    T    M    M  3.6 29 300   M    M   1 1      36 300
19  93  68  81   8   0  16 0.00  0.0    0  1.9  9 330   M    M   2 18     12 260
20  91  67  79   6   0  14 0.28    M    M  2.3 23 250   M    M   1 13     32 240
21  86  68  77   4   0  12 0.00    M    M  3.6 13 290   M    M   5 1      18 290
22  79  69  74   1   0   9 0.14    M    M  3.0 15 260   M    M   6 1      23 260
================================================================================
SM 1925 1404         0 240  0.74     0.0  63.9          M       46
================================================================================
AV 87.5 63.8                               2.9 FASTST   M    M   2    MAX(MPH)
                                 MISC ---->  # 29 290               # 36  300
================================================================================
NOTES:
# LAST OF SEVERAL OCCURRENCES

COLUMN 17 PEAK WIND IN M.P.H.

PRELIMINARY LOCAL CLIMATOLOGICAL DATA (WS FORM: F-6) , PAGE 2

                                          STATION:  HAMILTON
                                          MONTH:    AUGUST
                                          YEAR:     2019
                                          LATITUDE:   39 21 N
                                          LONGITUDE:  84 31 W

[TEMPERATURE DATA]      [PRECIPITATION DATA]       SYMBOLS USED IN COLUMN 16

AVERAGE MONTHLY: 75.7   TOTAL FOR MONTH:   0.74    1 = FOG OR MIST
DPTR FM NORMAL:   1.5   DPTR FM NORMAL:   -1.61    2 = FOG REDUCING VISIBILITY
HIGHEST:    93 ON 19,18 GRTST 24HR  0.32 ON 17-17      TO 1/4 MILE OR LESS
LOWEST:     55 ON 10                               3 = THUNDER
                        SNOW, ICE PELLETS, HAIL    4 = ICE PELLETS
                        TOTAL MONTH:   0.0 INCH    5 = HAIL
                        GRTST 24HR     0.0         6 = FREEZING RAIN OR DRIZZLE
                        GRTST DEPTH:   0           7 = DUSTSTORM OR SANDSTORM:
                                                       VSBY 1/2 MILE OR LESS
                                                   8 = SMOKE OR HAZE
[NO. OF DAYS WITH]      [WEATHER - DAYS WITH]      9 = BLOWING SNOW
                                                   X = TORNADO
MAX 32 OR BELOW:   0    0.01 INCH OR MORE:   3
MAX 90 OR ABOVE:   6    0.10 INCH OR MORE:   3
MIN 32 OR BELOW:   0    0.50 INCH OR MORE:   0
MIN  0 OR BELOW:   0    1.00 INCH OR MORE:   0

[HDD (BASE 65) ]
TOTAL THIS MO.     0    CLEAR  (SCALE 0-3)  18
DPTR FM NORMAL     0    PTCLDY (SCALE 4-7)   4
TOTAL FM JUL 1     0    CLOUDY (SCALE 8-10)  0
DPTR FM NORMAL     0

[CDD (BASE 65) ]
TOTAL THIS MO.   240
DPTR FM NORMAL    39    [PRESSURE DATA]
TOTAL FM JAN 1   947    HIGHEST SLP M ON M
DPTR FM NORMAL   244    LOWEST  SLP 29.75 ON 13

[REMARKS]
