000
CXUS51 KILN 201634
CF6HAO
PRELIMINARY LOCAL CLIMATOLOGICAL DATA (WS FORM: F-6)

                                          STATION:   HAMILTON
                                          MONTH:     APRIL
                                          YEAR:      2019
                                          LATITUDE:   39 21 N
                                          LONGITUDE:  84 31 W

  TEMPERATURE IN F:       :PCPN:    SNOW:  WIND      :SUNSHINE: SKY     :PK WND
================================================================================
1   2   3   4   5  6A  6B    7    8   9   10  11  12  13   14  15   16   17  18
                                     12Z  AVG MX 2MIN
DY MAX MIN AVG DEP HDD CDD  WTR  SNW DPTH SPD SPD DIR MIN PSBL S-S WX    SPD DR
================================================================================

 1  47  21  34 -15  31   0 0.00    M    M  2.0  9 110   M    M   0        13 120
 2  60  30  45  -4  20   0 0.00    M    M  2.7 15 260   M    M   0        17 260
 3  63  33  48  -1  17   0 0.00    M    M  2.9 13 250   M    M   2        17 250
 4  65  42  54   4  11   0 0.00    M    M  8.7 20  90   M    M   2        26  80
 5  61  47  54   4  11   0 0.05    M    M  3.0  8  90   M    M  10        10  80
 6  71  49  60  10   5   0 0.00    M    M  0.9  8 100   M    M   7 18     11 200
 7  73  46  60   9   5   0 0.02    M    M  5.0 17 210   M    M   6 1      26 220
 8  74  53  64  13   1   0    T    M    M  4.1 12 220   M    M   3        16 230
 9  70  44  57   5   8   0 0.00    M    M  6.5 17 360   M    M   0 12     23 320
10  66  39  53   1  12   0 0.00    M    M  5.5 18  60   M    M   3        26  70
11  83  45  64  12   1   0 0.00    M    M  7.8 17 200   M    M   1        29 220
12  76  47  62   9   3   0 0.15    M    M  8.8 24 290   M    M   3 138    30 290
13  68  39  54   1  11   0 0.01    M    M  3.0 12  30   M    M   3        16  20
14  77  38  58   5   7   0 0.73    M    M 13.2 31 250   M    M   8 13     46 250
15  55  35  45  -9  20   0 0.01    M    M  9.2 21 290   M    M   6 1      31 300
16  76  41  59   5   6   0 0.00    M    M  5.4 17 250   M    M   0        25 220
17  76  49  63   9   2   0 0.00    M    M  4.8 13 210   M    M   1        23 230
18  78  58  68  13   0   3    T    M    M  8.4 21 210   M    M   6        31 210
19  58  43  51  -4  14   0 0.74    M    M 12.0 29  30   M    M  10 1      41  10
================================================================================
SM 1297  799       185   3  1.71    M    113.9          M       71
================================================================================
AV 68.3 42.1                               6.0 FASTST   M    M   4    MAX(MPH)
                                 MISC ---->  # 31 250               # 46  250
================================================================================
NOTES:
# LAST OF SEVERAL OCCURRENCES

COLUMN 17 PEAK WIND IN M.P.H.

PRELIMINARY LOCAL CLIMATOLOGICAL DATA (WS FORM: F-6) , PAGE 2

                                          STATION:  HAMILTON
                                          MONTH:    APRIL
                                          YEAR:     2019
                                          LATITUDE:   39 21 N
                                          LONGITUDE:  84 31 W

[TEMPERATURE DATA]      [PRECIPITATION DATA]       SYMBOLS USED IN COLUMN 16

AVERAGE MONTHLY: 55.2   TOTAL FOR MONTH:   1.71    1 = FOG OR MIST
DPTR FM NORMAL:   3.3   DPTR FM NORMAL:   -0.69    2 = FOG REDUCING VISIBILITY
HIGHEST:    83 ON 11    GRTST 24HR  0.74 ON 19-19      TO 1/4 MILE OR LESS
LOWEST:     21 ON  1                               3 = THUNDER
                        SNOW, ICE PELLETS, HAIL    4 = ICE PELLETS
                        TOTAL MONTH:    M          5 = HAIL
                        GRTST 24HR    M  ON   M    6 = FREEZING RAIN OR DRIZZLE
                        GRTST DEPTH:  M  ON   M    7 = DUSTSTORM OR SANDSTORM:
                                                       VSBY 1/2 MILE OR LESS
                                                   8 = SMOKE OR HAZE
[NO. OF DAYS WITH]      [WEATHER - DAYS WITH]      9 = BLOWING SNOW
                                                   X = TORNADO
MAX 32 OR BELOW:   0    0.01 INCH OR MORE:   7
MAX 90 OR ABOVE:   0    0.10 INCH OR MORE:   3
MIN 32 OR BELOW:   2    0.50 INCH OR MORE:   2
MIN  0 OR BELOW:   0    1.00 INCH OR MORE:   0

[HDD (BASE 65) ]
TOTAL THIS MO.   185    CLEAR  (SCALE 0-3)  11
DPTR FM NORMAL   -64    PTCLDY (SCALE 4-7)   5
TOTAL FM JUL 1  4863    CLOUDY (SCALE 8-10)  3
DPTR FM NORMAL   -49

[CDD (BASE 65) ]
TOTAL THIS MO.     3
DPTR FM NORMAL     3    [PRESSURE DATA]
TOTAL FM JAN 1     3    HIGHEST SLP M ON M
DPTR FM NORMAL     3    LOWEST  SLP 29.25 ON 14

[REMARKS]
