000
CXUS51 KILN 191342
CF6HAO
PRELIMINARY LOCAL CLIMATOLOGICAL DATA (WS FORM: F-6)

                                          STATION:   HAMILTON
                                          MONTH:     FEBRUARY
                                          YEAR:      2019
                                          LATITUDE:   39 21 N
                                          LONGITUDE:  84 31 W

  TEMPERATURE IN F:       :PCPN:    SNOW:  WIND      :SUNSHINE: SKY     :PK WND
================================================================================
1   2   3   4   5  6A  6B    7    8   9   10  11  12  13   14  15   16   17  18
                                     12Z  AVG MX 2MIN
DY MAX MIN AVG DEP HDD CDD  WTR  SNW DPTH SPD SPD DIR MIN PSBL S-S WX    SPD DR
================================================================================

 1  26  10  18 -13  47   0 0.13    M    M  3.0  8  90   M    M   9 18     10  80
 2  46   6  26  -5  39   0 0.00    M    M  1.7  7 170   M    M   6 128    10 170
 3  65  30  48  17  17   0 0.00    M    M  2.5 13 200   M    M   5 1      19 250
 4  60  32  46  15  19   0 0.09    M    M  4.6 13 210   M    M   6 1      22 200
 5  55  41  48  17  17   0 0.11    M    M  4.6 13 320   M    M   9 12     16 320
 6  60  41  51  19  14   0 1.77    M    M  2.7 16 330   M    M   8 12     20 330
 7  65  36  51  19  14   0 1.29    M    M  6.2 30 290   M    M  10 123    38 290
 8  36  19  28  -4  37   0 0.00    M    M 14.4 23 260   M    M   5        31 300
 9  30  14  22 -10  43   0 0.00    M    M  5.9 13 310   M    M   0        17  70
10  35  17  26  -6  39   0 0.07    M    M  2.5  7  50   M    M   7 1       9 130
11  42  34  38   6  27   0 0.65    M    M  4.2 15  90   M    M  10 1      19  90
12  52  30  41   8  24   0 0.78    M    M 10.6 28 250   M    M  10 1      40 270
13  37  27  32  -1  33   0    T    M    M 13.6 25 260   M    M   5 1      35 250
14  56  30  43  10  22   0 0.00    M    M  5.8 14 210   M    M   2        26 180
15  53  28  41   8  24   0    T    M    M 10.3 22 300   M    M   6 8      28 300
16  35  23  29  -4  36   0 0.00    M    M  7.5 15  80   M    M   3        19  70
17  33  25  29  -5  36   0 0.02    M    M  6.3 14  90   M    M   7 146    17 260
18  34  23  29  -5  36   0    T    M    M  9.0 17 290   M    M   9 1      24 280
================================================================================
SM  820  466       524   0  4.91    M    115.4          M      117
================================================================================
AV 45.6 25.9                               6.4 FASTST   M    M   7    MAX(MPH)
                                 MISC ---->  # 30 290               # 40  270
================================================================================
NOTES:
# LAST OF SEVERAL OCCURRENCES

COLUMN 17 PEAK WIND IN M.P.H.

PRELIMINARY LOCAL CLIMATOLOGICAL DATA (WS FORM: F-6) , PAGE 2

                                          STATION:  HAMILTON
                                          MONTH:    FEBRUARY
                                          YEAR:     2019
                                          LATITUDE:   39 21 N
                                          LONGITUDE:  84 31 W

[TEMPERATURE DATA]      [PRECIPITATION DATA]       SYMBOLS USED IN COLUMN 16

AVERAGE MONTHLY: 35.7   TOTAL FOR MONTH:   4.91    1 = FOG OR MIST
DPTR FM NORMAL:   3.5   DPTR FM NORMAL:    3.19    2 = FOG REDUCING VISIBILITY
HIGHEST:    65 ON  7, 3 GRTST 24HR  1.77 ON  6- 6      TO 1/4 MILE OR LESS
LOWEST:      6 ON  2                               3 = THUNDER
                        SNOW, ICE PELLETS, HAIL    4 = ICE PELLETS
                        TOTAL MONTH:    M          5 = HAIL
                        GRTST 24HR    M  ON   M    6 = FREEZING RAIN OR DRIZZLE
                        GRTST DEPTH:  M  ON   M    7 = DUSTSTORM OR SANDSTORM:
                                                       VSBY 1/2 MILE OR LESS
                                                   8 = SMOKE OR HAZE
[NO. OF DAYS WITH]      [WEATHER - DAYS WITH]      9 = BLOWING SNOW
                                                   X = TORNADO
MAX 32 OR BELOW:   2    0.01 INCH OR MORE:   9
MAX 90 OR ABOVE:   0    0.10 INCH OR MORE:   6
MIN 32 OR BELOW:  14    0.50 INCH OR MORE:   4
MIN  0 OR BELOW:   0    1.00 INCH OR MORE:   2

[HDD (BASE 65) ]
TOTAL THIS MO.   524    CLEAR  (SCALE 0-3)   3
DPTR FM NORMAL   -66    PTCLDY (SCALE 4-7)   9
TOTAL FM JUL 1  3633    CLOUDY (SCALE 8-10)  6
DPTR FM NORMAL   -35

[CDD (BASE 65) ]
TOTAL THIS MO.     0
DPTR FM NORMAL     0    [PRESSURE DATA]
TOTAL FM JAN 1     0    HIGHEST SLP M ON M
DPTR FM NORMAL     0    LOWEST  SLP 29.53 ON 12

[REMARKS]
