000
CXUS54 KOUN 190700
CF6HBR
PRELIMINARY LOCAL CLIMATOLOGICAL DATA (WS FORM: F-6)

                                          STATION:   HOBART
                                          MONTH:     FEBRUARY
                                          YEAR:      2019
                                          LATITUDE:   35  0 N
                                          LONGITUDE:  99  3 W

  TEMPERATURE IN F:       :PCPN:    SNOW:  WIND      :SUNSHINE: SKY     :PK WND
================================================================================
1   2   3   4   5  6A  6B    7    8   9   10  11  12  13   14  15   16   17  18
                                     12Z  AVG MX 2MIN
DY MAX MIN AVG DEP HDD CDD  WTR  SNW DPTH SPD SPD DIR MIN PSBL S-S WX    SPD DR
================================================================================

 1  62  44  53  13  12   0 0.00  0.0    0  8.7 22 170   M    M   7 12     26 170
 2  67  54  61  21   4   0 0.00  0.0    0 18.5 26 180   M    M   7 1      32 180
 3  77  50  64  24   1   0 0.00  0.0    0 20.5 33 190   M    M   0 1      40 210
 4  62  39  51  11  14   0 0.00  0.0    0 12.9 21  70   M    M   0 1      24  70
 5  51  34  43   3  22   0 0.00  0.0    0 12.0 22  80   M    M  10 128    25  90
 6  41  32  37  -3  28   0 0.07    M    0 13.1 25  20   M    M  10 123    31  10
 7  35  20  28 -12  37   0    T  0.0    0 18.3 30  10   M    M   3 16     35 360
 8  37  13  25 -16  40   0 0.00  0.0    0  6.0 16  30   M    M   1        19  30
 9  41  29  35  -6  30   0 0.00  0.0    0 10.6 21 170   M    M  10 18     25 170
10  45  33  39  -2  26   0 0.00  0.0    0 14.8 25 190   M    M  10 1      29 190
11  57  42  50   9  15   0 0.20  0.0    0 12.0 31 360   M    M   7 123    38 360
12  57  33  45   3  20   0 0.00  0.0    0 11.4 24  10   M    M   1        29 360
13  64  34  49   7  16   0 0.00  0.0    0 21.9 36 200   M    M   0        44 200
14  74  46  60  18   5   0 0.00  0.0    0 12.9 28  60   M    M   0        34  60
15  50  25  38  -4  27   0 0.00  0.0    0 18.5 26  20   M    M   4        32  20
16  39  23  31 -11  34   0 0.00  0.0    0  9.9 18  30   M    M   7 18     21 200
17  52  23  38  -5  27   0 0.00  0.0    0 11.3 21  60   M    M   4 1      29 330
18  35  21  28 -15  37   0 0.00  0.0    M 17.6 25  50   M    M   6        30  60
================================================================================
SM  946  595       395   0  0.27     0.0 250.9          M       87
================================================================================
AV 52.6 33.1                              13.9 FASTST   M    M   5    MAX(MPH)
                                 MISC ---->  # 36 200               # 44  200
================================================================================
NOTES:
# LAST OF SEVERAL OCCURRENCES

COLUMN 17 PEAK WIND IN M.P.H.

PRELIMINARY LOCAL CLIMATOLOGICAL DATA (WS FORM: F-6) , PAGE 2

                                          STATION:  HOBART
                                          MONTH:    FEBRUARY
                                          YEAR:     2019
                                          LATITUDE:   35  0 N
                                          LONGITUDE:  99  3 W

[TEMPERATURE DATA]      [PRECIPITATION DATA]       SYMBOLS USED IN COLUMN 16

AVERAGE MONTHLY: 42.8   TOTAL FOR MONTH:   0.27    1 = FOG OR MIST
DPTR FM NORMAL:   1.7   DPTR FM NORMAL:   -0.35    2 = FOG REDUCING VISIBILITY
HIGHEST:    77 ON  3    GRTST 24HR  0.20 ON 11-11      TO 1/4 MILE OR LESS
LOWEST:     13 ON  8                               3 = THUNDER
                        SNOW, ICE PELLETS, HAIL    4 = ICE PELLETS
                        TOTAL MONTH:   0.0 INCH    5 = HAIL
                        GRTST 24HR     0.0         6 = FREEZING RAIN OR DRIZZLE
                        GRTST DEPTH:   0           7 = DUSTSTORM OR SANDSTORM:
                                                       VSBY 1/2 MILE OR LESS
                                                   8 = SMOKE OR HAZE
[NO. OF DAYS WITH]      [WEATHER - DAYS WITH]      9 = BLOWING SNOW
                                                   X = TORNADO
MAX 32 OR BELOW:   0    0.01 INCH OR MORE:   2
MAX 90 OR ABOVE:   0    0.10 INCH OR MORE:   1
MIN 32 OR BELOW:   8    0.50 INCH OR MORE:   0
MIN  0 OR BELOW:   0    1.00 INCH OR MORE:   0

[HDD (BASE 65) ]
TOTAL THIS MO.   395    CLEAR  (SCALE 0-3)   6
DPTR FM NORMAL   -34    PTCLDY (SCALE 4-7)   8
TOTAL FM JUL 1  2643    CLOUDY (SCALE 8-10)  4
DPTR FM NORMAL   -92

[CDD (BASE 65) ]
TOTAL THIS MO.     0
DPTR FM NORMAL     0    [PRESSURE DATA]
TOTAL FM JAN 1     0    HIGHEST SLP M ON M
DPTR FM NORMAL     0    LOWEST  SLP 29.57 ON 14

[REMARKS]
