000
CXUS54 KOUN 230700
CF6HBR
PRELIMINARY LOCAL CLIMATOLOGICAL DATA (WS FORM: F-6)

                                          STATION:   HOBART
                                          MONTH:     AUGUST
                                          YEAR:      2019
                                          LATITUDE:   35  0 N
                                          LONGITUDE:  99  3 W

  TEMPERATURE IN F:       :PCPN:    SNOW:  WIND      :SUNSHINE: SKY     :PK WND
================================================================================
1   2   3   4   5  6A  6B    7    8   9   10  11  12  13   14  15   16   17  18
                                     12Z  AVG MX 2MIN
DY MAX MIN AVG DEP HDD CDD  WTR  SNW DPTH SPD SPD DIR MIN PSBL S-S WX    SPD DR
================================================================================

 1 104  76  90   6   0  25 0.00  0.0    0 13.4 22 180   M    M   0        28 180
 2 103  78  91   7   0  26 0.00  0.0    0 14.7 23 180   M    M   0        29 190
 3  96  76  86   2   0  21 0.00  0.0    0 10.2 18  80   M    M   2        22 170
 4  97  72  85   1   0  20 0.00  0.0    0  6.9 15  80   M    M   4        20  70
 5  99  72  86   2   0  21 0.00  0.0    0  6.3 17 170   M    M   2        21 170
 6 103  79  91   7   0  26    T  0.0    0  7.4 16 170   M    M   2 8      21 160
 7 107  81  94  10   0  29 0.00  0.0    0 12.9 22 220   M    M   2        28 200
 8 100  77  89   6   0  24 0.04  0.0    0  9.3 24 270   M    M   2 3      30 260
 9 100  76  88   5   0  23 0.01  0.0    0  9.2 16 160   M    M   2 1      21 140
10 107  80  94  11   0  29 0.00  0.0    0 12.1 20 220   M    M   1        24 210
11 108  78  93  10   0  28 0.00  0.0    0 15.2 22 170   M    M   0        30 180
12 101  76  89   6   0  24 0.01  0.0    0 12.1 20 180   M    M   0        32 350
13  94  73  84   1   0  19 0.64  0.0    0  8.7 16  80   M    M   2 13     20 290
14  97  70  84   1   0  19 0.00  0.0    0  7.1 24  20   M    M   1        29  30
15   M  71   M   M   M   M 0.00  0.0    0  7.8 13 270   M    M   0        46  90
16   M   M   M   M   M   M 0.00  0.0    0 15.2 21 210   M    M   0        24 200
17   M   M   M   M   M   M    M  0.0    0 15.3 25 160   M    M   0 38     50 270
18 103  75  89   7   0  24 0.00  0.0    0 15.8 24 190   M    M   0        32 180
19 104  77  91   9   0  26 0.00  0.0    0 13.0 20 190   M    M   0         M  M
20   M   M   M   M   M   M 0.00  0.0    0  8.1  8 220   M    M   0         M  M
21 103   M   M   M   M   M 0.00  0.0    0 12.4 16 200   M    M   0        23 200
22   M   M   M   M   M   M 0.00  0.0    0 11.0 16 320   M    M   3         M  M
================================================================================
SM 1726 1287         0 384  0.70     0.0 244.1          M       23
================================================================================
AV101.5 75.7                              11.1 FASTST   M    M   1    MAX(MPH)
                                 MISC ---->  # 25 160               # 50  270
================================================================================
NOTES:
# LAST OF SEVERAL OCCURRENCES

COLUMN 17 PEAK WIND IN M.P.H.

PRELIMINARY LOCAL CLIMATOLOGICAL DATA (WS FORM: F-6) , PAGE 2

                                          STATION:  HOBART
                                          MONTH:    AUGUST
                                          YEAR:     2019
                                          LATITUDE:   35  0 N
                                          LONGITUDE:  99  3 W

[TEMPERATURE DATA]      [PRECIPITATION DATA]       SYMBOLS USED IN COLUMN 16

AVERAGE MONTHLY: 88.6   TOTAL FOR MONTH:   0.70    1 = FOG OR MIST
DPTR FM NORMAL:   5.6   DPTR FM NORMAL:   -1.21    2 = FOG REDUCING VISIBILITY
HIGHEST:   108 ON 11    GRTST 24HR  0.64 ON 13-13      TO 1/4 MILE OR LESS
LOWEST:     70 ON 14                               3 = THUNDER
                        SNOW, ICE PELLETS, HAIL    4 = ICE PELLETS
                        TOTAL MONTH:   0.0 INCH    5 = HAIL
                        GRTST 24HR     0.0         6 = FREEZING RAIN OR DRIZZLE
                        GRTST DEPTH:   0           7 = DUSTSTORM OR SANDSTORM:
                                                       VSBY 1/2 MILE OR LESS
                                                   8 = SMOKE OR HAZE
[NO. OF DAYS WITH]      [WEATHER - DAYS WITH]      9 = BLOWING SNOW
                                                   X = TORNADO
MAX 32 OR BELOW:   0    0.01 INCH OR MORE:   4
MAX 90 OR ABOVE:  17    0.10 INCH OR MORE:   1
MIN 32 OR BELOW:   0    0.50 INCH OR MORE:   1
MIN  0 OR BELOW:   0    1.00 INCH OR MORE:   0

[HDD (BASE 65) ]
TOTAL THIS MO.     0    CLEAR  (SCALE 0-3)  21
DPTR FM NORMAL     0    PTCLDY (SCALE 4-7)   1
TOTAL FM JUL 1     0    CLOUDY (SCALE 8-10)  0
DPTR FM NORMAL     0

[CDD (BASE 65) ]
TOTAL THIS MO.   384
DPTR FM NORMAL   -12    [PRESSURE DATA]
TOTAL FM JAN 1  1601    HIGHEST SLP M ON M
DPTR FM NORMAL    20    LOWEST  SLP 29.67 ON 17

[REMARKS]
