000
CXUS53 KGID 180730
CF6HDE
PRELIMINARY LOCAL CLIMATOLOGICAL DATA (WS FORM: F-6)

                                          STATION:   HOLDREGE
                                          MONTH:     APRIL
                                          YEAR:      2019
                                          LATITUDE:   40 27 N
                                          LONGITUDE:  99 20 W

  TEMPERATURE IN F:       :PCPN:    SNOW:  WIND      :SUNSHINE: SKY     :PK WND
================================================================================
1   2   3   4   5  6A  6B    7    8   9   10  11  12  13   14  15   16   17  18
                                     12Z  AVG MX 2MIN
DY MAX MIN AVG DEP HDD CDD  WTR  SNW DPTH SPD SPD DIR MIN PSBL S-S WX    SPD DR
================================================================================

 1  62  29  46   2  19   0    T    M    M  7.1 16  10   M    M   4        21  10
 2  57  31  44   0  21   0 0.00    M    M  5.0 10 360   M    M   6 1       M  M
 3  57  37  47   2  18   0    T    M    M 10.9 17 130   M    M   8 8      23 130
 4  62  40  51   6  14   0 0.00    M    M  7.6 16  40   M    M   5 1      20  40
 5  76  42  59  13   6   0 0.00    M    M 12.3 25 170   M    M   4 1      32 170
 6  72  53  63  17   2   0 0.06    M    M 13.5 22 180   M    M   2 3      30 220
 7  72  47  60  14   5   0 0.00    M    M 12.1 23 330   M    M   0        33 350
 8  76  47  62  15   3   0 0.00    M    M 10.1 17 310   M    M   0        25 310
 9  74  39  57  10   8   0 0.00    M    M 10.9 23 150   M    M   0        27 150
10  57  31  44  -3  21   0 0.54    M    M 23.3 32  20   M    M   5 13     40  20
11  31  26  29 -19  36   0    M    M    M 20.5 29 320   M    M   8 1      37 320
12  42  23  33 -15  32   0 0.00    M    M 12.9 21 290   M    M   2        28 290
13  50  27  39  -9  26   0 0.00    M    M  5.6 10  10   M    M   3         M  M
14  62  28  45  -4  20   0 0.00    M    M  9.0 20 170   M    M   4        22 200
15  77  44  61  12   4   0 0.00    M    M 11.0 17 180   M    M   0        22 170
16  75  42  59   9   6   0 0.00    M    M 15.7 23 100   M    M   0        30  90
17  65  41  53   3  12   0 0.04    M    M 10.8 20 320   M    M   2 3      31 320
================================================================================
SM 1067  627       253   0  0.64    M    198.3          M       53
================================================================================
AV 62.8 36.9                              11.7 FASTST   M    M   3    MAX(MPH)
                                 MISC ---->  # 32  20               # 40   20
================================================================================
NOTES:
# LAST OF SEVERAL OCCURRENCES

COLUMN 17 PEAK WIND IN M.P.H.

PRELIMINARY LOCAL CLIMATOLOGICAL DATA (WS FORM: F-6) , PAGE 2

                                          STATION:  HOLDREGE
                                          MONTH:    APRIL
                                          YEAR:     2019
                                          LATITUDE:   40 27 N
                                          LONGITUDE:  99 20 W

[TEMPERATURE DATA]      [PRECIPITATION DATA]       SYMBOLS USED IN COLUMN 16

AVERAGE MONTHLY: 49.8   TOTAL FOR MONTH:   0.64    1 = FOG OR MIST
DPTR FM NORMAL:   2.8   DPTR FM NORMAL:   -0.46    2 = FOG REDUCING VISIBILITY
HIGHEST:    77 ON 15    GRTST 24HR  0.54 ON 10-10      TO 1/4 MILE OR LESS
LOWEST:     23 ON 12                               3 = THUNDER
                        SNOW, ICE PELLETS, HAIL    4 = ICE PELLETS
                        TOTAL MONTH:    M          5 = HAIL
                        GRTST 24HR    M  ON   M    6 = FREEZING RAIN OR DRIZZLE
                        GRTST DEPTH:  M  ON   M    7 = DUSTSTORM OR SANDSTORM:
                                                       VSBY 1/2 MILE OR LESS
                                                   8 = SMOKE OR HAZE
[NO. OF DAYS WITH]      [WEATHER - DAYS WITH]      9 = BLOWING SNOW
                                                   X = TORNADO
MAX 32 OR BELOW:   1    0.01 INCH OR MORE:   3
MAX 90 OR ABOVE:   0    0.10 INCH OR MORE:   1
MIN 32 OR BELOW:   7    0.50 INCH OR MORE:   1
MIN  0 OR BELOW:   0    1.00 INCH OR MORE:   0

[HDD (BASE 65) ]
TOTAL THIS MO.   253    CLEAR  (SCALE 0-3)   9
DPTR FM NORMAL   -54    PTCLDY (SCALE 4-7)   6
TOTAL FM JUL 1  6276    CLOUDY (SCALE 8-10)  2
DPTR FM NORMAL   409

[CDD (BASE 65) ]
TOTAL THIS MO.     0
DPTR FM NORMAL     0    [PRESSURE DATA]
TOTAL FM JAN 1     0    HIGHEST SLP M ON M
DPTR FM NORMAL     0    LOWEST  SLP M ON M

[REMARKS]
