000
CXUS53 KGID 220730
CF6HDE
PRELIMINARY LOCAL CLIMATOLOGICAL DATA (WS FORM: F-6)

                                          STATION:   HOLDREGE
                                          MONTH:     JULY
                                          YEAR:      2019
                                          LATITUDE:   40 27 N
                                          LONGITUDE:  99 20 W

  TEMPERATURE IN F:       :PCPN:    SNOW:  WIND      :SUNSHINE: SKY     :PK WND
================================================================================
1   2   3   4   5  6A  6B    7    8   9   10  11  12  13   14  15   16   17  18
                                     12Z  AVG MX 2MIN
DY MAX MIN AVG DEP HDD CDD  WTR  SNW DPTH SPD SPD DIR MIN PSBL S-S WX    SPD DR
================================================================================

 1  90  69  80   6   0  15 0.00    M    M  8.8 16 190   M    M   0        21 190
 2  88  68  78   4   0  13    T    M    M  3.3  9 190   M    M   1 3       M  M
 3  89  68  79   5   0  14 0.00    M    M  6.3 14 150   M    M   0        21 150
 4  87  67  77   2   0  12 0.03    M    M  8.8 14  60   M    M   6 13     22 170
 5  80  63  72  -3   0   7 1.29    M    M  7.4 22  60   M    M   5 3      30  60
 6  80  63  72  -3   0   7 0.77    M    M  6.3 15 110   M    M   4 3      18 220
 7  82  64  73  -2   0   8 0.00    M    M  6.6 12 150   M    M   1 1      18 160
 8  84  65  75   0   0  10 4.50    M    M 11.6 23 120   M    M   5 3      29 110
 9  87  64  76   1   0  11 0.13    M    M  5.7 10 250   M    M   2 3      21  10
10  81  64  73  -2   0   8 0.10    M    M  6.9 18 360   M    M   2 3      25 360
11  84  59  72  -3   0   7 0.00    M    M  4.6  9 170   M    M   0 1       M  M
12  90  65  78   3   0  13 0.00    M    M  9.0 15 180   M    M   0        21 170
13  89  67  78   3   0  13 0.00    M    M  7.6 14  60   M    M   1         M  M
14  89  66  78   3   0  13 0.00    M    M  7.6 13 190   M    M   0         M  M
15  91  69  80   5   0  15 0.00    M    M  7.6 13 190   M    M   0        17 200
16  90  68  79   4   0  14 0.00    M    M  9.1 15  60   M    M   1        21  60
17  93  70  82   7   0  17 0.00    M    M  7.3 14 180   M    M   0 3      20 180
18  96  73  85  10   0  20 0.00    M    M  6.4 13 220   M    M   0        18 220
19  97  75  86  11   0  21 0.00    M    M 10.7 16 200   M    M   0        22 200
20  87  71  79   4   0  14    T    M    M 10.6 16  50   M    M   2        27  30
21  77  63  70  -5   0   5 0.74    M    M 10.4 18  30   M    M   7 3      21  10
================================================================================
SM 1831 1401         0 257  7.56    M    162.6          M       37
================================================================================
AV 87.2 66.7                               7.7 FASTST   M    M   2    MAX(MPH)
                                 MISC ---->  # 23 120               # 30   60
================================================================================
NOTES:
# LAST OF SEVERAL OCCURRENCES

COLUMN 17 PEAK WIND IN M.P.H.

PRELIMINARY LOCAL CLIMATOLOGICAL DATA (WS FORM: F-6) , PAGE 2

                                          STATION:  HOLDREGE
                                          MONTH:    JULY
                                          YEAR:     2019
                                          LATITUDE:   40 27 N
                                          LONGITUDE:  99 20 W

[TEMPERATURE DATA]      [PRECIPITATION DATA]       SYMBOLS USED IN COLUMN 16

AVERAGE MONTHLY: 77.0   TOTAL FOR MONTH:   7.56    1 = FOG OR MIST
DPTR FM NORMAL:   2.1   DPTR FM NORMAL:    4.72    2 = FOG REDUCING VISIBILITY
HIGHEST:    97 ON 19    GRTST 24HR  4.50 ON  8- 8      TO 1/4 MILE OR LESS
LOWEST:     59 ON 11                               3 = THUNDER
                        SNOW, ICE PELLETS, HAIL    4 = ICE PELLETS
                        TOTAL MONTH:    M          5 = HAIL
                        GRTST 24HR    M  ON   M    6 = FREEZING RAIN OR DRIZZLE
                        GRTST DEPTH:  M  ON   M    7 = DUSTSTORM OR SANDSTORM:
                                                       VSBY 1/2 MILE OR LESS
                                                   8 = SMOKE OR HAZE
[NO. OF DAYS WITH]      [WEATHER - DAYS WITH]      9 = BLOWING SNOW
                                                   X = TORNADO
MAX 32 OR BELOW:   0    0.01 INCH OR MORE:   7
MAX 90 OR ABOVE:   7    0.10 INCH OR MORE:   6
MIN 32 OR BELOW:   0    0.50 INCH OR MORE:   4
MIN  0 OR BELOW:   0    1.00 INCH OR MORE:   2

[HDD (BASE 65) ]
TOTAL THIS MO.     0    CLEAR  (SCALE 0-3)  16
DPTR FM NORMAL     0    PTCLDY (SCALE 4-7)   5
TOTAL FM JUL 1     0    CLOUDY (SCALE 8-10)  0
DPTR FM NORMAL     0

[CDD (BASE 65) ]
TOTAL THIS MO.   257
DPTR FM NORMAL    49    [PRESSURE DATA]
TOTAL FM JAN 1   480    HIGHEST SLP M ON M
DPTR FM NORMAL    37    LOWEST  SLP M ON M

[REMARKS]
