000
CXUS54 KEWX 220910
CF6HDO
PRELIMINARY LOCAL CLIMATOLOGICAL DATA (WS FORM: F-6)

                                          STATION:   HONDO
                                          MONTH:     FEBRUARY
                                          YEAR:      2019
                                          LATITUDE:   29 21 N
                                          LONGITUDE:  99 10 W

  TEMPERATURE IN F:       :PCPN:    SNOW:  WIND      :SUNSHINE: SKY     :PK WND
================================================================================
1   2   3   4   5  6A  6B    7    8   9   10  11  12  13   14  15   16   17  18
                                     12Z  AVG MX 2MIN
DY MAX MIN AVG DEP HDD CDD  WTR  SNW DPTH SPD SPD DIR MIN PSBL S-S WX    SPD DR
================================================================================

 1  71  58  65  13   0   0 0.00    M    M  5.5 12 130   M    M   9        14 130
 2   M   M   M   M   M   M 0.01    M    M  7.0 10 120   M    M  10 1       M  M
 3   M   M   M   M   M   M    M    M    M   M   M   M   M    M   M         M  M
 4   M   M   M   M   M   M    M    M    M   M   M   M   M    M   M         M  M
 5   M   M   M   M   M   M    M    M    M   M   M   M   M    M   M         M  M
 6  80  68  74  21   0   9 0.00    M    M  9.0 15 140   M    M   8 28     19 130
 7  76  47  62   9   3   0    T    M    M 12.9 31 360   M    M   4 18     37  10
 8  47  39  43 -11  22   0    T    M    M 12.4 22  40   M    M   9 3      31  50
 9  42  36  39 -15  26   0 0.12    M    M  8.1 14  80   M    M  10 138    17  80
10  53  41  47  -7  18   0 0.04    M    M  4.6 20  90   M    M  10 18     23  80
11  59  51  55   1  10   0 0.03    M    M  3.4 12 290   M    M   9 12     16 290
12  71  36  54   0  11   0 0.00    M    M  8.4 17  30   M    M   0        21  20
13  69  30  50  -4  15   0 0.00    M    M  8.7 17 170   M    M   0        22 150
14  72  44  58   3   7   0 0.00    M    M  4.5 10 200   M    M   0        13 200
15  91  46  69  14   0   4 0.00    M    M  6.3 17 270   M    M   0        22 270
16  73  53  63   8   2   0 0.00    M    M  8.6 16  70   M    M   6 18     25 200
17  79  50  65  10   0   0    T    M    M 10.5 21  40   M    M   5 1      27  30
18  67  41  54  -2  11   0 0.00    M    M 12.6 21  70   M    M   3        25  90
19  52  45  49  -7  16   0 0.01    M    M 11.5 20  70   M    M  10 1      23  70
20  71  33  52  -4  13   0 0.00    M    M  4.1 10  10   M    M   1        14  20
21  65  43  54  -2  11   0 0.00    M    M  8.7 16  70   M    M   8        19  80
================================================================================
SM 1138  761       165  13  0.21    M    146.8          M      102
================================================================================
AV 66.9 44.8                               8.2 FASTST   M    M   6    MAX(MPH)
                                 MISC ---->  # 31 360               # 37   10
================================================================================
NOTES:
# LAST OF SEVERAL OCCURRENCES

COLUMN 17 PEAK WIND IN M.P.H.

PRELIMINARY LOCAL CLIMATOLOGICAL DATA (WS FORM: F-6) , PAGE 2

                                          STATION:  HONDO
                                          MONTH:    FEBRUARY
                                          YEAR:     2019
                                          LATITUDE:   29 21 N
                                          LONGITUDE:  99 10 W

[TEMPERATURE DATA]      [PRECIPITATION DATA]       SYMBOLS USED IN COLUMN 16

AVERAGE MONTHLY: 55.9   TOTAL FOR MONTH:   0.21    1 = FOG OR MIST
DPTR FM NORMAL:   1.7   DPTR FM NORMAL:   -0.90    2 = FOG REDUCING VISIBILITY
HIGHEST:    91 ON 15    GRTST 24HR  0.12 ON  9- 9      TO 1/4 MILE OR LESS
LOWEST:     30 ON 13                               3 = THUNDER
                        SNOW, ICE PELLETS, HAIL    4 = ICE PELLETS
                        TOTAL MONTH:    M          5 = HAIL
                        GRTST 24HR    M  ON   M    6 = FREEZING RAIN OR DRIZZLE
                        GRTST DEPTH:  M  ON   M    7 = DUSTSTORM OR SANDSTORM:
                                                       VSBY 1/2 MILE OR LESS
                                                   8 = SMOKE OR HAZE
[NO. OF DAYS WITH]      [WEATHER - DAYS WITH]      9 = BLOWING SNOW
                                                   X = TORNADO
MAX 32 OR BELOW:   0    0.01 INCH OR MORE:   5
MAX 90 OR ABOVE:   1    0.10 INCH OR MORE:   1
MIN 32 OR BELOW:   1    0.50 INCH OR MORE:   0
MIN  0 OR BELOW:   0    1.00 INCH OR MORE:   0

[HDD (BASE 65) ]
TOTAL THIS MO.   165    CLEAR  (SCALE 0-3)   6
DPTR FM NORMAL   -72    PTCLDY (SCALE 4-7)   4
TOTAL FM JUL 1  1089    CLOUDY (SCALE 8-10)  8
DPTR FM NORMAL  -227

[CDD (BASE 65) ]
TOTAL THIS MO.    13
DPTR FM NORMAL    10    [PRESSURE DATA]
TOTAL FM JAN 1    14    HIGHEST SLP M ON M
DPTR FM NORMAL     6    LOWEST  SLP 29.61 ON 16

[REMARKS]
