000
CXUS54 KEWX 180910
CF6HDO
PRELIMINARY LOCAL CLIMATOLOGICAL DATA (WS FORM: F-6)

                                          STATION:   HONDO
                                          MONTH:     APRIL
                                          YEAR:      2019
                                          LATITUDE:   29 21 N
                                          LONGITUDE:  99 10 W

  TEMPERATURE IN F:       :PCPN:    SNOW:  WIND      :SUNSHINE: SKY     :PK WND
================================================================================
1   2   3   4   5  6A  6B    7    8   9   10  11  12  13   14  15   16   17  18
                                     12Z  AVG MX 2MIN
DY MAX MIN AVG DEP HDD CDD  WTR  SNW DPTH SPD SPD DIR MIN PSBL S-S WX    SPD DR
================================================================================

 1  66  37  52 -13  13   0 0.00    M    M  6.5 10 160   M    M   5        14 130
 2  74  35  55 -11  10   0 0.00    M    M  8.5 21 150   M    M   1        26 160
 3  69  59  64  -2   1   0 0.02    M    M  9.6 16 140   M    M  10 1      20 140
 4  90  66  78  12   0  13 0.00    M    M  5.7 13 230   M    M   5 1      16 230
 5  86  57  72   6   0   7 0.00    M    M  8.5 18 140   M    M   1 1      26 100
 6  86  70  78  12   0  13 0.12    M    M  5.7 13 140   M    M   6 18     16 140
 7  79  56  68   1   0   3 0.15    M    M  7.8 51 270   M    M   3 13     66 270
 8  88  52  70   3   0   5 0.00    M    M  7.7 17 250   M    M   0        23 250
 9  93  54  74   7   0   9 0.00    M    M  7.9 16 180   M    M   0        25 160
10  99  56  78  11   0  13 0.00    M    M 12.4 25 150   M    M   0        32 150
11  87  56  72   4   0   7 0.00    M    M  8.1 22 340   M    M   1        28  10
12  82  50  66  -2   0   1 0.00    M    M 12.1 22 110   M    M   2        26 110
13  76  49  63  -5   2   0 0.35    M    M 16.3 31 320   M    M   5 13     43 250
14  75  41  58 -10   7   0 0.00    M    M  5.8 20 360   M    M   0        26 350
15  85  45  65  -4   0   0 0.00    M    M 10.0 22 140   M    M   0        29 150
16  84  65  75   6   0  10 0.00    M    M 15.4 26 130   M    M   8        31 120
17  89  61  75   6   0  10 0.76    M    M 13.6 31 360   M    M   8 13     40 350
================================================================================
SM 1408  909        33  91  1.40    M    161.6          M       55
================================================================================
AV 82.8 53.5                               9.5 FASTST   M    M   3    MAX(MPH)
                                 MISC ---->  # 51 270               # 66  270
================================================================================
NOTES:
# LAST OF SEVERAL OCCURRENCES

COLUMN 17 PEAK WIND IN M.P.H.

PRELIMINARY LOCAL CLIMATOLOGICAL DATA (WS FORM: F-6) , PAGE 2

                                          STATION:  HONDO
                                          MONTH:    APRIL
                                          YEAR:     2019
                                          LATITUDE:   29 21 N
                                          LONGITUDE:  99 10 W

[TEMPERATURE DATA]      [PRECIPITATION DATA]       SYMBOLS USED IN COLUMN 16

AVERAGE MONTHLY: 68.2   TOTAL FOR MONTH:   1.40    1 = FOG OR MIST
DPTR FM NORMAL:   1.0   DPTR FM NORMAL:    0.44    2 = FOG REDUCING VISIBILITY
HIGHEST:    99 ON 10    GRTST 24HR  0.76 ON 17-17      TO 1/4 MILE OR LESS
LOWEST:     35 ON  2                               3 = THUNDER
                        SNOW, ICE PELLETS, HAIL    4 = ICE PELLETS
                        TOTAL MONTH:    M          5 = HAIL
                        GRTST 24HR    M  ON   M    6 = FREEZING RAIN OR DRIZZLE
                        GRTST DEPTH:  M  ON   M    7 = DUSTSTORM OR SANDSTORM:
                                                       VSBY 1/2 MILE OR LESS
                                                   8 = SMOKE OR HAZE
[NO. OF DAYS WITH]      [WEATHER - DAYS WITH]      9 = BLOWING SNOW
                                                   X = TORNADO
MAX 32 OR BELOW:   0    0.01 INCH OR MORE:   5
MAX 90 OR ABOVE:   3    0.10 INCH OR MORE:   4
MIN 32 OR BELOW:   0    0.50 INCH OR MORE:   1
MIN  0 OR BELOW:   0    1.00 INCH OR MORE:   0

[HDD (BASE 65) ]
TOTAL THIS MO.    33    CLEAR  (SCALE 0-3)  10
DPTR FM NORMAL    -1    PTCLDY (SCALE 4-7)   5
TOTAL FM JUL 1  1305    CLOUDY (SCALE 8-10)  2
DPTR FM NORMAL  -271

[CDD (BASE 65) ]
TOTAL THIS MO.    91
DPTR FM NORMAL    20    [PRESSURE DATA]
TOTAL FM JAN 1   217    HIGHEST SLP M ON M
DPTR FM NORMAL    68    LOWEST  SLP 29.42 ON 10

[REMARKS]
