000
CXUS54 KEWX 160910
CF6HDO
PRELIMINARY LOCAL CLIMATOLOGICAL DATA (WS FORM: F-6)

                                          STATION:   HONDO
                                          MONTH:     JULY
                                          YEAR:      2019
                                          LATITUDE:   29 21 N
                                          LONGITUDE:  99 10 W

  TEMPERATURE IN F:       :PCPN:    SNOW:  WIND      :SUNSHINE: SKY     :PK WND
================================================================================
1   2   3   4   5  6A  6B    7    8   9   10  11  12  13   14  15   16   17  18
                                     12Z  AVG MX 2MIN
DY MAX MIN AVG DEP HDD CDD  WTR  SNW DPTH SPD SPD DIR MIN PSBL S-S WX    SPD DR
================================================================================

 1  93  68  81  -2   0  16 0.00    M    M  9.8 18 110   M    M   2        22 130
 2  94  75  85   2   0  20 0.00    M    M 10.5 32 120   M    M   5        39 120
 3  92  75  84   1   0  19    T    M    M 10.2 22 130   M    M   7        26 110
 4  93  71  82  -1   0  17 0.00    M    M 11.8 21 140   M    M   7        27 130
 5  97  77  87   4   0  22 0.00    M    M 14.7 23 160   M    M   6        31 160
 6  94  76  85   2   0  20 0.00    M    M  9.9 18 140   M    M   5        23 150
 7  95  75  85   2   0  20 0.00    M    M  8.8 18 140   M    M   4        24 150
 8  98  76  87   4   0  22 0.00    M    M  9.5 17 140   M    M   3        23 120
 9  95  75  85   2   0  20 0.00    M    M  8.6 14  70   M    M   0         M  M
10  99  74  87   4   0  22    T    M    M  7.6 35  40   M    M   0 3      44  50
11  98  70  84   1   0  19    T    M    M  8.1 22  60   M    M   2 3      30  40
12  97  72  85   2   0  20    T    M    M  7.5 22 290   M    M   2 3      26 290
13  99  69  84   1   0  19 0.00    M    M  7.8 20  30   M    M   1        26  10
14 101  72  87   4   0  22 0.29    M    M  6.8 26  60   M    M   3 13     35  60
15  96  75  86   3   0  21    T    M    M  7.6 16 140   M    M   3 3      21 190
================================================================================
SM 1441 1100         0 299  0.29    M    139.2          M       50
================================================================================
AV 96.1 73.3                               9.3 FASTST   M    M   3    MAX(MPH)
                                 MISC ---->  # 35  40               # 44   50
================================================================================
NOTES:
# LAST OF SEVERAL OCCURRENCES

COLUMN 17 PEAK WIND IN M.P.H.

PRELIMINARY LOCAL CLIMATOLOGICAL DATA (WS FORM: F-6) , PAGE 2

                                          STATION:  HONDO
                                          MONTH:    JULY
                                          YEAR:     2019
                                          LATITUDE:   29 21 N
                                          LONGITUDE:  99 10 W

[TEMPERATURE DATA]      [PRECIPITATION DATA]       SYMBOLS USED IN COLUMN 16

AVERAGE MONTHLY: 84.7   TOTAL FOR MONTH:   0.29    1 = FOG OR MIST
DPTR FM NORMAL:   1.7   DPTR FM NORMAL:   -0.98    2 = FOG REDUCING VISIBILITY
HIGHEST:   101 ON 14    GRTST 24HR  0.29 ON 14-14      TO 1/4 MILE OR LESS
LOWEST:     68 ON  1                               3 = THUNDER
                        SNOW, ICE PELLETS, HAIL    4 = ICE PELLETS
                        TOTAL MONTH:    M          5 = HAIL
                        GRTST 24HR    M  ON   M    6 = FREEZING RAIN OR DRIZZLE
                        GRTST DEPTH:  M  ON   M    7 = DUSTSTORM OR SANDSTORM:
                                                       VSBY 1/2 MILE OR LESS
                                                   8 = SMOKE OR HAZE
[NO. OF DAYS WITH]      [WEATHER - DAYS WITH]      9 = BLOWING SNOW
                                                   X = TORNADO
MAX 32 OR BELOW:   0    0.01 INCH OR MORE:   1
MAX 90 OR ABOVE:  15    0.10 INCH OR MORE:   1
MIN 32 OR BELOW:   0    0.50 INCH OR MORE:   0
MIN  0 OR BELOW:   0    1.00 INCH OR MORE:   0

[HDD (BASE 65) ]
TOTAL THIS MO.     0    CLEAR  (SCALE 0-3)   9
DPTR FM NORMAL     0    PTCLDY (SCALE 4-7)   6
TOTAL FM JUL 1     0    CLOUDY (SCALE 8-10)  0
DPTR FM NORMAL     0

[CDD (BASE 65) ]
TOTAL THIS MO.   299
DPTR FM NORMAL    29    [PRESSURE DATA]
TOTAL FM JAN 1  1488    HIGHEST SLP M ON M
DPTR FM NORMAL   130    LOWEST  SLP 29.75 ON 12

[REMARKS]
