000
CXUS53 KBIS 220803
CF6HEI
PRELIMINARY LOCAL CLIMATOLOGICAL DATA (WS FORM: F-6)

                                          STATION:   HETTINGER ND
                                          MONTH:     JULY
                                          YEAR:      2019
                                          LATITUDE:   46  0 N
                                          LONGITUDE: 102 39 W

  TEMPERATURE IN F:       :PCPN:    SNOW:  WIND      :SUNSHINE: SKY     :PK WND
================================================================================
1   2   3   4   5  6A  6B    7    8   9   10  11  12  13   14  15   16   17  18
                                     12Z  AVG MX 2MIN
DY MAX MIN AVG DEP HDD CDD  WTR  SNW DPTH SPD SPD DIR MIN PSBL S-S WX    SPD DR
================================================================================

 1  78  57  68   2   0   3 0.00    M    M  6.7 15 130   M    M   3        19 130
 2  85  52  69   3   0   4 0.13    M    M  6.3 33 330   M    M   1 123    47 340
 3  71  52  62  -4   3   0 0.09    M    M  7.7 18 360   M    M   7 123    26  10
 4  70  52  61  -6   4   0    T    M    M  7.2 17  70   M    M   5 13     22  70
 5  69  57  63  -4   2   0 0.02    M    M  9.7 21  80   M    M   9 13     27  80
 6  73  54  64  -3   1   0    T    M    M  8.7 16 140   M    M   7        21 130
 7  82  60  71   4   0   6 0.00    M    M 10.9 20 130   M    M   3 1      29 130
 8  84  61  73   5   0   8 0.26    M    M  7.0 25 250   M    M   5 13     36 240
 9  72  59  66  -2   0   1 0.02    M    M 18.8 33 290   M    M   8 3      46 290
10  77  57  67  -1   0   2 0.00    M    M  8.9 25 290   M    M   3        31 290
11  88  58  73   5   0   8 0.00    M    M  6.6 13 180   M    M   0        17 150
12  87  62  75   7   0  10 0.00    M    M  6.9 24  40   M    M   1 3      34  50
13  89  61  75   7   0  10    T    M    M  8.2 36 270   M    M   1 3      48 270
14  89  62  76   7   0  11 0.11    M    M  5.3 36 300   M    M   1 13     51 300
15  87  63  75   6   0  10 0.01    M    M 10.6 33 280   M    M   2 3      49 290
16  84  58  71   2   0   6 0.07    M    M  7.9 16 140   M    M   4 13     24 120
17  84  59  72   3   0   7 0.00    M    M  7.7 17 270   M    M   1 3      23 260
18  85  57  71   2   0   6 0.00    M    M  4.9 14 310   M    M   1        18 300
19  78  59  69   0   0   4 0.65    M    M  8.1 31 260   M    M   2 13     44 260
20  80  53  67  -2   0   2 0.00    M    M  6.9 15 290   M    M   3        19 310
21  73  50  62  -8   3   0 0.12    M    M  4.3 15 130   M    M   4 1      21 130
================================================================================
SM 1685 1203        13  98  1.48    M    169.3          M       71
================================================================================
AV 80.2 57.3                               8.1 FASTST   M    M   3    MAX(MPH)
                                 MISC ---->  # 36 270               # 51  300
================================================================================
NOTES:
# LAST OF SEVERAL OCCURRENCES

COLUMN 17 PEAK WIND IN M.P.H.

PRELIMINARY LOCAL CLIMATOLOGICAL DATA (WS FORM: F-6) , PAGE 2

                                          STATION:  HETTINGER ND
                                          MONTH:    JULY
                                          YEAR:     2019
                                          LATITUDE:   46  0 N
                                          LONGITUDE: 102 39 W

[TEMPERATURE DATA]      [PRECIPITATION DATA]       SYMBOLS USED IN COLUMN 16

AVERAGE MONTHLY: 68.8   TOTAL FOR MONTH:   1.48    1 = FOG OR MIST
DPTR FM NORMAL:   0.8   DPTR FM NORMAL:   -0.20    2 = FOG REDUCING VISIBILITY
HIGHEST:    89 ON 14,13 GRTST 24HR  0.65 ON 19-19      TO 1/4 MILE OR LESS
LOWEST:     50 ON 21                               3 = THUNDER
                        SNOW, ICE PELLETS, HAIL    4 = ICE PELLETS
                        TOTAL MONTH:    M          5 = HAIL
                        GRTST 24HR    M  ON   M    6 = FREEZING RAIN OR DRIZZLE
                        GRTST DEPTH:  M  ON   M    7 = DUSTSTORM OR SANDSTORM:
                                                       VSBY 1/2 MILE OR LESS
                                                   8 = SMOKE OR HAZE
[NO. OF DAYS WITH]      [WEATHER - DAYS WITH]      9 = BLOWING SNOW
                                                   X = TORNADO
MAX 32 OR BELOW:   0    0.01 INCH OR MORE:  10
MAX 90 OR ABOVE:   0    0.10 INCH OR MORE:   5
MIN 32 OR BELOW:   0    0.50 INCH OR MORE:   1
MIN  0 OR BELOW:   0    1.00 INCH OR MORE:   0

[HDD (BASE 65) ]
TOTAL THIS MO.    13    CLEAR  (SCALE 0-3)  12
DPTR FM NORMAL   -16    PTCLDY (SCALE 4-7)   8
TOTAL FM JUL 1    13    CLOUDY (SCALE 8-10)  1
DPTR FM NORMAL   -16

[CDD (BASE 65) ]
TOTAL THIS MO.    98
DPTR FM NORMAL     7    [PRESSURE DATA]
TOTAL FM JAN 1   129    HIGHEST SLP M ON M
DPTR FM NORMAL   -12    LOWEST  SLP 29.60 ON 19

[REMARKS]
