000
CXUS53 KDLH 250637
CF6HIB
PRELIMINARY LOCAL CLIMATOLOGICAL DATA (WS FORM: F-6)

                                          STATION:   HIBBING
                                          MONTH:     APRIL
                                          YEAR:      2019
                                          LATITUDE:   47 22 N
                                          LONGITUDE:  92 50 W

  TEMPERATURE IN F:       :PCPN:    SNOW:  WIND      :SUNSHINE: SKY     :PK WND
================================================================================
1   2   3   4   5  6A  6B    7    8   9   10  11  12  13   14  15   16   17  18
                                     12Z  AVG MX 2MIN
DY MAX MIN AVG DEP HDD CDD  WTR  SNW DPTH SPD SPD DIR MIN PSBL S-S WX    SPD DR
================================================================================

 1  36  15  26  -6  39   0    M    M    M  3.0 12 290   M    M   7        19 240
 2  38  24  31  -1  34   0    M    M    M  9.4 29 310   M    M   6 18     36 310
 3  39  19  29  -4  36   0    M    M    M  8.6 20 310   M    M   2        27 320
 4  43  15  29  -4  36   0    M    M    M  7.9 20 130   M    M   4        27 130
 5  45  31  38   4  27   0    M    M    M  3.8 10 170   M    M  10 12     15 180
 6  43  36  40   6  25   0    M    M    M  6.7 13 110   M    M  10 18     17 120
 7  43  38  41   6  24   0    M    M    M  6.3 14 310   M    M  10 12     19 290
 8  49  35  42   7  23   0    M    M    M  5.0 22 300   M    M   9 12     27 300
 9  35  24  30  -6  35   0    M    M    M 12.3 26 330   M    M   8 18     33 330
10  39  26  33  -3  32   0    M    M    M 11.5 22 100   M    M   5        29 100
11  30  23  27 -10  38   0    M    M    M 17.3 30  70   M    M   7        43  90
12  32  24  28  -9  37   0    M    M    M  9.5 22  90   M    M  10 1      28  80
13  37  19  28 -10  37   0    M    M    M  7.6 15 340   M    M   9 18      M  M
14  48  10  29  -9  36   0    M    M    M  2.5 13  90   M    M   3        16 100
15  44  18  31  -8  34   0    M    M    M  4.7 15 130   M    M   8 1      21 200
16  62  23  43   4  22   0    M    M    M  2.2 14 310   M    M   3 12     20 310
17  49  35  42   2  23   0    M    M    M  6.6 20  20   M    M   9 1      25  20
18  52  26  39  -1  26   0    M    M    M  7.3 20 350   M    M   6        27 340
19  61  22  42   1  23   0    M    M    M  3.7 16 310   M    M   0        21 310
20  67  37  52  11  13   0    M    M    M  7.2 16  30   M    M   6        23 210
21  48  38  43   1  22   0    M    M    M  6.2 14  90   M    M   8 1      18  90
22  59  29  44   2  21   0    M    M    M  6.8 18  60   M    M   3        25  70
23  63  26  45   3  20   0    M    M    M  3.7 15 140   M    M   3        20 140
24  71  38  55  12  10   0    M    M    M  7.6 22 310   M    M   6        29 320
================================================================================
SM 1133  631       673   0    M     M    167.4          M      152
================================================================================
AV 47.2 26.3                               7.0 FASTST   M    M   6    MAX(MPH)
                                 MISC ---->  # 30  70               # 43   90
================================================================================
NOTES:
# LAST OF SEVERAL OCCURRENCES

COLUMN 17 PEAK WIND IN M.P.H.

PRELIMINARY LOCAL CLIMATOLOGICAL DATA (WS FORM: F-6) , PAGE 2

                                          STATION:  HIBBING
                                          MONTH:    APRIL
                                          YEAR:     2019
                                          LATITUDE:   47 22 N
                                          LONGITUDE:  92 50 W

[TEMPERATURE DATA]      [PRECIPITATION DATA]       SYMBOLS USED IN COLUMN 16

AVERAGE MONTHLY: 36.8   TOTAL FOR MONTH:      M    1 = FOG OR MIST
DPTR FM NORMAL:  -0.7   DPTR FM NORMAL:       M    2 = FOG REDUCING VISIBILITY
HIGHEST:    71 ON 24    GRTST 24HR    T  ON 31- 1      TO 1/4 MILE OR LESS
LOWEST:     10 ON 14                               3 = THUNDER
                        SNOW, ICE PELLETS, HAIL    4 = ICE PELLETS
                        TOTAL MONTH:    M          5 = HAIL
                        GRTST 24HR    M  ON   M    6 = FREEZING RAIN OR DRIZZLE
                        GRTST DEPTH:  M  ON   M    7 = DUSTSTORM OR SANDSTORM:
                                                       VSBY 1/2 MILE OR LESS
                                                   8 = SMOKE OR HAZE
[NO. OF DAYS WITH]      [WEATHER - DAYS WITH]      9 = BLOWING SNOW
                                                   X = TORNADO
MAX 32 OR BELOW:   2    0.01 INCH OR MORE:   0
MAX 90 OR ABOVE:   0    0.10 INCH OR MORE:   0
MIN 32 OR BELOW:  17    0.50 INCH OR MORE:   0
MIN  0 OR BELOW:   0    1.00 INCH OR MORE:   0

[HDD (BASE 65) ]
TOTAL THIS MO.   673    CLEAR  (SCALE 0-3)   6
DPTR FM NORMAL    11    PTCLDY (SCALE 4-7)   8
TOTAL FM JUL 1  9993    CLOUDY (SCALE 8-10) 10
DPTR FM NORMAL   611

[CDD (BASE 65) ]
TOTAL THIS MO.     0
DPTR FM NORMAL     0    [PRESSURE DATA]
TOTAL FM JAN 1     0    HIGHEST SLP M ON M
DPTR FM NORMAL     0    LOWEST  SLP 29.43 ON 12

[REMARKS]
