000
CXUS53 KDLH 180624
CF6HIB
PRELIMINARY LOCAL CLIMATOLOGICAL DATA (WS FORM: F-6)

                                          STATION:   HIBBING
                                          MONTH:     AUGUST
                                          YEAR:      2019
                                          LATITUDE:   47 22 N
                                          LONGITUDE:  92 50 W

  TEMPERATURE IN F:       :PCPN:    SNOW:  WIND      :SUNSHINE: SKY     :PK WND
================================================================================
1   2   3   4   5  6A  6B    7    8   9   10  11  12  13   14  15   16   17  18
                                     12Z  AVG MX 2MIN
DY MAX MIN AVG DEP HDD CDD  WTR  SNW DPTH SPD SPD DIR MIN PSBL S-S WX    SPD DR
================================================================================

 1  83  48  66   2   0   1 0.00    M    M  3.8 14 240   M    M   3 1      20 230
 2  80  56  68   4   0   3 0.04    M    M  2.1 17 320   M    M   0 13     20 320
 3  86  53  70   6   0   5 0.17    M    M  3.3 22 130   M    M   3 123    29 140
 4  83  55  69   5   0   4 0.00    M    M  3.5 13 270   M    M   6 12     19 240
 5  80  52  66   2   0   1 0.11    M    M  4.1 20 330   M    M   5 123    27 300
 6  80  46  63  -1   2   0 0.00    M    M  4.0 16 320   M    M   2 12     20 320
 7  75  54  65   1   0   0 0.15    M    M  8.2 20 300   M    M   5 123    25 310
 8  71  47  59  -5   6   0 0.00    M    M  8.6 20 310   M    M   3        25 320
 9  74  42  58  -6   7   0 0.00    M    M  4.3 14 300   M    M   0 1      18 290
10  80  41  61  -3   4   0 0.00    M    M  1.8  9 280   M    M   1 1      14 240
11  76  48  62  -2   3   0    T    M    M  4.7 13 330   M    M   4 12     18 340
12  70  44  57  -6   8   0 0.34    M    M  3.7 12  80   M    M   4 1      13  80
13  68  47  58  -5   7   0    T    M    M  3.9 12  80   M    M   8        14  80
14  70  45  58  -5   7   0 0.00    M    M  3.1 10 220   M    M   8 1      14 260
15  75  44  60  -3   5   0 0.00    M    M  2.9 10 250   M    M   7 128    16 250
16  78  52  65   2   0   0 0.01    M    M  2.7 12 240   M    M   6 12     17 240
17  81  47  64   1   1   0 0.00    M    M  4.4 14 210   M    M   4 12     23 240
================================================================================
SM 1310  821        50  14  0.82    M     69.1          M       69
================================================================================
AV 77.1 48.3                               4.1 FASTST   M    M   4    MAX(MPH)
                                 MISC ---->  # 22 130               # 29  140
================================================================================
NOTES:
# LAST OF SEVERAL OCCURRENCES

COLUMN 17 PEAK WIND IN M.P.H.

PRELIMINARY LOCAL CLIMATOLOGICAL DATA (WS FORM: F-6) , PAGE 2

                                          STATION:  HIBBING
                                          MONTH:    AUGUST
                                          YEAR:     2019
                                          LATITUDE:   47 22 N
                                          LONGITUDE:  92 50 W

[TEMPERATURE DATA]      [PRECIPITATION DATA]       SYMBOLS USED IN COLUMN 16

AVERAGE MONTHLY: 62.7   TOTAL FOR MONTH:   0.82    1 = FOG OR MIST
DPTR FM NORMAL:  -0.9   DPTR FM NORMAL:   -0.92    2 = FOG REDUCING VISIBILITY
HIGHEST:    86 ON  3    GRTST 24HR  0.34 ON 12-12      TO 1/4 MILE OR LESS
LOWEST:     41 ON 10                               3 = THUNDER
                        SNOW, ICE PELLETS, HAIL    4 = ICE PELLETS
                        TOTAL MONTH:    M          5 = HAIL
                        GRTST 24HR    M  ON   M    6 = FREEZING RAIN OR DRIZZLE
                        GRTST DEPTH:  M  ON   M    7 = DUSTSTORM OR SANDSTORM:
                                                       VSBY 1/2 MILE OR LESS
                                                   8 = SMOKE OR HAZE
[NO. OF DAYS WITH]      [WEATHER - DAYS WITH]      9 = BLOWING SNOW
                                                   X = TORNADO
MAX 32 OR BELOW:   0    0.01 INCH OR MORE:   6
MAX 90 OR ABOVE:   0    0.10 INCH OR MORE:   4
MIN 32 OR BELOW:   0    0.50 INCH OR MORE:   0
MIN  0 OR BELOW:   0    1.00 INCH OR MORE:   0

[HDD (BASE 65) ]
TOTAL THIS MO.    50    CLEAR  (SCALE 0-3)   6
DPTR FM NORMAL    -4    PTCLDY (SCALE 4-7)  10
TOTAL FM JUL 1    99    CLOUDY (SCALE 8-10)  1
DPTR FM NORMAL   -41

[CDD (BASE 65) ]
TOTAL THIS MO.    14
DPTR FM NORMAL   -17    [PRESSURE DATA]
TOTAL FM JAN 1    81    HIGHEST SLP M ON M
DPTR FM NORMAL   -42    LOWEST  SLP 29.68 ON 17

[REMARKS]
