000
CXUS56 KPQR 181200
CF6HIO
PRELIMINARY LOCAL CLIMATOLOGICAL DATA (WS FORM: F-6)

                                          STATION:   HILLSBORO OR
                                          MONTH:     APRIL
                                          YEAR:      2019
                                          LATITUDE:   45 32 N
                                          LONGITUDE: 122 57 W

  TEMPERATURE IN F:       :PCPN:    SNOW:  WIND      :SUNSHINE: SKY     :PK WND
================================================================================
1   2   3   4   5  6A  6B    7    8   9   10  11  12  13   14  15   16   17  18
                                     12Z  AVG MX 2MIN
DY MAX MIN AVG DEP HDD CDD  WTR  SNW DPTH SPD SPD DIR MIN PSBL S-S WX    SPD DR
================================================================================

 1  63  44  54   6  11   0    T    M    M  3.0 14 120   M    M   8        17 110
 2  60  50  55   7  10   0 0.14    M    M  2.3  7 170   M    M   9 12      8 280
 3  59  42  51   3  14   0    T    M    M  6.5 15 240   M    M   6        20 250
 4  57  44  51   3  14   0 0.29    M    M  3.0 10 280   M    M  10 1      12 280
 5  56  42  49   0  16   0 0.52    M    M  8.6 21 230   M    M   8 1      30 220
 6  59  44  52   3  13   0 0.77    M    M  9.4 20 210   M    M   8 1      27 210
 7  55  47  51   2  14   0 0.53    M    M  4.4 14 190   M    M  10 1      19 190
 8  58  47  53   4  12   0 0.31    M    M  4.7 16 170   M    M   9 1      20 160
 9  57  45  51   2  14   0 0.03    M    M  7.8 22 310   M    M   7        28 320
10  55  43  49   0  16   0 0.03    M    M  6.5 16 220   M    M  10        21 220
11  54  44  49   0  16   0 0.04    M    M  8.1 20 170   M    M   9 18     25 180
12  60  41  51   2  14   0    T    M    M  3.3 12 320   M    M   7 128    15 290
13  52  40  46  -4  19   0 0.06    M    M  6.9 20 180   M    M   9 18     25 180
14  52  36  44  -6  21   0 0.07    M    M  2.1 14 280   M    M   6 13     19 230
15  52  35  44  -6  21   0 0.15    M    M  2.1 12 210   M    M   9 128    14 210
16  59  44  52   2  13   0 0.03  0.0    0  4.3 17 230   M    M  10 1      21 240
17  65  47  56   6   9   0    T    M    M  3.7 12 170   M    M   6        15 180
================================================================================
SM  973  735       247   0  2.97     0.0  86.7          M      141
================================================================================
AV 57.2 43.2                               5.1 FASTST   M    M   8    MAX(MPH)
                                 MISC ---->  # 22 310               # 30  220
================================================================================
NOTES:
# LAST OF SEVERAL OCCURRENCES

COLUMN 17 PEAK WIND IN M.P.H.

PRELIMINARY LOCAL CLIMATOLOGICAL DATA (WS FORM: F-6) , PAGE 2

                                          STATION:  HILLSBORO OR
                                          MONTH:    APRIL
                                          YEAR:     2019
                                          LATITUDE:   45 32 N
                                          LONGITUDE: 122 57 W

[TEMPERATURE DATA]      [PRECIPITATION DATA]       SYMBOLS USED IN COLUMN 16

AVERAGE MONTHLY: 50.2   TOTAL FOR MONTH:   2.97    1 = FOG OR MIST
DPTR FM NORMAL:   1.2   DPTR FM NORMAL:    1.16    2 = FOG REDUCING VISIBILITY
HIGHEST:    65 ON 17    GRTST 24HR  0.77 ON  6- 6      TO 1/4 MILE OR LESS
LOWEST:     35 ON 15                               3 = THUNDER
                        SNOW, ICE PELLETS, HAIL    4 = ICE PELLETS
                        TOTAL MONTH:   0.0 INCH    5 = HAIL
                        GRTST 24HR     0.0         6 = FREEZING RAIN OR DRIZZLE
                        GRTST DEPTH:   0           7 = DUSTSTORM OR SANDSTORM:
                                                       VSBY 1/2 MILE OR LESS
                                                   8 = SMOKE OR HAZE
[NO. OF DAYS WITH]      [WEATHER - DAYS WITH]      9 = BLOWING SNOW
                                                   X = TORNADO
MAX 32 OR BELOW:   0    0.01 INCH OR MORE:  13
MAX 90 OR ABOVE:   0    0.10 INCH OR MORE:   7
MIN 32 OR BELOW:   0    0.50 INCH OR MORE:   3
MIN  0 OR BELOW:   0    1.00 INCH OR MORE:   0

[HDD (BASE 65) ]
TOTAL THIS MO.   247    CLEAR  (SCALE 0-3)   0
DPTR FM NORMAL   -24    PTCLDY (SCALE 4-7)   7
TOTAL FM JUL 1  4231    CLOUDY (SCALE 8-10) 10
DPTR FM NORMAL  -154

[CDD (BASE 65) ]
TOTAL THIS MO.     0
DPTR FM NORMAL     0    [PRESSURE DATA]
TOTAL FM JAN 1     0    HIGHEST SLP M ON M
DPTR FM NORMAL     0    LOWEST  SLP 29.66 ON  5

[REMARKS]
