000
CXUS53 KGID 220730
CF6HJH
PRELIMINARY LOCAL CLIMATOLOGICAL DATA (WS FORM: F-6)

                                          STATION:   HEBRON
                                          MONTH:     AUGUST
                                          YEAR:      2019
                                          LATITUDE:   40  9 N
                                          LONGITUDE:  97 35 W

  TEMPERATURE IN F:       :PCPN:    SNOW:  WIND      :SUNSHINE: SKY     :PK WND
================================================================================
1   2   3   4   5  6A  6B    7    8   9   10  11  12  13   14  15   16   17  18
                                     12Z  AVG MX 2MIN
DY MAX MIN AVG DEP HDD CDD  WTR  SNW DPTH SPD SPD DIR MIN PSBL S-S WX    SPD DR
================================================================================

 1  85  68  77   0   0  12    T    M    M  8.2 15 150   M    M   6 3      22 150
 2  78  71  75  -2   0  10 0.94    M    M  4.5  9 110   M    M   9 13      M  M
 3  83  69  76  -1   0  11 0.07    M    M  2.3  7 100   M    M   7 1       M  M
 4  88  66  77   0   0  12 0.00    M    M  2.2  6 180   M    M   4 1       M  M
 5  86  68  77   0   0  12 0.00    M    M  3.6  8 250   M    M   1         M  M
 6  87  68  78   2   0  13 0.00    M    M  2.9  9  60   M    M   0 1       M  M
 7  85  66  76   0   0  11 1.73    M    M  6.0 18  20   M    M   2 13     28  20
 8  83  68  76   0   0  11 0.03    M    M  2.5  7 210   M    M   3 13      M  M
 9  85  68  77   1   0  12 0.00    M    M  3.3  9 150   M    M   3 1       M  M
10  89  70  80   4   0  15 0.18    M    M  5.6 12 250   M    M   4        20 250
11  88  71  80   4   0  15 0.68    M    M  3.9  8 160   M    M   5 3       M  M
12  87  69  78   2   0  13 1.05    M    M  3.1  8 120   M    M   1 3       M  M
13  86  70  78   2   0  13 0.00    M    M  3.3  7  10   M    M   0         M  M
14  79  64  72  -4   0   7    T    M    M  4.9 13  30   M    M   0         M  M
15  77  61  69  -7   0   4 0.67    M    M  4.7 10 160   M    M   6 3       M  M
16  84  65  75  -1   0  10 0.01    M    M  4.7  9  80   M    M   5 1      16 350
17  87  68  78   3   0  13 0.17    M    M  6.8 12 200   M    M   1        17 200
18  81  67  74  -1   0   9 0.00    M    M  5.8 13 340   M    M   3        20 300
19  91  64  78   3   0  13 0.00    M    M  4.9 12 130   M    M   2 1       M  M
20  91  77  84   9   0  19 0.00    M    M  6.5 13 190   M    M   0        17 190
21  81  66  74  -1   0   9 0.12    M    M  8.2 17  70   M    M   5 13     23  60
================================================================================
SM 1781 1424         0 244  5.65    M     97.9          M       67
================================================================================
AV 84.8 67.8                               4.7 FASTST   M    M   3    MAX(MPH)
                                 MISC ---->  # 18  20               # 28   20
================================================================================
NOTES:
# LAST OF SEVERAL OCCURRENCES

COLUMN 17 PEAK WIND IN M.P.H.

PRELIMINARY LOCAL CLIMATOLOGICAL DATA (WS FORM: F-6) , PAGE 2

                                          STATION:  HEBRON
                                          MONTH:    AUGUST
                                          YEAR:     2019
                                          LATITUDE:   40  9 N
                                          LONGITUDE:  97 35 W

[TEMPERATURE DATA]      [PRECIPITATION DATA]       SYMBOLS USED IN COLUMN 16

AVERAGE MONTHLY: 76.3   TOTAL FOR MONTH:   5.65    1 = FOG OR MIST
DPTR FM NORMAL:   0.3   DPTR FM NORMAL:    2.97    2 = FOG REDUCING VISIBILITY
HIGHEST:    91 ON 20,19 GRTST 24HR  1.73 ON  7- 7      TO 1/4 MILE OR LESS
LOWEST:     61 ON 15                               3 = THUNDER
                        SNOW, ICE PELLETS, HAIL    4 = ICE PELLETS
                        TOTAL MONTH:    M          5 = HAIL
                        GRTST 24HR    M  ON   M    6 = FREEZING RAIN OR DRIZZLE
                        GRTST DEPTH:  M  ON   M    7 = DUSTSTORM OR SANDSTORM:
                                                       VSBY 1/2 MILE OR LESS
                                                   8 = SMOKE OR HAZE
[NO. OF DAYS WITH]      [WEATHER - DAYS WITH]      9 = BLOWING SNOW
                                                   X = TORNADO
MAX 32 OR BELOW:   0    0.01 INCH OR MORE:  11
MAX 90 OR ABOVE:   2    0.10 INCH OR MORE:   8
MIN 32 OR BELOW:   0    0.50 INCH OR MORE:   5
MIN  0 OR BELOW:   0    1.00 INCH OR MORE:   2

[HDD (BASE 65) ]
TOTAL THIS MO.     0    CLEAR  (SCALE 0-3)  11
DPTR FM NORMAL     0    PTCLDY (SCALE 4-7)   9
TOTAL FM JUL 1     0    CLOUDY (SCALE 8-10)  1
DPTR FM NORMAL    -2

[CDD (BASE 65) ]
TOTAL THIS MO.   244
DPTR FM NORMAL    10    [PRESSURE DATA]
TOTAL FM JAN 1   965    HIGHEST SLP M ON M
DPTR FM NORMAL    52    LOWEST  SLP M ON M

[REMARKS]
