000
CXUS53 KGID 190730
CF6HJH
PRELIMINARY LOCAL CLIMATOLOGICAL DATA (WS FORM: F-6)

                                          STATION:   HEBRON
                                          MONTH:     APRIL
                                          YEAR:      2019
                                          LATITUDE:   40  9 N
                                          LONGITUDE:  97 35 W

  TEMPERATURE IN F:       :PCPN:    SNOW:  WIND      :SUNSHINE: SKY     :PK WND
================================================================================
1   2   3   4   5  6A  6B    7    8   9   10  11  12  13   14  15   16   17  18
                                     12Z  AVG MX 2MIN
DY MAX MIN AVG DEP HDD CDD  WTR  SNW DPTH SPD SPD DIR MIN PSBL S-S WX    SPD DR
================================================================================

 1  62  33  48   2  17   0    T    M    M 10.0 17 220   M    M   3        23 200
 2  57  35  46   0  19   0 0.00    M    M  6.4 15 360   M    M   6        17  10
 3  61  45  53   6  12   0 0.04    M    M  9.0 16 140   M    M   9        23 130
 4  64  45  55   8  10   0 0.06    M    M  4.3  9  90   M    M   5         M  M
 5  76  41  59  12   6   0 0.00    M    M  9.9 21 160   M    M   1 1      30 160
 6  76  55  66  18   0   1 0.10    M    M 10.8 18 170   M    M   3 3      24 280
 7  73  50  62  14   3   0    T    M    M 10.1 23 340   M    M   2 1      35 340
 8  81  45  63  15   2   0 0.00    M    M  6.6 15 250   M    M   0        22 310
 9  79  42  61  12   4   0 0.00    M    M  8.0 20 140   M    M   1        25 140
10  75  43  59  10   6   0 0.01    M    M 14.4 23  40   M    M   2 3      35  30
11  43  31  37 -12  28   0    M    M    M 15.3 20 290   M    M   9 1      30 290
12  48  29  39 -11  26   0 0.00    M    M 13.6 24 300   M    M   2        31 290
13  55  25  40 -10  25   0 0.00    M    M  7.8 15 350   M    M   0        21 350
14  61  28  45  -5  20   0 0.00    M    M  5.5 12 140   M    M   2        16 200
15  80  38  59   8   6   0 0.00    M    M  7.0 15 220   M    M   0        23 220
16  81  46  64  13   1   0 0.00    M    M  9.5 16  90   M    M   0        22 170
17  74  48  61   9   4   0 0.00    M    M 10.5 20 330   M    M   5        27 340
18  64  42  53   1  12   0    T    M    M 12.2 24  10   M    M   2        37  10
================================================================================
SM 1210  721       201   1  0.21    M    170.9          M       52
================================================================================
AV 67.2 40.1                               9.5 FASTST   M    M   3    MAX(MPH)
                                 MISC ---->  # 24 300               # 37   10
================================================================================
NOTES:
# LAST OF SEVERAL OCCURRENCES

COLUMN 17 PEAK WIND IN M.P.H.

PRELIMINARY LOCAL CLIMATOLOGICAL DATA (WS FORM: F-6) , PAGE 2

                                          STATION:  HEBRON
                                          MONTH:    APRIL
                                          YEAR:     2019
                                          LATITUDE:   40  9 N
                                          LONGITUDE:  97 35 W

[TEMPERATURE DATA]      [PRECIPITATION DATA]       SYMBOLS USED IN COLUMN 16

AVERAGE MONTHLY: 53.6   TOTAL FOR MONTH:   0.21    1 = FOG OR MIST
DPTR FM NORMAL:   4.8   DPTR FM NORMAL:   -1.28    2 = FOG REDUCING VISIBILITY
HIGHEST:    81 ON 16, 8 GRTST 24HR  0.10 ON  6- 6      TO 1/4 MILE OR LESS
LOWEST:     25 ON 13                               3 = THUNDER
                        SNOW, ICE PELLETS, HAIL    4 = ICE PELLETS
                        TOTAL MONTH:    M          5 = HAIL
                        GRTST 24HR    M  ON   M    6 = FREEZING RAIN OR DRIZZLE
                        GRTST DEPTH:  M  ON   M    7 = DUSTSTORM OR SANDSTORM:
                                                       VSBY 1/2 MILE OR LESS
                                                   8 = SMOKE OR HAZE
[NO. OF DAYS WITH]      [WEATHER - DAYS WITH]      9 = BLOWING SNOW
                                                   X = TORNADO
MAX 32 OR BELOW:   0    0.01 INCH OR MORE:   4
MAX 90 OR ABOVE:   0    0.10 INCH OR MORE:   1
MIN 32 OR BELOW:   4    0.50 INCH OR MORE:   0
MIN  0 OR BELOW:   0    1.00 INCH OR MORE:   0

[HDD (BASE 65) ]
TOTAL THIS MO.   201    CLEAR  (SCALE 0-3)  13
DPTR FM NORMAL   -93    PTCLDY (SCALE 4-7)   3
TOTAL FM JUL 1  5802    CLOUDY (SCALE 8-10)  2
DPTR FM NORMAL   124

[CDD (BASE 65) ]
TOTAL THIS MO.     1
DPTR FM NORMAL     1    [PRESSURE DATA]
TOTAL FM JAN 1     1    HIGHEST SLP M ON M
DPTR FM NORMAL     0    LOWEST  SLP M ON M

[REMARKS]
