000
CXUS56 KHNX 251146
CF6HJO
PRELIMINARY LOCAL CLIMATOLOGICAL DATA (WS FORM: F-6)

                                          STATION:   HANFORD CA AIRPORT
                                          MONTH:     APRIL
                                          YEAR:      2019
                                          LATITUDE:   36 19 N
                                          LONGITUDE: 119 38 W

  TEMPERATURE IN F:       :PCPN:    SNOW:  WIND      :SUNSHINE: SKY     :PK WND
================================================================================
1   2   3   4   5  6A  6B    7    8   9   10  11  12  13   14  15   16   17  18
                                     12Z  AVG MX 2MIN
DY MAX MIN AVG DEP HDD CDD  WTR  SNW DPTH SPD SPD DIR MIN PSBL S-S WX    SPD DR
================================================================================

 1  82  45  64   6   1   0 0.00  0.0    0  4.2 15 310   M    M   0 1      20 290
 2  76  53  65   7   0   0 0.11  0.0    0  5.3 23 330   M    M   5 13     34 310
 3  71  46  59   1   6   0 0.00  0.0    0  1.4  8 280   M    M   3 1      10 280
 4  69  48  59   1   6   0 0.00  0.0    0  3.5  9 320   M    M   5 1      12 320
 5  71  49  60   2   5   0 0.00  0.0    0  3.3  8 350   M    M   3        12 340
 6  79  46  63   5   2   0 0.00  0.0    0  4.1 13 300   M    M   0 1      18 340
 7  82  51  67   9   0   2 0.00  0.0    0  4.9 13 330   M    M   0        15 320
 8  84  59  72  13   0   7 0.00  0.0    0  7.3 16 320   M    M   1        22 320
 9  72  55  64   5   1   0 0.00  0.0    0 17.8 32 320   M    M   4 8      42 320
10  74  48  61   2   4   0 0.00  0.0    0  8.2 21 320   M    M   0        26 320
11  70  42  56  -3   9   0 0.00  0.0    0  8.1 22 330   M    M   1 8      27 320
12  73  42  58  -2   7   0 0.00  0.0    0  3.6 12  20   M    M   0 1      20  30
13  82  43  63   3   2   0 0.00  0.0    0  4.0  9 320   M    M   0 18     14 340
14  85  48  67   7   0   2 0.00  0.0    0  4.9 20 310   M    M   0 18     26 310
15  78  50  64   4   1   0 0.02  0.0    0  8.5 22 320   M    M   2        29 330
16  70  52  61   0   4   0 0.16  0.0    0  6.1 18 300   M    M   6 1      26 320
17  77  46  62   1   3   0 0.00  0.0    0  2.5 10 310   M    M   1 1      13 310
18  88  49  69   8   0   4 0.00  0.0    0  1.9  7 300   M    M   0 18     10 300
19  92  54  73  12   0   8 0.00  0.0    0  4.6 17 310   M    M   0 18     21 320
20  81  54  68   6   0   3 0.00  0.0    0  9.4 22 320   M    M   0 1      28 320
21  76  44  60  -2   5   0 0.00  0.0    0  4.3 14 310   M    M   1        20 330
22  83  48  66   4   0   1 0.00  0.0    0  2.5 12 310   M    M   0 18     23 300
23  90  52  71   8   0   6 0.00  0.0    0  4.1  9 310   M    M   0 8      13 320
24  95  54  75  12   0  10 0.00  0.0    0  2.8  9 330   M    M   0 18     13 240
================================================================================
SM 1900 1178        56  43  0.29     0.0 127.3          M       32
================================================================================
AV 79.2 49.1                               5.3 FASTST   M    M   1    MAX(MPH)
                                 MISC ---->  # 32 320               # 42  320
================================================================================
NOTES:
# LAST OF SEVERAL OCCURRENCES

COLUMN 17 PEAK WIND IN M.P.H.

PRELIMINARY LOCAL CLIMATOLOGICAL DATA (WS FORM: F-6) , PAGE 2

                                          STATION:  HANFORD CA AIRPORT
                                          MONTH:    APRIL
                                          YEAR:     2019
                                          LATITUDE:   36 19 N
                                          LONGITUDE: 119 38 W

[TEMPERATURE DATA]      [PRECIPITATION DATA]       SYMBOLS USED IN COLUMN 16

AVERAGE MONTHLY: 64.1   TOTAL FOR MONTH:   0.29    1 = FOG OR MIST
DPTR FM NORMAL:   4.2   DPTR FM NORMAL:   -0.35    2 = FOG REDUCING VISIBILITY
HIGHEST:    95 ON 24    GRTST 24HR  0.16 ON 16-16      TO 1/4 MILE OR LESS
LOWEST:     42 ON 12,11                            3 = THUNDER
                        SNOW, ICE PELLETS, HAIL    4 = ICE PELLETS
                        TOTAL MONTH:   0.0 INCH    5 = HAIL
                        GRTST 24HR     0.0         6 = FREEZING RAIN OR DRIZZLE
                        GRTST DEPTH:   0           7 = DUSTSTORM OR SANDSTORM:
                                                       VSBY 1/2 MILE OR LESS
                                                   8 = SMOKE OR HAZE
[NO. OF DAYS WITH]      [WEATHER - DAYS WITH]      9 = BLOWING SNOW
                                                   X = TORNADO
MAX 32 OR BELOW:   0    0.01 INCH OR MORE:   3
MAX 90 OR ABOVE:   3    0.10 INCH OR MORE:   2
MIN 32 OR BELOW:   0    0.50 INCH OR MORE:   0
MIN  0 OR BELOW:   0    1.00 INCH OR MORE:   0

[HDD (BASE 65) ]
TOTAL THIS MO.    56    CLEAR  (SCALE 0-3)  20
DPTR FM NORMAL   -87    PTCLDY (SCALE 4-7)   4
TOTAL FM JUL 1  2070    CLOUDY (SCALE 8-10)  0
DPTR FM NORMAL  -528

[CDD (BASE 65) ]
TOTAL THIS MO.    43
DPTR FM NORMAL    22    [PRESSURE DATA]
TOTAL FM JAN 1    43    HIGHEST SLP M ON M
DPTR FM NORMAL    18    LOWEST  SLP 29.76 ON 19

[REMARKS]
