000
CXUS52 KGSP 221227
CF6HKY
PRELIMINARY LOCAL CLIMATOLOGICAL DATA (WS FORM: F-6)

                                          STATION:   HICKORY NC
                                          MONTH:     AUGUST
                                          YEAR:      2019
                                          LATITUDE:   35 45 N
                                          LONGITUDE:  81 23 W

  TEMPERATURE IN F:       :PCPN:    SNOW:  WIND      :SUNSHINE: SKY     :PK WND
================================================================================
1   2   3   4   5  6A  6B    7    8   9   10  11  12  13   14  15   16   17  18
                                     12Z  AVG MX 2MIN
DY MAX MIN AVG DEP HDD CDD  WTR  SNW DPTH SPD SPD DIR MIN PSBL S-S WX    SPD DR
================================================================================

 1  88  67  78   1   0  13 0.07    M    M  3.2 18 190   M    M   3 13     23 190
 2  84  67  76  -1   0  11 0.00    M    M  3.3  9 290   M    M   4 1      12  50
 3  88  66  77   0   0  12    T    M    M  4.3 10  20   M    M   3 3      16  20
 4  89  68  79   2   0  14 0.20    M    M  3.2 13 220   M    M   2 13     17 190
 5  85  67  76  -1   0  11    T    M    M  2.9  8  30   M    M   3 1      11  20
 6  88  66  77   0   0  12 0.00    M    M  3.8 13 360   M    M   1 123    16 350
 7  89  68  79   2   0  14 0.03    M    M  4.0 15 280   M    M   2 13     21 270
 8  89  66  78   1   0  13 0.00    M    M  5.1 12 290   M    M   1        15 320
 9  92  66  79   2   0  14 0.00    M    M  3.7 12 250   M    M   0        19 240
10  88  68  78   1   0  13    T    M    M  3.0 10  30   M    M   4 1      15  20
11  87  68  78   1   0  13 0.00    M    M  4.2 14  50   M    M   2        18  60
12  89  69  79   2   0  14 0.00    M    M  3.0 10 220   M    M   5        14 220
13  96  70  83   6   0  18 0.39    M    M  4.2 22 270   M    M   2 138    29 270
14  89  69  79   2   0  14 0.08    M    M  3.4 14 280   M    M   4 138    18 270
15  90  70  80   3   0  15 0.00    M    M  2.5  9 190   M    M   2        13 160
16  92  69  81   4   0  16 0.00    M    M  1.8  9  40   M    M   1        13  60
17  90  68  79   2   0  14 0.00    M    M  3.0 15  10   M    M   2 3      23 340
18  91  69  80   4   0  15 0.00    M    M  2.6 14  50   M    M   1 13     19 230
19  92  70  81   5   0  16 0.00    M    M  2.4 14 290   M    M   1 3      17 300
20  84  68  76   0   0  11 0.00    M    M  4.3 12 190   M    M   2 1      15 200
21  92  69  81   5   0  16 0.65    M    M  3.2 32 280   M    M   5 123    45 290
================================================================================
SM 1872 1428         0 289  1.42    M     71.1          M       50
================================================================================
AV 89.1 68.0                               3.4 FASTST   M    M   2    MAX(MPH)
                                 MISC ---->  # 32 280               # 45  290
================================================================================
NOTES:
# LAST OF SEVERAL OCCURRENCES

COLUMN 17 PEAK WIND IN M.P.H.

PRELIMINARY LOCAL CLIMATOLOGICAL DATA (WS FORM: F-6) , PAGE 2

                                          STATION:  HICKORY NC
                                          MONTH:    AUGUST
                                          YEAR:     2019
                                          LATITUDE:   35 45 N
                                          LONGITUDE:  81 23 W

[TEMPERATURE DATA]      [PRECIPITATION DATA]       SYMBOLS USED IN COLUMN 16

AVERAGE MONTHLY: 78.6   TOTAL FOR MONTH:   1.42    1 = FOG OR MIST
DPTR FM NORMAL:   1.8   DPTR FM NORMAL:   -1.33    2 = FOG REDUCING VISIBILITY
HIGHEST:    96 ON 13    GRTST 24HR  0.65 ON 21-21      TO 1/4 MILE OR LESS
LOWEST:     66 ON  9, 8                            3 = THUNDER
                        SNOW, ICE PELLETS, HAIL    4 = ICE PELLETS
                        TOTAL MONTH:    M          5 = HAIL
                        GRTST 24HR    M  ON   M    6 = FREEZING RAIN OR DRIZZLE
                        GRTST DEPTH:  M  ON   M    7 = DUSTSTORM OR SANDSTORM:
                                                       VSBY 1/2 MILE OR LESS
                                                   8 = SMOKE OR HAZE
[NO. OF DAYS WITH]      [WEATHER - DAYS WITH]      9 = BLOWING SNOW
                                                   X = TORNADO
MAX 32 OR BELOW:   0    0.01 INCH OR MORE:   6
MAX 90 OR ABOVE:   8    0.10 INCH OR MORE:   3
MIN 32 OR BELOW:   0    0.50 INCH OR MORE:   1
MIN  0 OR BELOW:   0    1.00 INCH OR MORE:   0

[HDD (BASE 65) ]
TOTAL THIS MO.     0    CLEAR  (SCALE 0-3)  14
DPTR FM NORMAL     0    PTCLDY (SCALE 4-7)   7
TOTAL FM JUL 1     0    CLOUDY (SCALE 8-10)  0
DPTR FM NORMAL     0

[CDD (BASE 65) ]
TOTAL THIS MO.   289
DPTR FM NORMAL    40    [PRESSURE DATA]
TOTAL FM JAN 1  1227    HIGHEST SLP M ON M
DPTR FM NORMAL   168    LOWEST  SLP 29.76 ON M

[REMARKS]
