000
CXUS52 KGSP 170817
CF6HKY
PRELIMINARY LOCAL CLIMATOLOGICAL DATA (WS FORM: F-6)

                                          STATION:   HICKORY NC
                                          MONTH:     FEBRUARY
                                          YEAR:      2019
                                          LATITUDE:   35 45 N
                                          LONGITUDE:  81 23 W

  TEMPERATURE IN F:       :PCPN:    SNOW:  WIND      :SUNSHINE: SKY     :PK WND
================================================================================
1   2   3   4   5  6A  6B    7    8   9   10  11  12  13   14  15   16   17  18
                                     12Z  AVG MX 2MIN
DY MAX MIN AVG DEP HDD CDD  WTR  SNW DPTH SPD SPD DIR MIN PSBL S-S WX    SPD DR
================================================================================

 1  54  22  38  -2  27   0 0.00    M    M  2.1  9 360   M    M   5        12 360
 2  62  30  46   6  19   0 0.00    M    M  2.7 10 190   M    M   1        16 200
 3  63  35  49   8  16   0 0.00    M    M  2.3  9 210   M    M   3        12 200
 4  68  35  52  11  13   0 0.00    M    M  2.5  8 200   M    M   1        13 200
 5  74  42  58  17   7   0 0.00    M    M  3.3 10 270   M    M   2        16 240
 6  68  45  57  16   8   0 0.00    M    M  5.8 17 210   M    M   4        23 210
 7  76  59  68  27   0   3 0.00    M    M 10.2 23 200   M    M   2        33 200
 8  67  42  55  14  10   0 0.00    M    M  8.9 20 320   M    M   2        27 320
 9  50  33  42   1  23   0 0.00    M    M  3.5  8 100   M    M   0        12  60
10  40  29  35  -7  30   0 0.03    M    M  3.1  7  30   M    M   8 1       9  10
11  47  34  41  -1  24   0 0.18    M    M  2.8  9  60   M    M  10 1      11  60
12  47  38  43   1  22   0 0.28    M    M  5.5 13 270   M    M  10 1      19 280
13  57  35  46   4  19   0 0.00    M    M 10.8 21 270   M    M   0        26 290
14  59  32  46   4  19   0 0.00    M    M  5.9 14 200   M    M   1 8      18 170
15  61  44  53  11  12   0 0.00    M    M  6.7 14 190   M    M   6        18 190
16  52  42  47   4  18   0 0.18    M    M  5.5 16  60   M    M  10 1      20  70
================================================================================
SM  945  597       267   3  0.67    M     81.6          M       65
================================================================================
AV 59.1 37.3                               5.1 FASTST   M    M   4    MAX(MPH)
                                 MISC ---->  # 23 200               # 33  200
================================================================================
NOTES:
# LAST OF SEVERAL OCCURRENCES

COLUMN 17 PEAK WIND IN M.P.H.

PRELIMINARY LOCAL CLIMATOLOGICAL DATA (WS FORM: F-6) , PAGE 2

                                          STATION:  HICKORY NC
                                          MONTH:    FEBRUARY
                                          YEAR:     2019
                                          LATITUDE:   35 45 N
                                          LONGITUDE:  81 23 W

[TEMPERATURE DATA]      [PRECIPITATION DATA]       SYMBOLS USED IN COLUMN 16

AVERAGE MONTHLY: 48.2   TOTAL FOR MONTH:   0.67    1 = FOG OR MIST
DPTR FM NORMAL:   6.8   DPTR FM NORMAL:   -1.40    2 = FOG REDUCING VISIBILITY
HIGHEST:    76 ON  7    GRTST 24HR  0.28 ON 12-12      TO 1/4 MILE OR LESS
LOWEST:     22 ON  1                               3 = THUNDER
                        SNOW, ICE PELLETS, HAIL    4 = ICE PELLETS
                        TOTAL MONTH:    M          5 = HAIL
                        GRTST 24HR    M  ON   M    6 = FREEZING RAIN OR DRIZZLE
                        GRTST DEPTH:  M  ON   M    7 = DUSTSTORM OR SANDSTORM:
                                                       VSBY 1/2 MILE OR LESS
                                                   8 = SMOKE OR HAZE
[NO. OF DAYS WITH]      [WEATHER - DAYS WITH]      9 = BLOWING SNOW
                                                   X = TORNADO
MAX 32 OR BELOW:   0    0.01 INCH OR MORE:   4
MAX 90 OR ABOVE:   0    0.10 INCH OR MORE:   3
MIN 32 OR BELOW:   4    0.50 INCH OR MORE:   0
MIN  0 OR BELOW:   0    1.00 INCH OR MORE:   0

[HDD (BASE 65) ]
TOTAL THIS MO.   267    CLEAR  (SCALE 0-3)   8
DPTR FM NORMAL  -110    PTCLDY (SCALE 4-7)   4
TOTAL FM JUL 1  2481    CLOUDY (SCALE 8-10)  4
DPTR FM NORMAL  -124

[CDD (BASE 65) ]
TOTAL THIS MO.     3
DPTR FM NORMAL     3    [PRESSURE DATA]
TOTAL FM JAN 1     3    HIGHEST SLP M ON M
DPTR FM NORMAL     3    LOWEST  SLP 29.64 ON 16

[REMARKS]
