000
CXUS53 KGLD 210819
CF6HLC
PRELIMINARY LOCAL CLIMATOLOGICAL DATA (WS FORM: F-6)

                                          STATION:   HILL CITY KS
                                          MONTH:     APRIL
                                          YEAR:      2019
                                          LATITUDE:   39 22 N
                                          LONGITUDE:  99 50 W

  TEMPERATURE IN F:       :PCPN:    SNOW:  WIND      :SUNSHINE: SKY     :PK WND
================================================================================
1   2   3   4   5  6A  6B    7    8   9   10  11  12  13   14  15   16   17  18
                                     12Z  AVG MX 2MIN
DY MAX MIN AVG DEP HDD CDD  WTR  SNW DPTH SPD SPD DIR MIN PSBL S-S WX    SPD DR
================================================================================

 1  63  31  47   0  18   0    T    M    M  9.6 20 200   M    M   4        27 190
 2  61  31  46  -1  19   0 0.00    M    M  8.5 18 350   M    M   4        24  10
 3  66  39  53   6  12   0    T    M    M  9.5 17  40   M    M   5 8      25 140
 4  65  42  54   6  11   0    T    M    0  8.5 18 360   M    M   5 1      24 360
 5  81  39  60  12   5   0 0.00    M    M 13.7 31 180   M    M   0 1      44 190
 6  74  55  65  17   0   0 0.00    M    M 13.5 25 210   M    M   1        36 180
 7  78  41  60  11   5   0 0.00    M    M 13.0 35 340   M    M   0        46 340
 8  83  41  62  13   3   0 0.00    M    M  9.7 23 300   M    M   0        35 310
 9  83  44  64  15   1   0 0.00    M    M  8.4 20 190   M    M   0        29 190
10  69  33  51   1  14   0 0.20    M    M 17.6 39 360   M    M   3 13     56 350
11  36  27  32 -18  33   0 0.01    M    M 21.8 37 330   M    M   7 18     48 310
12  51  25  38 -12  27   0 0.00    M    M 11.7 23 310   M    M   0        30 310
13  57  23  40 -11  25   0 0.00  0.0    0  7.6 17  30   M    M   2        26  70
14  69  23  46  -5  19   0 0.00    M    M  7.0 20 210   M    M   1        30 200
15  80  35  58   7   7   0 0.00    M    M  7.0 14 170   M    M   0         M  M
16  79  45  62  10   3   0 0.00    M    M 10.9 20 180   M    M   0        30 180
17  76  43  60   8   5   0 0.00    M    M 11.8 26 360   M    M   1 1      35 350
18  66  40  53   1  12   0 0.04    M    M 17.6 49 350   M    M   2 3      63 350
19  70  35  53   0  12   0 0.00    M    M  7.7 16 340   M    M   0        21 340
20  90  37  64  11   1   0 0.00    M    M 10.5 20 170   M    M   0        30 150
================================================================================
SM 1397  729       232   0  0.25     0.0 225.6          M       35
================================================================================
AV 69.9 36.5                              11.3 FASTST   M    M   2    MAX(MPH)
                                 MISC ---->  # 49 350               # 63  350
================================================================================
NOTES:
# LAST OF SEVERAL OCCURRENCES

COLUMN 17 PEAK WIND IN M.P.H.

PRELIMINARY LOCAL CLIMATOLOGICAL DATA (WS FORM: F-6) , PAGE 2

                                          STATION:  HILL CITY KS
                                          MONTH:    APRIL
                                          YEAR:     2019
                                          LATITUDE:   39 22 N
                                          LONGITUDE:  99 50 W

[TEMPERATURE DATA]      [PRECIPITATION DATA]       SYMBOLS USED IN COLUMN 16

AVERAGE MONTHLY: 53.2   TOTAL FOR MONTH:   0.25    1 = FOG OR MIST
DPTR FM NORMAL:   3.3   DPTR FM NORMAL:   -1.02    2 = FOG REDUCING VISIBILITY
HIGHEST:    90 ON 20    GRTST 24HR  0.20 ON 10-10      TO 1/4 MILE OR LESS
LOWEST:     23 ON 14,13                            3 = THUNDER
                        SNOW, ICE PELLETS, HAIL    4 = ICE PELLETS
                        TOTAL MONTH:   0.0 INCH    5 = HAIL
                        GRTST 24HR     0.0         6 = FREEZING RAIN OR DRIZZLE
                        GRTST DEPTH:   0           7 = DUSTSTORM OR SANDSTORM:
                                                       VSBY 1/2 MILE OR LESS
                                                   8 = SMOKE OR HAZE
[NO. OF DAYS WITH]      [WEATHER - DAYS WITH]      9 = BLOWING SNOW
                                                   X = TORNADO
MAX 32 OR BELOW:   0    0.01 INCH OR MORE:   3
MAX 90 OR ABOVE:   1    0.10 INCH OR MORE:   1
MIN 32 OR BELOW:   6    0.50 INCH OR MORE:   0
MIN  0 OR BELOW:   0    1.00 INCH OR MORE:   0

[HDD (BASE 65) ]
TOTAL THIS MO.   232    CLEAR  (SCALE 0-3)  15
DPTR FM NORMAL   -71    PTCLDY (SCALE 4-7)   5
TOTAL FM JUL 1  5603    CLOUDY (SCALE 8-10)  0
DPTR FM NORMAL   331

[CDD (BASE 65) ]
TOTAL THIS MO.     0
DPTR FM NORMAL     0    [PRESSURE DATA]
TOTAL FM JAN 1     1    HIGHEST SLP M ON M
DPTR FM NORMAL     1    LOWEST  SLP 29.28 ON 10

[REMARKS]
