000
CXUS51 KPBZ 250804
CF6HLG
PRELIMINARY LOCAL CLIMATOLOGICAL DATA (WS FORM: F-6)

                                          STATION:   WHEELING
                                          MONTH:     APRIL
                                          YEAR:      2019
                                          LATITUDE:   40 10 N
                                          LONGITUDE:  80 39 W

  TEMPERATURE IN F:       :PCPN:    SNOW:  WIND      :SUNSHINE: SKY     :PK WND
================================================================================
1   2   3   4   5  6A  6B    7    8   9   10  11  12  13   14  15   16   17  18
                                     12Z  AVG MX 2MIN
DY MAX MIN AVG DEP HDD CDD  WTR  SNW DPTH SPD SPD DIR MIN PSBL S-S WX    SPD DR
================================================================================

 1  44  24  34 -12  31   0 0.00  0.0    0  5.4 15 340   M    M   2        19 330
 2  56  27  42  -5  23   0 0.00  0.0    0  5.0 15 230   M    M   0        20 190
 3  60  39  50   3  15   0 0.00  0.0    0 10.8 25 250   M    M   0        34 280
 4  55  40  48   1  17   0 0.00  0.0    0  6.4 18  50   M    M   8        24  50
 5  58  45  52   4  13   0 0.05    M    0  8.1 16  80   M    M  10 1      21  60
 6  68  47  58  10   7   0 0.00  0.0    0  4.3  8 100   M    M   8 1      11 350
 7  75  50  63  15   2   0    T  0.0    0  8.6 22 200   M    M   5        29 200
 8  68  56  62  13   3   0 0.00  0.0    0  9.7 18 230   M    M   5        25 220
 9  69  50  60  11   5   0 0.00  0.0    0 10.9 25 300   M    M   3 1      31 310
10  58  42  50   0  15   0    T    M    0  7.5 17  30   M    M   2        22  30
11  80  41  61  11   4   0    T    M    0  9.2 18 170   M    M   1        27 180
12  76  61  69  19   0   4 0.16  0.0    0 13.0 26 230   M    M   4 1      38 230
13  71  50  61  10   4   0 0.00    M    M  6.2 15 210   M    M   2        19 220
14  76  48  62  11   3   0 0.73    M    0 11.9 40 250   M    M   7 1      61 250
15  57  35  46  -5  19   0 0.01    M    0 15.0 31 260   M    M   7 1      43 270
16  68  37  53   1  12   0 0.00  0.0    0  8.5 20 230   M    M   4        27 200
17  76  56  66  14   0   1 0.00  0.0    0  7.2 16 190   M    M   2        22 210
18  80  60  70  18   0   5 0.02  0.0    0 11.0 26 210   M    M   4 3      36 220
19  72  50  61   8   4   0 0.22  0.0    0 11.2 29 200   M    M   8 1      37 180
20  65  49  57   4   8   0 0.29    M    0  8.3 24 210   M    M   8 123    34 230
21  53  45  49  -4  16   0 0.01    M    0  5.6 14 260   M    M  10 1      19 270
22  68  41  55   1  10   0 0.00  0.0    0  2.5  9  30   M    M   3 12     12  30
23  78  52  65  11   0   0 0.05  0.0    0 11.4 28 220   M    M   3 3      38 220
24  66  46  56   2   9   0    T    M    M  5.9 15 300   M    M   4        20 290
================================================================================
SM 1597 1091       220  10  1.54     0.0 203.6          M      110
================================================================================
AV 66.5 45.5                               8.5 FASTST   M    M   5    MAX(MPH)
                                 MISC ---->  # 40 250               # 61  250
================================================================================
NOTES:
# LAST OF SEVERAL OCCURRENCES

COLUMN 17 PEAK WIND IN M.P.H.

PRELIMINARY LOCAL CLIMATOLOGICAL DATA (WS FORM: F-6) , PAGE 2

                                          STATION:  WHEELING
                                          MONTH:    APRIL
                                          YEAR:     2019
                                          LATITUDE:   40 10 N
                                          LONGITUDE:  80 39 W

[TEMPERATURE DATA]      [PRECIPITATION DATA]       SYMBOLS USED IN COLUMN 16

AVERAGE MONTHLY: 56.0   TOTAL FOR MONTH:   1.54    1 = FOG OR MIST
DPTR FM NORMAL:   5.6   DPTR FM NORMAL:   -0.82    2 = FOG REDUCING VISIBILITY
HIGHEST:    80 ON 18,11 GRTST 24HR  0.73 ON 14-14      TO 1/4 MILE OR LESS
LOWEST:     24 ON  1                               3 = THUNDER
                        SNOW, ICE PELLETS, HAIL    4 = ICE PELLETS
                        TOTAL MONTH:   0.0 INCH    5 = HAIL
                        GRTST 24HR     0.0         6 = FREEZING RAIN OR DRIZZLE
                        GRTST DEPTH:   0           7 = DUSTSTORM OR SANDSTORM:
                                                       VSBY 1/2 MILE OR LESS
                                                   8 = SMOKE OR HAZE
[NO. OF DAYS WITH]      [WEATHER - DAYS WITH]      9 = BLOWING SNOW
                                                   X = TORNADO
MAX 32 OR BELOW:   0    0.01 INCH OR MORE:   9
MAX 90 OR ABOVE:   0    0.10 INCH OR MORE:   4
MIN 32 OR BELOW:   2    0.50 INCH OR MORE:   1
MIN  0 OR BELOW:   0    1.00 INCH OR MORE:   0

[HDD (BASE 65) ]
TOTAL THIS MO.   220    CLEAR  (SCALE 0-3)  10
DPTR FM NORMAL  -138    PTCLDY (SCALE 4-7)  11
TOTAL FM JUL 1  4990    CLOUDY (SCALE 8-10)  3
DPTR FM NORMAL  -308

[CDD (BASE 65) ]
TOTAL THIS MO.    10
DPTR FM NORMAL    10    [PRESSURE DATA]
TOTAL FM JAN 1    11    HIGHEST SLP M ON M
DPTR FM NORMAL    10    LOWEST  SLP 29.29 ON 14

[REMARKS]
