000
CXUS51 KPBZ 190904
CF6HLG
PRELIMINARY LOCAL CLIMATOLOGICAL DATA (WS FORM: F-6)

                                          STATION:   WHEELING
                                          MONTH:     FEBRUARY
                                          YEAR:      2019
                                          LATITUDE:   40 10 N
                                          LONGITUDE:  80 39 W

  TEMPERATURE IN F:       :PCPN:    SNOW:  WIND      :SUNSHINE: SKY     :PK WND
================================================================================
1   2   3   4   5  6A  6B    7    8   9   10  11  12  13   14  15   16   17  18
                                     12Z  AVG MX 2MIN
DY MAX MIN AVG DEP HDD CDD  WTR  SNW DPTH SPD SPD DIR MIN PSBL S-S WX    SPD DR
================================================================================

 1  21   8  15 -15  50   0 0.06    M    M  3.1  8  70   M    M   7 18     10  90
 2  37  11  24  -6  41   0 0.00    M    M  7.1 16 200   M    M   4 12     20 200
 3  59  32  46  16  19   0 0.00  0.0    0  6.6 14 210   M    M   4        18 200
 4  64  45  55  25  10   0    T    M    0  9.3 20 230   M    M   2        25 230
 5  55  43  49  19  16   0 0.01    M    0  6.6 15 230   M    M  10 128    19 230
 6  55  43  49  19  16   0 0.65    M    0  6.9 15 160   M    M  10 12     19 170
 7  61  51  56  25   9   0 1.04    M    M  8.0 28 280   M    M  10 12     38 270
 8  59  20  40   9  25   0 0.07    M    M 18.3 30 250   M    M   8 1      46 270
 9  28  14  21 -10  44   0 0.00  0.0    0  6.1 18 270   M    M   5        23 310
10  34  16  25  -6  40   0 0.14    M    0  5.8 12  60   M    M   4 16     14  90
11  36  32  34   3  31   0 0.34    M    0  5.0 16  80   M    M  10 126    21  90
12  52  34  43  12  22   0 0.57    M    0 15.1 33 260   M    M  10 1      47 250
13  34  25  30  -2  35   0    T    M    0 18.4 32 240   M    M   8 12     47 240
14  51  27  39   7  26   0 0.00  0.0    0  9.1 20 170   M    M   2        25 170
15  53  28  41   9  24   0 0.02    M    0 14.3 29 260   M    M   5        38 250
16  29  24  27  -5  38   0 0.00  0.0    0  8.2 14 350   M    M   8        18 330
17  34  21  28  -4  37   0 0.07    M    0  6.8 16 250   M    M   7 1268   25 250
18  34  20  27  -5  38   0    T    M    M 13.3 23 260   M    M  10 18     31 250
================================================================================
SM  796  494       521   0  2.97     0.0 168.0          M      124
================================================================================
AV 44.2 27.4                               9.3 FASTST   M    M   7    MAX(MPH)
                                 MISC ---->  # 33 260               # 47  250
================================================================================
NOTES:
# LAST OF SEVERAL OCCURRENCES

COLUMN 17 PEAK WIND IN M.P.H.

PRELIMINARY LOCAL CLIMATOLOGICAL DATA (WS FORM: F-6) , PAGE 2

                                          STATION:  WHEELING
                                          MONTH:    FEBRUARY
                                          YEAR:     2019
                                          LATITUDE:   40 10 N
                                          LONGITUDE:  80 39 W

[TEMPERATURE DATA]      [PRECIPITATION DATA]       SYMBOLS USED IN COLUMN 16

AVERAGE MONTHLY: 35.8   TOTAL FOR MONTH:   2.97    1 = FOG OR MIST
DPTR FM NORMAL:   4.8   DPTR FM NORMAL:    1.61    2 = FOG REDUCING VISIBILITY
HIGHEST:    64 ON  4    GRTST 24HR  1.04 ON  7- 7      TO 1/4 MILE OR LESS
LOWEST:      8 ON  1                               3 = THUNDER
                        SNOW, ICE PELLETS, HAIL    4 = ICE PELLETS
                        TOTAL MONTH:   0.0 INCH    5 = HAIL
                        GRTST 24HR     0.0         6 = FREEZING RAIN OR DRIZZLE
                        GRTST DEPTH:   0           7 = DUSTSTORM OR SANDSTORM:
                                                       VSBY 1/2 MILE OR LESS
                                                   8 = SMOKE OR HAZE
[NO. OF DAYS WITH]      [WEATHER - DAYS WITH]      9 = BLOWING SNOW
                                                   X = TORNADO
MAX 32 OR BELOW:   3    0.01 INCH OR MORE:  10
MAX 90 OR ABOVE:   0    0.10 INCH OR MORE:   5
MIN 32 OR BELOW:  13    0.50 INCH OR MORE:   3
MIN  0 OR BELOW:   0    1.00 INCH OR MORE:   1

[HDD (BASE 65) ]
TOTAL THIS MO.   521    CLEAR  (SCALE 0-3)   2
DPTR FM NORMAL   -91    PTCLDY (SCALE 4-7)   8
TOTAL FM JUL 1  3687    CLOUDY (SCALE 8-10)  8
DPTR FM NORMAL  -167

[CDD (BASE 65) ]
TOTAL THIS MO.     0
DPTR FM NORMAL     0    [PRESSURE DATA]
TOTAL FM JAN 1     0    HIGHEST SLP M ON M
DPTR FM NORMAL     0    LOWEST  SLP 29.52 ON 12

[REMARKS]
