000
CXUS55 KFSD 200905
CF6HON
PRELIMINARY LOCAL CLIMATOLOGICAL DATA (WS FORM: F-6)

                                          STATION:   HURON
                                          MONTH:     FEBRUARY
                                          YEAR:      2019
                                          LATITUDE:   44 22 N
                                          LONGITUDE:  98 13 W

  TEMPERATURE IN F:       :PCPN:    SNOW:  WIND      :SUNSHINE: SKY     :PK WND
================================================================================
1   2   3   4   5  6A  6B    7    8   9   10  11  12  13   14  15   16   17  18
                                     12Z  AVG MX 2MIN
DY MAX MIN AVG DEP HDD CDD  WTR  SNW DPTH SPD SPD DIR MIN PSBL S-S WX    SPD DR
================================================================================

 1  29   3  16  -2  49   0 0.00  0.0    3  9.6 17 170   M    M   0        22 170
 2  27  11  19   1  46   0 0.00  0.0    3  6.3 14 320   M    M   0 18     16 320
 3  15   0   8 -10  57   0 0.01  0.3    3 16.4 26 340   M    M   6 189    34 340
 4   0  -6  -3 -21  68   0 0.00  0.0    3 19.0 29 320   M    M   6 89     35 320
 5   6  -5   1 -18  64   0 0.00  0.0    3  7.2 13  30   M    M  10 8      17  30
 6   4  -1   2 -17  63   0 0.07  0.9    3 14.4 22 340   M    M  10 9      27 330
 7   0 -10  -5 -24  70   0    T    T    4 24.5 37 320   M    M   8 9      46 330
 8   0 -19  -9 -28  74   0 0.00  0.0    3  7.9 22 310   M    M   0        29 310
 9  19   0  10 -10  55   0    T    T    3 14.5 23 150   M    M   6        32 140
10  11  -8   2 -18  63   0 0.07  1.4    4  7.8 15  50   M    M   9 18     19  60
11  22   4  13  -7  52   0 0.07  1.0    5  8.1 20 120   M    M  10 1      25 120
12  19  -5   7 -13  58   0 0.01  0.1    6 16.6 28 320   M    M   2 19     35 320
13  23  -7   8 -13  57   0 0.00  0.0    5  9.1 24 150   M    M   1        37 140
14  20  -9   6 -15  59   0    T    T    4 19.8 32 320   M    M   5 1289   40 320
15   3 -14  -5 -26  70   0 0.00  0.0    4  5.9 14 340   M    M   1        16 350
16  19   3  11 -11  54   0 0.03    M    4 11.5 17 100   M    M  10 1      22 140
17  15   5  10 -12  55   0 0.22  3.3    6 11.9 22 350   M    M   9 1      26 360
18   6 -13  -3 -25  68   0 0.00  0.0    7  8.0 15 350   M    M   1        18 340
19  16 -15   1 -22  64   0 0.03    T    6  7.1 15 150   M    M   8 18     21 160
================================================================================
SM  254  -86      1146   0  0.51     7.0 225.6          M      102
================================================================================
AV 13.4 -4.5                              11.9 FASTST   M    M   5    MAX(MPH)
                                 MISC ---->  # 37 320               # 46  330
================================================================================
NOTES:
# LAST OF SEVERAL OCCURRENCES

COLUMN 17 PEAK WIND IN M.P.H.

PRELIMINARY LOCAL CLIMATOLOGICAL DATA (WS FORM: F-6) , PAGE 2

                                          STATION:  HURON
                                          MONTH:    FEBRUARY
                                          YEAR:     2019
                                          LATITUDE:   44 22 N
                                          LONGITUDE:  98 13 W

[TEMPERATURE DATA]      [PRECIPITATION DATA]       SYMBOLS USED IN COLUMN 16

AVERAGE MONTHLY:  4.4   TOTAL FOR MONTH:   0.51    1 = FOG OR MIST
DPTR FM NORMAL: -15.6   DPTR FM NORMAL:    0.14    2 = FOG REDUCING VISIBILITY
HIGHEST:    29 ON  1    GRTST 24HR  0.22 ON 17-17      TO 1/4 MILE OR LESS
LOWEST:    -19 ON  8                               3 = THUNDER
                        SNOW, ICE PELLETS, HAIL    4 = ICE PELLETS
                        TOTAL MONTH:   7.0 INCHES  5 = HAIL
                        GRTST 24HR   3.3 ON 17-17  6 = FREEZING RAIN OR DRIZZLE
                        GRTST DEPTH:   7 ON 18     7 = DUSTSTORM OR SANDSTORM:
                                                       VSBY 1/2 MILE OR LESS
                                                   8 = SMOKE OR HAZE
[NO. OF DAYS WITH]      [WEATHER - DAYS WITH]      9 = BLOWING SNOW
                                                   X = TORNADO
MAX 32 OR BELOW:  19    0.01 INCH OR MORE:   8
MAX 90 OR ABOVE:   0    0.10 INCH OR MORE:   1
MIN 32 OR BELOW:  19    0.50 INCH OR MORE:   0
MIN  0 OR BELOW:  14    1.00 INCH OR MORE:   0

[HDD (BASE 65) ]
TOTAL THIS MO.  1146    CLEAR  (SCALE 0-3)   7
DPTR FM NORMAL   293    PTCLDY (SCALE 4-7)   6
TOTAL FM JUL 1  5889    CLOUDY (SCALE 8-10)  6
DPTR FM NORMAL   419

[CDD (BASE 65) ]
TOTAL THIS MO.     0
DPTR FM NORMAL     0    [PRESSURE DATA]
TOTAL FM JAN 1     0    HIGHEST SLP M ON M
DPTR FM NORMAL     0    LOWEST  SLP 29.52 ON 13

[REMARKS]
