000
CXUS55 KFSD 250905
CF6HON
PRELIMINARY LOCAL CLIMATOLOGICAL DATA (WS FORM: F-6)

                                          STATION:   HURON
                                          MONTH:     APRIL
                                          YEAR:      2019
                                          LATITUDE:   44 22 N
                                          LONGITUDE:  98 13 W

  TEMPERATURE IN F:       :PCPN:    SNOW:  WIND      :SUNSHINE: SKY     :PK WND
================================================================================
1   2   3   4   5  6A  6B    7    8   9   10  11  12  13   14  15   16   17  18
                                     12Z  AVG MX 2MIN
DY MAX MIN AVG DEP HDD CDD  WTR  SNW DPTH SPD SPD DIR MIN PSBL S-S WX    SPD DR
================================================================================

 1  39  27  33  -7  32   0 0.08  0.7    0  8.9 18 350   M    M   6 18     27 360
 2  54  25  40   0  25   0    T  0.0    1 10.1 26 320   M    M   2        33 320
 3  50  28  39  -2  26   0 0.00  0.0    0  9.1 15 170   M    M   6        21 140
 4  45  38  42   1  23   0 0.01  0.0    0 10.2 17 150   M    M  10 1      26 140
 5  64  37  51   9  14   0 0.00  0.0    0  9.9 15 150   M    M   5 12     21 130
 6  68  43  56  14   9   0    T  0.0    0  9.3 18 130   M    M   5 18     27 120
 7  72  48  60  17   5   0 0.01  0.0    0 13.2 29 300   M    M   3 1      37 300
 8  70  42  56  13   9   0 0.00  0.0    0 14.9 32 330   M    M   0        43 320
 9  54  34  44   0  21   0 0.05  0.0    0  8.9 20  70   M    M   7        27  50
10  34  28  31 -13  34   0 1.34  8.0    1 18.6 26  40   M    M  10 1236   37  40
11  30  25  28 -16  37   0 0.84 10.0    8 25.3 36  40   M    M  10 12     50  40
12  34  25  30 -15  35   0 0.02    T   19 20.1 31 350   M    M   9 1      40 360
13  41  21  31 -14  34   0 0.00  0.0   14  7.6 16 300   M    M   2 8      20 300
14  36  18  27 -19  38   0 0.00  0.0    7 10.6 18 140   M    M   1 12     26 120
15  45  32  39  -7  26   0 0.00  0.0    6  8.8 20 150   M    M   1 1      29 150
16  56  29  43  -4  22   0 0.00  0.0    3  5.6 13  90   M    M   1 12     18  90
17  46  39  43  -4  22   0 0.09  0.0    0 11.2 23 340   M    M   9 1      29 330
18  56  34  45  -3  20   0    T  0.0    0 10.0 24 350   M    M   6 1      32 360
19  66  29  48   0  17   0 0.00  0.0    0  8.8 17 170   M    M   0 12     26 170
20  82  45  64  15   1   0 0.00  0.0    0 11.5 20 150   M    M   0        27 150
21  69  49  59  10   6   0    T  0.0    0 17.1 28  30   M    M   2        37  20
22  65  41  53   4  12   0 0.01  0.0    0 15.7 29  10   M    M   5        39  10
23  70  39  55   5  10   0 0.00  0.0    0 12.1 23 180   M    M   0 1      32 180
24  78  49  64  14   1   0    T  0.0    0  7.8 24 340   M    M   4        35 310
================================================================================
SM 1324  825       479   0  2.45    18.7 285.3          M      104
================================================================================
AV 55.2 34.4                              11.9 FASTST   M    M   4    MAX(MPH)
                                 MISC ---->  # 36  40               # 50   40
================================================================================
NOTES:
# LAST OF SEVERAL OCCURRENCES

COLUMN 17 PEAK WIND IN M.P.H.

PRELIMINARY LOCAL CLIMATOLOGICAL DATA (WS FORM: F-6) , PAGE 2

                                          STATION:  HURON
                                          MONTH:    APRIL
                                          YEAR:     2019
                                          LATITUDE:   44 22 N
                                          LONGITUDE:  98 13 W

[TEMPERATURE DATA]      [PRECIPITATION DATA]       SYMBOLS USED IN COLUMN 16

AVERAGE MONTHLY: 44.8   TOTAL FOR MONTH:   2.45    1 = FOG OR MIST
DPTR FM NORMAL:  -0.4   DPTR FM NORMAL:    0.67    2 = FOG REDUCING VISIBILITY
HIGHEST:    82 ON 20    GRTST 24HR  1.34 ON 10-10      TO 1/4 MILE OR LESS
LOWEST:     18 ON 14                               3 = THUNDER
                        SNOW, ICE PELLETS, HAIL    4 = ICE PELLETS
                        TOTAL MONTH:  18.7 INCHES  5 = HAIL
                        GRTST 24HR  10.0 ON 11-11  6 = FREEZING RAIN OR DRIZZLE
                        GRTST DEPTH:  19 ON 12     7 = DUSTSTORM OR SANDSTORM:
                                                       VSBY 1/2 MILE OR LESS
                                                   8 = SMOKE OR HAZE
[NO. OF DAYS WITH]      [WEATHER - DAYS WITH]      9 = BLOWING SNOW
                                                   X = TORNADO
MAX 32 OR BELOW:   1    0.01 INCH OR MORE:   9
MAX 90 OR ABOVE:   0    0.10 INCH OR MORE:   2
MIN 32 OR BELOW:  11    0.50 INCH OR MORE:   2
MIN  0 OR BELOW:   0    1.00 INCH OR MORE:   1

[HDD (BASE 65) ]
TOTAL THIS MO.   479    CLEAR  (SCALE 0-3)  11
DPTR FM NORMAL     2    PTCLDY (SCALE 4-7)   8
TOTAL FM JUL 1  8136    CLOUDY (SCALE 8-10)  5
DPTR FM NORMAL   840

[CDD (BASE 65) ]
TOTAL THIS MO.     0
DPTR FM NORMAL     0    [PRESSURE DATA]
TOTAL FM JAN 1     0    HIGHEST SLP M ON M
DPTR FM NORMAL     0    LOWEST  SLP 29.43 ON 11

[REMARKS]
