000
CXUS54 KLZK 231130
CF6HOT
PRELIMINARY LOCAL CLIMATOLOGICAL DATA (WS FORM: F-6)

                                          STATION:   Hot Springs Memorial Field
                                          MONTH:     AUGUST
                                          YEAR:      2019
                                          LATITUDE:   34 28 N
                                          LONGITUDE:  93  6 W

  TEMPERATURE IN F:       :PCPN:    SNOW:  WIND      :SUNSHINE: SKY     :PK WND
================================================================================
1   2   3   4   5  6A  6B    7    8   9   10  11  12  13   14  15   16   17  18
                                     12Z  AVG MX 2MIN
DY MAX MIN AVG DEP HDD CDD  WTR  SNW DPTH SPD SPD DIR MIN PSBL S-S WX    SPD DR
================================================================================

 1  88  74  81  -2   0  16 0.01    M    M  1.8  9 260   M    M   2 1      11 280
 2  91  73  82  -1   0  17 0.00    M    M  3.5  8 120   M    M   4        11 230
 3  88  75  82  -1   0  17    T    M    M  3.0 10 240   M    M   6        14 230
 4  93  74  84   1   0  19 0.00    M    M  2.1  8 250   M    M   4        11 260
 5  94  73  84   1   0  19 0.07    M    M  3.1 18  70   M    M   2 1      21  70
 6  98  73  86   3   0  21 0.00    M    M  2.6 15 240   M    M   1 13     20 230
 7  98  76  87   4   0  22 0.02    M    M  4.4 13 250   M    M   2 138    18 250
 8  92  75  84   1   0  19 0.26    M    M  4.3 16  80   M    M   1 1      19  90
 9  88  77  83   0   0  18 0.14    M    M  2.3  9 260   M    M   4 1      11 250
10  91  77  84   1   0  19 0.02    M    M  3.7  9 100   M    M   2 1      12  90
11  96  77  87   4   0  22 0.00    M    M  2.7  8 200   M    M   3 12     11 270
12  99  77  88   5   0  23 0.00    M    M  4.5 15 240   M    M   1 1      19 230
13 100  76  88   5   0  23 0.00    M    M  3.4 28  60   M    M   2 13     38  60
14  96  76  86   3   0  21 0.00    M    M  5.5 15  60   M    M   1        19  50
15  96  71  84   1   0  19 0.59    M    M  2.0 24 350   M    M   0 13     33 360
16  96  71  84   1   0  19 0.00    M    M  3.5 12 160   M    M   0 1      16 150
17  95  73  84   2   0  19 0.00    M    M  4.9 13 140   M    M   0        20 200
18  96  77  87   5   0  22 0.00    M    M  4.5 13 130   M    M   3 3      19 330
19  99  73  86   4   0  21 0.00    M    M  3.4 13 190   M    M   1 3      17 200
20  99  77  88   6   0  23 0.00    M    M  5.7 22  50   M    M   1        29  60
21  99  74  87   5   0  22 0.00    M    M  3.4 14  90   M    M   1 3      17  80
22  99  72  86   4   0  21 0.20    M    M  6.1 20  30   M    M   2 13     29  30
================================================================================
SM 2091 1641         0 442  1.31    M     80.4          M       43
================================================================================
AV 95.1 74.6                               3.7 FASTST   M    M   2    MAX(MPH)
                                 MISC ---->  # 28  60               # 38   60
================================================================================
NOTES:
# LAST OF SEVERAL OCCURRENCES

COLUMN 17 PEAK WIND IN M.P.H.

PRELIMINARY LOCAL CLIMATOLOGICAL DATA (WS FORM: F-6) , PAGE 2

                                          STATION:  Hot Springs Memorial Field
                                          MONTH:    AUGUST
                                          YEAR:     2019
                                          LATITUDE:   34 28 N
                                          LONGITUDE:  93  6 W

[TEMPERATURE DATA]      [PRECIPITATION DATA]       SYMBOLS USED IN COLUMN 16

AVERAGE MONTHLY: 84.8   TOTAL FOR MONTH:   1.31    1 = FOG OR MIST
DPTR FM NORMAL:   2.1   DPTR FM NORMAL:   -1.02    2 = FOG REDUCING VISIBILITY
HIGHEST:   100 ON 13    GRTST 24HR  0.59 ON 15-15      TO 1/4 MILE OR LESS
LOWEST:     71 ON 16,15                            3 = THUNDER
                        SNOW, ICE PELLETS, HAIL    4 = ICE PELLETS
                        TOTAL MONTH:    M          5 = HAIL
                        GRTST 24HR    M  ON   M    6 = FREEZING RAIN OR DRIZZLE
                        GRTST DEPTH:  M  ON   M    7 = DUSTSTORM OR SANDSTORM:
                                                       VSBY 1/2 MILE OR LESS
                                                   8 = SMOKE OR HAZE
[NO. OF DAYS WITH]      [WEATHER - DAYS WITH]      9 = BLOWING SNOW
                                                   X = TORNADO
MAX 32 OR BELOW:   0    0.01 INCH OR MORE:   8
MAX 90 OR ABOVE:  19    0.10 INCH OR MORE:   4
MIN 32 OR BELOW:   0    0.50 INCH OR MORE:   1
MIN  0 OR BELOW:   0    1.00 INCH OR MORE:   0

[HDD (BASE 65) ]
TOTAL THIS MO.     0    CLEAR  (SCALE 0-3)  17
DPTR FM NORMAL     0    PTCLDY (SCALE 4-7)   5
TOTAL FM JUL 1     0    CLOUDY (SCALE 8-10)  0
DPTR FM NORMAL     0

[CDD (BASE 65) ]
TOTAL THIS MO.   442
DPTR FM NORMAL    52    [PRESSURE DATA]
TOTAL FM JAN 1  1660    HIGHEST SLP M ON M
DPTR FM NORMAL    44    LOWEST  SLP 29.80 ON 12

[REMARKS]
