000
CXUS54 KLZK 171130
CF6HOT
PRELIMINARY LOCAL CLIMATOLOGICAL DATA (WS FORM: F-6)

                                          STATION:   Hot Springs Memorial Field
                                          MONTH:     FEBRUARY
                                          YEAR:      2019
                                          LATITUDE:   34 28 N
                                          LONGITUDE:  93  6 W

  TEMPERATURE IN F:       :PCPN:    SNOW:  WIND      :SUNSHINE: SKY     :PK WND
================================================================================
1   2   3   4   5  6A  6B    7    8   9   10  11  12  13   14  15   16   17  18
                                     12Z  AVG MX 2MIN
DY MAX MIN AVG DEP HDD CDD  WTR  SNW DPTH SPD SPD DIR MIN PSBL S-S WX    SPD DR
================================================================================

 1  63  42  53  10  12   0    T    M    M  3.3 10  90   M    M   9        14  90
 2  64  45  55  12  10   0 0.00    M    M  1.9 10 180   M    M   7 1      14 180
 3  69  45  57  13   8   0    T    M    M  5.6 14 170   M    M   8 1      19 160
 4  77  58  68  24   0   3 0.00    M    M  7.5 16 240   M    M   6 1      23 180
 5  71  57  64  20   1   0    T    M    M  4.7 14 220   M    M   7 12     21 230
 6  74  68  71  27   0   6 0.04    M    M  7.4 14 200   M    M   9 18     19 190
 7  73  26  50   6  15   0 0.77    M    M 11.3 29 260   M    M   7 13     47 240
 8  41  22  32 -12  33   0 0.00    M    M  5.6 12 340   M    M   0        19 340
 9  42  26  34 -11  31   0 0.01    M    M  8.1 16  70   M    M   4        21  60
10  42  34  38  -7  27   0 1.06    M    M  2.8  9 100   M    M  10 1      12 100
11  56  42  49   4  16   0 1.40    M    M  3.6  9 270   M    M  10 12     15 280
12  56  36  46   1  19   0 0.00    M    M  7.4 20 320   M    M   3 1      31 300
13  63  29  46   0  19   0 0.00    M    M  6.3 15 180   M    M   0        24 180
14  68  49  59  13   6   0 0.00    M    M  8.3 21 240   M    M   4        30 230
15  52  38  45  -1  20   0    T    M    M  8.4 18  80   M    M   7 18     25  90
16  43  35  39  -7  26   0    T    M    M  8.0 15  60   M    M  10 1      18 120
================================================================================
SM  954  652       243   9  3.28    M    100.2          M      101
================================================================================
AV 59.6 40.8                               6.3 FASTST   M    M   6    MAX(MPH)
                                 MISC ---->  # 29 260               # 47  240
================================================================================
NOTES:
# LAST OF SEVERAL OCCURRENCES

COLUMN 17 PEAK WIND IN M.P.H.

PRELIMINARY LOCAL CLIMATOLOGICAL DATA (WS FORM: F-6) , PAGE 2

                                          STATION:  Hot Springs Memorial Field
                                          MONTH:    FEBRUARY
                                          YEAR:     2019
                                          LATITUDE:   34 28 N
                                          LONGITUDE:  93  6 W

[TEMPERATURE DATA]      [PRECIPITATION DATA]       SYMBOLS USED IN COLUMN 16

AVERAGE MONTHLY: 50.2   TOTAL FOR MONTH:   3.28    1 = FOG OR MIST
DPTR FM NORMAL:   5.6   DPTR FM NORMAL:    1.11    2 = FOG REDUCING VISIBILITY
HIGHEST:    77 ON  4    GRTST 24HR  1.40 ON 11-11      TO 1/4 MILE OR LESS
LOWEST:     22 ON  8                               3 = THUNDER
                        SNOW, ICE PELLETS, HAIL    4 = ICE PELLETS
                        TOTAL MONTH:    M          5 = HAIL
                        GRTST 24HR    M  ON   M    6 = FREEZING RAIN OR DRIZZLE
                        GRTST DEPTH:  M  ON   M    7 = DUSTSTORM OR SANDSTORM:
                                                       VSBY 1/2 MILE OR LESS
                                                   8 = SMOKE OR HAZE
[NO. OF DAYS WITH]      [WEATHER - DAYS WITH]      9 = BLOWING SNOW
                                                   X = TORNADO
MAX 32 OR BELOW:   0    0.01 INCH OR MORE:   5
MAX 90 OR ABOVE:   0    0.10 INCH OR MORE:   3
MIN 32 OR BELOW:   4    0.50 INCH OR MORE:   3
MIN  0 OR BELOW:   0    1.00 INCH OR MORE:   2

[HDD (BASE 65) ]
TOTAL THIS MO.   243    CLEAR  (SCALE 0-3)   2
DPTR FM NORMAL   -84    PTCLDY (SCALE 4-7)   9
TOTAL FM JUL 1  2136    CLOUDY (SCALE 8-10)  5
DPTR FM NORMAL   -87

[CDD (BASE 65) ]
TOTAL THIS MO.     9
DPTR FM NORMAL     9    [PRESSURE DATA]
TOTAL FM JAN 1     9    HIGHEST SLP M ON M
DPTR FM NORMAL     8    LOWEST  SLP 29.65 ON 14

[REMARKS]
