000
CXUS55 KSEW 190930
CF6HQM
PRELIMINARY LOCAL CLIMATOLOGICAL DATA (WS FORM: F-6)

                                          STATION:   HOQUIAM WA AIRPORT
                                          MONTH:     FEBRUARY
                                          YEAR:      2019
                                          LATITUDE:   46 58 N
                                          LONGITUDE: 123 56 W

  TEMPERATURE IN F:       :PCPN:    SNOW:  WIND      :SUNSHINE: SKY     :PK WND
================================================================================
1   2   3   4   5  6A  6B    7    8   9   10  11  12  13   14  15   16   17  18
                                     12Z  AVG MX 2MIN
DY MAX MIN AVG DEP HDD CDD  WTR  SNW DPTH SPD SPD DIR MIN PSBL S-S WX    SPD DR
================================================================================

 1  51  46  49   6  16   0 0.65  0.0    0  7.8 22 160   M    M  10 1      28 150
 2  49  41  45   2  20   0 0.04  0.0    0  5.4 14 310   M    M   9 12     18 310
 3  42  33  38  -5  27   0 0.05    M    0  6.7 21 270   M    M  10 1      25 260
 4  38  30  34  -9  31   0    T    M    M  9.2 18  70   M    M   8 1      21  90
 5  42  29  36  -7  29   0 0.00  0.0    M  6.8 15  80   M    M   6        18  80
 6  42  24  33 -10  32   0 0.00  0.0    M  7.0 14  90   M    M   0        15 100
 7  42  26  34  -9  31   0 0.00  0.0    0  6.9 13  80   M    M   0 18     16  80
 8  47  30  39  -4  26   0 0.30    M    M  7.2 22 240   M    M  10 128    26 240
 9  39  29  34  -9  31   0 0.04    M    0 17.9 32  40   M    M   5 18     43  30
10  43  24  34  -9  31   0 0.21    M    M 11.8 36 210   M    M   7 18     42 230
11  42  33  38  -6  27   0 1.11    M    M 10.0 22 230   M    M  10 1      27 230
12  45  36  41  -3  24   0 0.23  0.0    0  7.3 24 140   M    M   9 1      28 150
13  45  34  40  -4  25   0 0.11    M    M  6.2 14  60   M    M   7 1      18  50
14  42  35  39  -5  26   0 0.39    M    M 12.8 20 180   M    M   9 1      27  80
15  48  39  44   0  21   0 0.27    M    M  7.8 17 120   M    M   8 1      22 120
16  45  34  40  -4  25   0 0.05    M    M  4.2 24 260   M    M   9 1      28 270
17  47  31  39  -5  26   0 0.00  0.0    0  5.9 13 270   M    M   6 12     16 270
18  47  28  38  -6  27   0 0.01  0.0    0  3.3 16 270   M    M   7 1      19 270
================================================================================
SM  796  582       475   0  3.46     0.0 144.2          M      130
================================================================================
AV 44.2 32.3                               8.0 FASTST   M    M   7    MAX(MPH)
                                 MISC ---->  # 36 210               # 43   30
================================================================================
NOTES:
# LAST OF SEVERAL OCCURRENCES

COLUMN 17 PEAK WIND IN M.P.H.

PRELIMINARY LOCAL CLIMATOLOGICAL DATA (WS FORM: F-6) , PAGE 2

                                          STATION:  HOQUIAM WA AIRPORT
                                          MONTH:    FEBRUARY
                                          YEAR:     2019
                                          LATITUDE:   46 58 N
                                          LONGITUDE: 123 56 W

[TEMPERATURE DATA]      [PRECIPITATION DATA]       SYMBOLS USED IN COLUMN 16

AVERAGE MONTHLY: 38.3   TOTAL FOR MONTH:   3.46    1 = FOG OR MIST
DPTR FM NORMAL:  -5.2   DPTR FM NORMAL:   -1.34    2 = FOG REDUCING VISIBILITY
HIGHEST:    51 ON  1    GRTST 24HR  1.11 ON 11-11      TO 1/4 MILE OR LESS
LOWEST:     24 ON 10, 6                            3 = THUNDER
                        SNOW, ICE PELLETS, HAIL    4 = ICE PELLETS
                        TOTAL MONTH:   0.0 INCH    5 = HAIL
                        GRTST 24HR     0.0         6 = FREEZING RAIN OR DRIZZLE
                        GRTST DEPTH:   0           7 = DUSTSTORM OR SANDSTORM:
                                                       VSBY 1/2 MILE OR LESS
                                                   8 = SMOKE OR HAZE
[NO. OF DAYS WITH]      [WEATHER - DAYS WITH]      9 = BLOWING SNOW
                                                   X = TORNADO
MAX 32 OR BELOW:   0    0.01 INCH OR MORE:  13
MAX 90 OR ABOVE:   0    0.10 INCH OR MORE:   8
MIN 32 OR BELOW:   9    0.50 INCH OR MORE:   2
MIN  0 OR BELOW:   0    1.00 INCH OR MORE:   1

[HDD (BASE 65) ]
TOTAL THIS MO.   475    CLEAR  (SCALE 0-3)   2
DPTR FM NORMAL    87    PTCLDY (SCALE 4-7)   7
TOTAL FM JUL 1  2862    CLOUDY (SCALE 8-10)  9
DPTR FM NORMAL  -423

[CDD (BASE 65) ]
TOTAL THIS MO.     0
DPTR FM NORMAL     0    [PRESSURE DATA]
TOTAL FM JAN 1     0    HIGHEST SLP M ON M
DPTR FM NORMAL     0    LOWEST  SLP 29.05 ON 14

[REMARKS]
