000
CXUS55 KSEW 250930
CF6HQM
PRELIMINARY LOCAL CLIMATOLOGICAL DATA (WS FORM: F-6)

                                          STATION:   HOQUIAM WA AIRPORT
                                          MONTH:     APRIL
                                          YEAR:      2019
                                          LATITUDE:   46 58 N
                                          LONGITUDE: 123 56 W

  TEMPERATURE IN F:       :PCPN:    SNOW:  WIND      :SUNSHINE: SKY     :PK WND
================================================================================
1   2   3   4   5  6A  6B    7    8   9   10  11  12  13   14  15   16   17  18
                                     12Z  AVG MX 2MIN
DY MAX MIN AVG DEP HDD CDD  WTR  SNW DPTH SPD SPD DIR MIN PSBL S-S WX    SPD DR
================================================================================

 1  64  43  54   7  11   0 0.00  0.0    0  5.3 12  70   M    M   3 1      13  70
 2  59  51  55   8  10   0 0.04  0.0    0  5.2 16 170   M    M  10 1      20 170
 3  54  42  48   1  17   0 0.13  0.0    0 13.3 24 230   M    M   9 1      29 230
 4  62  40  51   3  14   0 0.02  0.0    0  7.2 20 160   M    M   8 1      24 160
 5  54  47  51   3  14   0 0.33  0.0    0 13.3 29 150   M    M   8 1      35 160
 6  55  44  50   2  15   0 0.52  0.0    0 15.8 33 200   M    M   9 1      42 140
 7  55  41  48   0  17   0 0.11  0.0    0  5.5 15  50   M    M   6 1      19  50
 8  56  48  52   4  13   0 0.24  0.0    0 10.5 20 210   M    M  10 1      24 270
 9  54  46  50   2  15   0 0.02  0.0    0 15.5 25 260   M    M  10 1      31 260
10  51  46  49   1  16   0 0.52  0.0    0 13.5 24 210   M    M  10 1      29 230
11  52  47  50   2  15   0 0.38  0.0    0 11.4 20 230   M    M  10 1      23 230
12  56  45  51   3  14   0 0.04  0.0    0  8.5 15 260   M    M   9 1      19 260
13  52  45  49   1  16   0 0.41  0.0    0 14.9 26 230   M    M   9 1      32 230
14  49  41  45  -3  20   0 0.18  0.0    0  9.2 22 290   M    M   7 1      27 280
15  55  38  47  -2  18   0 0.13  0.0    0  7.8 20 240   M    M   6 1      22 240
16  54  40  47  -2  18   0 0.27  0.0    0  7.1 18 230   M    M   9 12     23 220
17  55  48  52   3  13   0 0.05  0.0    0  7.8 18 210   M    M  10 1      22 210
18  57  50  54   5  11   0 0.29  0.0    0  3.6  9 290   M    M  10 1      11 120
19  54  47  51   2  14   0 0.07  0.0    0  8.1 14 280   M    M  10 1      16 280
20  57  43  50   1  15   0 0.00  0.0    0  5.8 16 260   M    M   3 1      20 260
21  55  44  50   1  15   0 0.00  0.0    0  6.8 14 260   M    M   8        17 270
22  51  44  48  -1  17   0 0.42  0.0    0  6.5 16 200   M    M  10 1      19 210
23  55  45  50   0  15   0 0.10  0.0    0  9.6 21 290   M    M   7 1      25 290
24  58  40  49  -1  16   0 0.00  0.0    0  6.5 18 290   M    M   1        23 290
================================================================================
SM 1324 1065       359   0  4.27     0.0 218.7          M      192
================================================================================
AV 55.2 44.4                               9.1 FASTST   M    M   8    MAX(MPH)
                                 MISC ---->  # 33 200               # 42  140
================================================================================
NOTES:
# LAST OF SEVERAL OCCURRENCES

COLUMN 17 PEAK WIND IN M.P.H.

PRELIMINARY LOCAL CLIMATOLOGICAL DATA (WS FORM: F-6) , PAGE 2

                                          STATION:  HOQUIAM WA AIRPORT
                                          MONTH:    APRIL
                                          YEAR:     2019
                                          LATITUDE:   46 58 N
                                          LONGITUDE: 123 56 W

[TEMPERATURE DATA]      [PRECIPITATION DATA]       SYMBOLS USED IN COLUMN 16

AVERAGE MONTHLY: 49.8   TOTAL FOR MONTH:   4.27    1 = FOG OR MIST
DPTR FM NORMAL:   1.4   DPTR FM NORMAL:    0.01    2 = FOG REDUCING VISIBILITY
HIGHEST:    64 ON  1    GRTST 24HR  0.52 ON 10-10      TO 1/4 MILE OR LESS
LOWEST:     38 ON 15                               3 = THUNDER
                        SNOW, ICE PELLETS, HAIL    4 = ICE PELLETS
                        TOTAL MONTH:   0.0 INCH    5 = HAIL
                        GRTST 24HR     0.0         6 = FREEZING RAIN OR DRIZZLE
                        GRTST DEPTH:   0           7 = DUSTSTORM OR SANDSTORM:
                                                       VSBY 1/2 MILE OR LESS
                                                   8 = SMOKE OR HAZE
[NO. OF DAYS WITH]      [WEATHER - DAYS WITH]      9 = BLOWING SNOW
                                                   X = TORNADO
MAX 32 OR BELOW:   0    0.01 INCH OR MORE:  20
MAX 90 OR ABOVE:   0    0.10 INCH OR MORE:  14
MIN 32 OR BELOW:   0    0.50 INCH OR MORE:   2
MIN  0 OR BELOW:   0    1.00 INCH OR MORE:   0

[HDD (BASE 65) ]
TOTAL THIS MO.   359    CLEAR  (SCALE 0-3)   3
DPTR FM NORMAL   -40    PTCLDY (SCALE 4-7)   5
TOTAL FM JUL 1  4019    CLOUDY (SCALE 8-10) 16
DPTR FM NORMAL  -462

[CDD (BASE 65) ]
TOTAL THIS MO.     0
DPTR FM NORMAL     0    [PRESSURE DATA]
TOTAL FM JAN 1     0    HIGHEST SLP M ON M
DPTR FM NORMAL     0    LOWEST  SLP 29.46 ON  6

[REMARKS]
