000
CXUS56 KPDT 221832
CF6HRI
PRELIMINARY LOCAL CLIMATOLOGICAL DATA (WS FORM: F-6)

                                          STATION:   HERMISTON OR
                                          MONTH:     AUGUST
                                          YEAR:      2019
                                          LATITUDE:   45 49 N
                                          LONGITUDE: 119 16 W

  TEMPERATURE IN F:       :PCPN:    SNOW:  WIND      :SUNSHINE: SKY     :PK WND
================================================================================
1   2   3   4   5  6A  6B    7    8   9   10  11  12  13   14  15   16   17  18
                                     12Z  AVG MX 2MIN
DY MAX MIN AVG DEP HDD CDD  WTR  SNW DPTH SPD SPD DIR MIN PSBL S-S WX    SPD DR
================================================================================

 1  96  64  80   5   0  15 0.00    M    M  7.1 14 270   M    M   0        18 210
 2  94  69  82   7   0  17 0.00    M    M 12.8 21 270   M    M   0        27 230
 3  91  59  75   0   0  10 0.00    M    M  4.4 13  30   M    M   0        17 240
 4  97  54  76   1   0  11 0.00    M    M  4.6 13  60   M    M   0        16  50
 5 101  59  80   5   0  15 0.00    M    M  4.7 10  50   M    M   0 8      17  30
 6 103  61  82   8   0  17 0.00    M    M  4.3 10 260   M    M   0        14  40
 7 102  62  82   8   0  17 0.00    M    M  4.7 14 240   M    M   0 8      19 230
 8  87  70  79   5   0  14 0.00    M    M  8.5 22 250   M    M   1        27 250
 9  91  66  79   5   0  14    T    M    M  9.4 31 170   M    M   1 38     38 170
10  84  56  70  -4   0   5    T    M    M  6.8 16 240   M    M   1 3      23 230
11  81  62  72  -1   0   7 0.05    M    M 12.7 25 260   M    M   6 1      33 260
12  86  55  71  -2   0   6 0.00    M    M  4.9 14 230   M    M   1        21 230
13  92  52  72  -1   0   7 0.00    M    M  5.1 14  50   M    M   0        16  30
14  93  55  74   1   0   9 0.00    M    M  5.7 16 240   M    M   0        22 240
15  92  65  79   7   0  14 0.00    M    M  9.3 16 240   M    M   0        21 260
16  89  63  76   4   0  11 0.00    M    M 11.9 21 230   M    M   0        27 240
17  85  61  73   1   0   8 0.00    M    M 10.0 18 240   M    M   0        24 230
18  92  55  74   2   0   9 0.00    M    M  6.5 18 230   M    M   0        26 220
19  92  60  76   4   0  11 0.00    M    M  7.9 18 260   M    M   0        23 250
20  96  55  76   5   0  11 0.00    M    M  4.2 15 260   M    M   0        20 220
21  90  63  77   6   0  12    T    M    M 12.1 33 250   M    M   1 18     44 250
================================================================================
SM 1934 1266         0 240  0.05    M    157.6          M       11
================================================================================
AV 92.1 60.3                               7.5 FASTST   M    M   1    MAX(MPH)
                                 MISC ---->  # 33 250               # 44  250
================================================================================
NOTES:
# LAST OF SEVERAL OCCURRENCES

COLUMN 17 PEAK WIND IN M.P.H.

PRELIMINARY LOCAL CLIMATOLOGICAL DATA (WS FORM: F-6) , PAGE 2

                                          STATION:  HERMISTON OR
                                          MONTH:    AUGUST
                                          YEAR:     2019
                                          LATITUDE:   45 49 N
                                          LONGITUDE: 119 16 W

[TEMPERATURE DATA]      [PRECIPITATION DATA]       SYMBOLS USED IN COLUMN 16

AVERAGE MONTHLY: 76.2   TOTAL FOR MONTH:   0.05    1 = FOG OR MIST
DPTR FM NORMAL:   2.9   DPTR FM NORMAL:   -0.14    2 = FOG REDUCING VISIBILITY
HIGHEST:   103 ON  6    GRTST 24HR  0.05 ON 11-11      TO 1/4 MILE OR LESS
LOWEST:     52 ON 13                               3 = THUNDER
                        SNOW, ICE PELLETS, HAIL    4 = ICE PELLETS
                        TOTAL MONTH:    M          5 = HAIL
                        GRTST 24HR    M  ON   M    6 = FREEZING RAIN OR DRIZZLE
                        GRTST DEPTH:  M  ON   M    7 = DUSTSTORM OR SANDSTORM:
                                                       VSBY 1/2 MILE OR LESS
                                                   8 = SMOKE OR HAZE
[NO. OF DAYS WITH]      [WEATHER - DAYS WITH]      9 = BLOWING SNOW
                                                   X = TORNADO
MAX 32 OR BELOW:   0    0.01 INCH OR MORE:   1
MAX 90 OR ABOVE:  15    0.10 INCH OR MORE:   0
MIN 32 OR BELOW:   0    0.50 INCH OR MORE:   0
MIN  0 OR BELOW:   0    1.00 INCH OR MORE:   0

[HDD (BASE 65) ]
TOTAL THIS MO.     0    CLEAR  (SCALE 0-3)  20
DPTR FM NORMAL     0    PTCLDY (SCALE 4-7)   1
TOTAL FM JUL 1     0    CLOUDY (SCALE 8-10)  0
DPTR FM NORMAL    -3

[CDD (BASE 65) ]
TOTAL THIS MO.   240
DPTR FM NORMAL    60    [PRESSURE DATA]
TOTAL FM JAN 1   735    HIGHEST SLP M ON M
DPTR FM NORMAL   150    LOWEST  SLP 29.68 ON 18

[REMARKS]
