000
CXUS54 KLZK 231130
CF6HRO
PRELIMINARY LOCAL CLIMATOLOGICAL DATA (WS FORM: F-6)

                                          STATION:   Harrison
                                          MONTH:     FEBRUARY
                                          YEAR:      2019
                                          LATITUDE:   36 15 N
                                          LONGITUDE:  93  9 W

  TEMPERATURE IN F:       :PCPN:    SNOW:  WIND      :SUNSHINE: SKY     :PK WND
================================================================================
1   2   3   4   5  6A  6B    7    8   9   10  11  12  13   14  15   16   17  18
                                     12Z  AVG MX 2MIN
DY MAX MIN AVG DEP HDD CDD  WTR  SNW DPTH SPD SPD DIR MIN PSBL S-S WX    SPD DR
================================================================================

 1  51  35  43   5  22   0 0.00  0.0    0  5.3 10 160   M    M   8 18     13 190
 2  65  44  55  17  10   0 0.00  0.0    0  8.8 17 170   M    M   7        21 140
 3  68  48  58  20   7   0 0.00  0.0    0 10.3 21 170   M    M   6        27 170
 4  75  43  59  21   6   0 0.00  0.0    0 10.0 20 190   M    M   3        28 200
 5  72  42  57  19   8   0    T    M    0  8.6 20 170   M    M   8 128    27 170
 6  64  53  59  20   6   0 0.23  0.0    0  5.8 16 170   M    M   7 12     20 160
 7  66  16  41   2  24   0 0.97    T    0 12.2 22 310   M    M  10 13     34 330
 8  31  12  22 -17  43   0 0.00  0.0    0  6.7 14 310   M    M   0        20 330
 9  37  15  26 -13  39   0 0.00  0.0    0  8.4 17 140   M    M   2        22 140
10  42  29  36  -3  29   0 0.35    T    0  6.5 15 130   M    M  10 1246   19 130
11  51  40  46   6  19   0 0.93  0.0    0  6.6 15 150   M    M   9 12     18 150
12  50  33  42   2  23   0 0.05  0.0    0 10.7 23 320   M    M   5 1      32 300
13  62  32  47   7  18   0 0.00  0.0    0  9.7 20 170   M    M   0        30 210
14  62  40  51  11  14   0 0.00  0.0    0 11.7 23 180   M    M   0        37 180
15  40  25  33  -7  32   0 0.14  0.0    0  8.0 16 310   M    M   9 168    24 310
16  32  22  27 -14  38   0 0.04  0.0    0  8.2 18 120   M    M  10 16     23 130
17  39  26  33  -8  32   0 0.00  0.0    0  9.8 17 280   M    M   7 12     24 270
18  36  19  28 -13  37   0 0.00  0.0    0  6.4 15 320   M    M   1        21 300
19  36  26  31 -10  34   0 1.06    T    0 11.2 22 100   M    M   7 146    28 100
20  50  32  41  -1  24   0 0.01    T    0  3.9 15 260   M    M   5 12     23 280
21  44  26  35  -7  30   0 0.00  0.0    0  7.5 18 110   M    M   2 1      23 110
22  40  36  38  -4  27   0 0.08  0.0    0  8.8 21 100   M    M  10 12     25 110
================================================================================
SM 1113  694       522   0  3.86    T    185.1          M      126
================================================================================
AV 50.6 31.6                               8.4 FASTST   M    M   6    MAX(MPH)
                                 MISC ---->  # 23 320               # 37  180
================================================================================
NOTES:
# LAST OF SEVERAL OCCURRENCES

COLUMN 17 PEAK WIND IN M.P.H.

PRELIMINARY LOCAL CLIMATOLOGICAL DATA (WS FORM: F-6) , PAGE 2

                                          STATION:  Harrison
                                          MONTH:    FEBRUARY
                                          YEAR:     2019
                                          LATITUDE:   36 15 N
                                          LONGITUDE:  93  9 W

[TEMPERATURE DATA]      [PRECIPITATION DATA]       SYMBOLS USED IN COLUMN 16

AVERAGE MONTHLY: 41.1   TOTAL FOR MONTH:   3.86    1 = FOG OR MIST
DPTR FM NORMAL:   1.3   DPTR FM NORMAL:    1.84    2 = FOG REDUCING VISIBILITY
HIGHEST:    75 ON  4    GRTST 24HR  1.06 ON 19-19      TO 1/4 MILE OR LESS
LOWEST:     12 ON  8                               3 = THUNDER
                        SNOW, ICE PELLETS, HAIL    4 = ICE PELLETS
                        TOTAL MONTH:    T          5 = HAIL
                        GRTST 24HR    T  ON 20-20  6 = FREEZING RAIN OR DRIZZLE
                        GRTST DEPTH:   0           7 = DUSTSTORM OR SANDSTORM:
                                                       VSBY 1/2 MILE OR LESS
                                                   8 = SMOKE OR HAZE
[NO. OF DAYS WITH]      [WEATHER - DAYS WITH]      9 = BLOWING SNOW
                                                   X = TORNADO
MAX 32 OR BELOW:   2    0.01 INCH OR MORE:  10
MAX 90 OR ABOVE:   0    0.10 INCH OR MORE:   6
MIN 32 OR BELOW:  12    0.50 INCH OR MORE:   3
MIN  0 OR BELOW:   0    1.00 INCH OR MORE:   1

[HDD (BASE 65) ]
TOTAL THIS MO.   522    CLEAR  (SCALE 0-3)   6
DPTR FM NORMAL   -33    PTCLDY (SCALE 4-7)   8
TOTAL FM JUL 1  3016    CLOUDY (SCALE 8-10)  8
DPTR FM NORMAL   -25

[CDD (BASE 65) ]
TOTAL THIS MO.     0
DPTR FM NORMAL     0    [PRESSURE DATA]
TOTAL FM JAN 1     0    HIGHEST SLP M ON M
DPTR FM NORMAL     0    LOWEST  SLP 29.80 ON 16

[REMARKS]
ALL SNOWFALL DATA IS FROM THE HARRISON COOPERATIVE OBSERVER SITE
