000
CXUS54 KLZK 181130
CF6HRO
PRELIMINARY LOCAL CLIMATOLOGICAL DATA (WS FORM: F-6)

                                          STATION:   Harrison
                                          MONTH:     APRIL
                                          YEAR:      2019
                                          LATITUDE:   36 15 N
                                          LONGITUDE:  93  9 W

  TEMPERATURE IN F:       :PCPN:    SNOW:  WIND      :SUNSHINE: SKY     :PK WND
================================================================================
1   2   3   4   5  6A  6B    7    8   9   10  11  12  13   14  15   16   17  18
                                     12Z  AVG MX 2MIN
DY MAX MIN AVG DEP HDD CDD  WTR  SNW DPTH SPD SPD DIR MIN PSBL S-S WX    SPD DR
================================================================================

 1  50  28  39 -15  26   0 0.00  0.0    0  4.1 13 150   M    M   1        17 140
 2  67  31  49  -5  16   0 0.00  0.0    0  5.6 15 270   M    M   0        21 260
 3  71  44  58   4   7   0 0.00  0.0    0 10.9 26 160   M    M   2        34 160
 4  65  49  57   2   8   0 0.83  0.0    0  7.2 17 160   M    M   8 1      22 140
 5  69  47  58   3   7   0 0.00  0.0    0  4.1  9 130   M    M   4 1      12 100
 6  75  48  62   7   3   0 0.48    M    0 10.8 32 110   M    M   2 1      42 130
 7  81  55  68  12   0   3 0.00  0.0    0  6.8 18 150   M    M   1        24 150
 8  79  61  70  14   0   5 0.00  0.0    0  6.0 16  10   M    M   3        23 350
 9  84  54  69  13   0   4 0.00  0.0    0  4.5 14  40   M    M   0        17  30
10  86  59  73  17   0   8 0.00  0.0    0 17.7 32 160   M    M   0        43 170
11  75  45  60   3   5   0 0.00  0.0    0 13.7 28 160   M    M   1        40 190
12  64  36  50  -7  15   0 0.00  0.0    0  6.0 13 240   M    M   0        20 290
13  51  42  47 -10  18   0 1.22    M    0  9.2 25  40   M    M   6 1      42  60
14  58  35  47 -11  18   0 0.34  0.0    0  9.8 18 280   M    M   5 1      27 340
15  74  38  56  -2   9   0 0.00  0.0    0 11.7 23 170   M    M   0        29 140
16  79  57  68  10   0   3 0.00  0.0    0 10.7 21 170   M    M   0        27 190
17  76  60  68  10   0   3 0.07  0.0    0 11.1 23 170   M    M   7 1      29 170
================================================================================
SM 1204  789       132  26  2.94     0.0 149.9          M       40
================================================================================
AV 70.8 46.4                               8.8 FASTST   M    M   2    MAX(MPH)
                                 MISC ---->  # 32 110               # 43  170
================================================================================
NOTES:
# LAST OF SEVERAL OCCURRENCES

COLUMN 17 PEAK WIND IN M.P.H.

PRELIMINARY LOCAL CLIMATOLOGICAL DATA (WS FORM: F-6) , PAGE 2

                                          STATION:  Harrison
                                          MONTH:    APRIL
                                          YEAR:     2019
                                          LATITUDE:   36 15 N
                                          LONGITUDE:  93  9 W

[TEMPERATURE DATA]      [PRECIPITATION DATA]       SYMBOLS USED IN COLUMN 16

AVERAGE MONTHLY: 58.6   TOTAL FOR MONTH:   2.94    1 = FOG OR MIST
DPTR FM NORMAL:   2.5   DPTR FM NORMAL:    0.71    2 = FOG REDUCING VISIBILITY
HIGHEST:    86 ON 10    GRTST 24HR  1.22 ON 13-13      TO 1/4 MILE OR LESS
LOWEST:     28 ON  1                               3 = THUNDER
                        SNOW, ICE PELLETS, HAIL    4 = ICE PELLETS
                        TOTAL MONTH:   0.0 INCH    5 = HAIL
                        GRTST 24HR     0.0         6 = FREEZING RAIN OR DRIZZLE
                        GRTST DEPTH:   0           7 = DUSTSTORM OR SANDSTORM:
                                                       VSBY 1/2 MILE OR LESS
                                                   8 = SMOKE OR HAZE
[NO. OF DAYS WITH]      [WEATHER - DAYS WITH]      9 = BLOWING SNOW
                                                   X = TORNADO
MAX 32 OR BELOW:   0    0.01 INCH OR MORE:   5
MAX 90 OR ABOVE:   0    0.10 INCH OR MORE:   4
MIN 32 OR BELOW:   2    0.50 INCH OR MORE:   2
MIN  0 OR BELOW:   0    1.00 INCH OR MORE:   1

[HDD (BASE 65) ]
TOTAL THIS MO.   132    CLEAR  (SCALE 0-3)  12
DPTR FM NORMAL   -32    PTCLDY (SCALE 4-7)   5
TOTAL FM JUL 1  3882    CLOUDY (SCALE 8-10)  0
DPTR FM NORMAL    38

[CDD (BASE 65) ]
TOTAL THIS MO.    26
DPTR FM NORMAL     9    [PRESSURE DATA]
TOTAL FM JAN 1    26    HIGHEST SLP M ON M
DPTR FM NORMAL     3    LOWEST  SLP 29.56 ON 13

[REMARKS]
ALL SNOWFALL DATA IS FROM THE HARRISON COOPERATIVE OBSERVER SITE
