000
CXUS54 KLZK 211130
CF6HRO
PRELIMINARY LOCAL CLIMATOLOGICAL DATA (WS FORM: F-6)

                                          STATION:   Harrison
                                          MONTH:     SEPTEMBER
                                          YEAR:      2019
                                          LATITUDE:   36 15 N
                                          LONGITUDE:  93  9 W

  TEMPERATURE IN F:       :PCPN:    SNOW:  WIND      :SUNSHINE: SKY     :PK WND
================================================================================
1   2   3   4   5  6A  6B    7    8   9   10  11  12  13   14  15   16   17  18
                                     12Z  AVG MX 2MIN
DY MAX MIN AVG DEP HDD CDD  WTR  SNW DPTH SPD SPD DIR MIN PSBL S-S WX    SPD DR
================================================================================

 1  86  64  75   0   0  10 0.10  0.0    0  2.2 13 170   M    M   3 13     17 170
 2  89  64  77   3   0  12 0.00  0.0    0  2.2  9 140   M    M   0 1      12 140
 3  90  66  78   4   0  13 0.00  0.0    0  2.6  9 250   M    M   1 1      12 220
 4  92  66  79   5   0  14 0.00  0.0    0  2.8  8 340   M    M   1        12 330
 5  92  68  80   7   0  15 0.00  0.0    0  2.8  8 250   M    M   2 128    11 260
 6  92  68  80   7   0  15 0.00  0.0    0  3.7 13 300   M    M   0 8      18 290
 7  89  68  79   6   0  14 0.00  0.0    0  5.1 10 140   M    M   1 1      14 150
 8  92  71  82  10   0  17 0.00  0.0    0  6.1 13 160   M    M   0 1      16 160
 9  92  70  81   9   0  16 0.00  0.0    0  7.4 24 160   M    M   0        32 150
10  88  71  80   9   0  15 0.00  0.0    0  6.1 25 160   M    M   3        31 160
11  89  70  80   9   0  15 0.00  0.0    0  5.8 15 180   M    M   0 18     22 160
12  89  69  79   8   0  14 0.00  0.0    0  5.9 14 170   M    M   0        22 170
13  84  63  74   4   0   9 0.09  0.0    0  3.5 14 290   M    M   4 18     20 310
14  87  64  76   6   0  11 0.00  0.0    0  5.1 12 130   M    M   1 8      16 140
15  92  64  78   9   0  13 0.00  0.0    0  2.1  8 140   M    M   0        10 140
16  92  66  79  10   0  14 0.00  0.0    0  2.5 10 150   M    M   0 1      14 140
17  91  65  78   9   0  13 0.00  0.0    0  3.8 14 160   M    M   0 1      17 170
18  92  66  79  11   0  14 0.00  0.0    0  3.3 12 150   M    M   0 1      17 140
19  90  66  78  10   0  13 0.00  0.0    0  5.2 18 150   M    M   0 38     23 110
20  78  67  73   6   0   8 0.19  0.0    0  9.3 20 160   M    M   5 18     26 150
================================================================================
SM 1786 1336         0 265  0.38     0.0  87.5          M       21
================================================================================
AV 89.3 66.8                               4.4 FASTST   M    M   1    MAX(MPH)
                                 MISC ---->  # 25 160               # 32  150
================================================================================
NOTES:
# LAST OF SEVERAL OCCURRENCES

COLUMN 17 PEAK WIND IN M.P.H.

PRELIMINARY LOCAL CLIMATOLOGICAL DATA (WS FORM: F-6) , PAGE 2

                                          STATION:  Harrison
                                          MONTH:    SEPTEMBER
                                          YEAR:     2019
                                          LATITUDE:   36 15 N
                                          LONGITUDE:  93  9 W

[TEMPERATURE DATA]      [PRECIPITATION DATA]       SYMBOLS USED IN COLUMN 16

AVERAGE MONTHLY: 78.1   TOTAL FOR MONTH:   0.38    1 = FOG OR MIST
DPTR FM NORMAL:   6.9   DPTR FM NORMAL:   -2.44    2 = FOG REDUCING VISIBILITY
HIGHEST:    92 ON 18,16 GRTST 24HR  0.19 ON 20-20      TO 1/4 MILE OR LESS
LOWEST:     63 ON 13                               3 = THUNDER
                        SNOW, ICE PELLETS, HAIL    4 = ICE PELLETS
                        TOTAL MONTH:   0.0 INCH    5 = HAIL
                        GRTST 24HR     0.0         6 = FREEZING RAIN OR DRIZZLE
                        GRTST DEPTH:   0           7 = DUSTSTORM OR SANDSTORM:
                                                       VSBY 1/2 MILE OR LESS
                                                   8 = SMOKE OR HAZE
[NO. OF DAYS WITH]      [WEATHER - DAYS WITH]      9 = BLOWING SNOW
                                                   X = TORNADO
MAX 32 OR BELOW:   0    0.01 INCH OR MORE:   3
MAX 90 OR ABOVE:  11    0.10 INCH OR MORE:   2
MIN 32 OR BELOW:   0    0.50 INCH OR MORE:   0
MIN  0 OR BELOW:   0    1.00 INCH OR MORE:   0

[HDD (BASE 65) ]
TOTAL THIS MO.     0    CLEAR  (SCALE 0-3)  18
DPTR FM NORMAL   -13    PTCLDY (SCALE 4-7)   2
TOTAL FM JUL 1     0    CLOUDY (SCALE 8-10)  0
DPTR FM NORMAL   -14

[CDD (BASE 65) ]
TOTAL THIS MO.   265
DPTR FM NORMAL   129    [PRESSURE DATA]
TOTAL FM JAN 1  1449    HIGHEST SLP M ON M
DPTR FM NORMAL   102    LOWEST  SLP 29.97 ON 18

[REMARKS]
ALL SNOWFALL DATA IS FROM THE HARRISON COOPERATIVE OBSERVER SITE
