322
CXUS52 KMHX 220700
CF6HSE
PRELIMINARY LOCAL CLIMATOLOGICAL DATA (WS FORM: F-6)

                                          STATION:   CAPE HATTERAS NC
                                          MONTH:     JULY
                                          YEAR:      2019
                                          LATITUDE:   35 13 N
                                          LONGITUDE:  75 37 W

  TEMPERATURE IN F:       :PCPN:    SNOW:  WIND      :SUNSHINE: SKY     :PK WND
================================================================================
1   2   3   4   5  6A  6B    7    8   9   10  11  12  13   14  15   16   17  18
                                     12Z  AVG MX 2MIN
DY MAX MIN AVG DEP HDD CDD  WTR  SNW DPTH SPD SPD DIR MIN PSBL S-S WX    SPD DR
================================================================================

 1  86  68  77  -1   0  12 0.01  0.0    0  5.7 14  30   M    M   1 13     20  20
 2  88  63  76  -2   0  11 0.00  0.0    0  4.8 10 190   M    M   0        14 190
 3  89  78  84   6   0  19 0.02  0.0    0  9.5 18 140   M    M   1 13     22 140
 4  91  77  84   5   0  19 0.02  0.0    0  7.8 21 170   M    M   2 138    27 170
 5  88  75  82   3   0  17 0.01  0.0    0  5.7 16 240   M    M   3 1      24 220
 6  88  77  83   4   0  18    T  0.0    0 10.1 18 220   M    M   2 1      26 220
 7  89  79  84   5   0  19 0.00  0.0    0 10.8 17 230   M    M   0 1      23 220
 8  86  74  80   1   0  15 1.92  0.0    0  7.5 32 310   M    M   4 13     48 310
 9  85  76  81   2   0  16 0.00  0.0    0  7.6 14  30   M    M   2        22  40
10  91  77  84   5   0  19 0.00  0.0    0  7.1 12 220   M    M   1        17 210
11  88  80  84   5   0  19 0.00  0.0    0 11.8 18 240   M    M   2        27 230
12  87  75  81   2   0  16 0.11  0.0    0 11.9 18 230   M    M   2 18     31 270
13  90  80  85   6   0  20 0.00  0.0    0  9.3 17 230   M    M   1 1      27 220
14  91  79  85   6   0  20 0.00  0.0    0  6.3  9 210   M    M   1 1      13 240
15  90  77  84   5   0  19 0.00  0.0    0  4.1  9 210   M    M   1 3      12 230
16  92  75  84   5   0  19 0.00  0.0    0  5.0 10 190   M    M   0 1      13 200
17  90  82  86   7   0  21 0.00  0.0    0 10.1 16 210   M    M   0        23 210
18  87  80  84   5   0  19 0.00  0.0    0 12.0 16 240   M    M   1 18     23 240
19  88  79  84   5   0  19 0.00  0.0    0 11.5 17 240   M    M   0 18     23 230
20  89  79  84   5   0  19 0.00  0.0    0 11.2 17 230   M    M   0 1      24 220
21  89  80  85   6   0  20 0.00  0.0    0 11.6 17 240   M    M   0 1      23 240
================================================================================
SM 1862 1610         0 376  2.09     0.0 181.4          M       24
================================================================================
AV 88.7 76.7                               8.6 FASTST   M    M   1    MAX(MPH)
                                 MISC ---->  # 32 310               # 48  310
================================================================================
NOTES:
# LAST OF SEVERAL OCCURRENCES

COLUMN 17 PEAK WIND IN M.P.H.

PRELIMINARY LOCAL CLIMATOLOGICAL DATA (WS FORM: F-6) , PAGE 2

                                          STATION:  CAPE HATTERAS NC
                                          MONTH:    JULY
                                          YEAR:     2019
                                          LATITUDE:   35 13 N
                                          LONGITUDE:  75 37 W

[TEMPERATURE DATA]      [PRECIPITATION DATA]       SYMBOLS USED IN COLUMN 16

AVERAGE MONTHLY: 82.7   TOTAL FOR MONTH:   2.09    1 = FOG OR MIST
DPTR FM NORMAL:   3.8   DPTR FM NORMAL:   -1.10    2 = FOG REDUCING VISIBILITY
HIGHEST:    92 ON 16    GRTST 24HR  1.92 ON  8- 8      TO 1/4 MILE OR LESS
LOWEST:     63 ON  2                               3 = THUNDER
                        SNOW, ICE PELLETS, HAIL    4 = ICE PELLETS
                        TOTAL MONTH:   0.0 INCH    5 = HAIL
                        GRTST 24HR     0.0         6 = FREEZING RAIN OR DRIZZLE
                        GRTST DEPTH:   0           7 = DUSTSTORM OR SANDSTORM:
                                                       VSBY 1/2 MILE OR LESS
                                                   8 = SMOKE OR HAZE
[NO. OF DAYS WITH]      [WEATHER - DAYS WITH]      9 = BLOWING SNOW
                                                   X = TORNADO
MAX 32 OR BELOW:   0    0.01 INCH OR MORE:   6
MAX 90 OR ABOVE:   7    0.10 INCH OR MORE:   2
MIN 32 OR BELOW:   0    0.50 INCH OR MORE:   1
MIN  0 OR BELOW:   0    1.00 INCH OR MORE:   1

[HDD (BASE 65) ]
TOTAL THIS MO.     0    CLEAR  (SCALE 0-3)  20
DPTR FM NORMAL     0    PTCLDY (SCALE 4-7)   1
TOTAL FM JUL 1     0    CLOUDY (SCALE 8-10)  0
DPTR FM NORMAL     0

[CDD (BASE 65) ]
TOTAL THIS MO.   376
DPTR FM NORMAL    85    [PRESSURE DATA]
TOTAL FM JAN 1  1145    HIGHEST SLP M ON M
DPTR FM NORMAL   403    LOWEST  SLP 29.82 ON  8

[REMARKS]
