000
CXUS52 KMHX 180700
CF6HSE
PRELIMINARY LOCAL CLIMATOLOGICAL DATA (WS FORM: F-6)

                                          STATION:   CAPE HATTERAS NC
                                          MONTH:     APRIL
                                          YEAR:      2019
                                          LATITUDE:   35 13 N
                                          LONGITUDE:  75 37 W

  TEMPERATURE IN F:       :PCPN:    SNOW:  WIND      :SUNSHINE: SKY     :PK WND
================================================================================
1   2   3   4   5  6A  6B    7    8   9   10  11  12  13   14  15   16   17  18
                                     12Z  AVG MX 2MIN
DY MAX MIN AVG DEP HDD CDD  WTR  SNW DPTH SPD SPD DIR MIN PSBL S-S WX    SPD DR
================================================================================

 1  52  42  47  -9  18   0 0.00  0.0    0  9.8 14  30   M    M   3        27  30
 2  62  47  55  -1  10   0 2.23    M    0 14.5 31  40   M    M   8 123    49 340
 3  63  45  54  -2  11   0 0.00  0.0    0  8.8 14 320   M    M   4        22 310
 4  68  53  61   5   4   0 0.00  0.0    0  4.8 10 250   M    M   0        16 250
 5  71  54  63   6   2   0 0.07  0.0    0 13.5 23 140   M    M   6        32 160
 6  67  56  62   5   3   0 0.00  0.0    0  7.9 14  20   M    M   7 1      23  20
 7  70  55  63   6   2   0 0.00  0.0    0  5.5 13  20   M    M   2 1      18  20
 8  76  55  66   8   0   1 0.00  0.0    0  8.3 17 230   M    M   3 1      23 210
 9  75  66  71  13   0   6 0.59  0.0    0  8.0 23 240   M    M   4 138    31 240
10  71  58  65   7   0   0 0.00  0.0    0  9.3 21  40   M    M   0 1      33  40
11  77  56  67   9   0   2 0.00  0.0    0 10.5 18 140   M    M   0        24 140
12  79  68  74  15   0   9 0.00  0.0    0 17.8 22 160   M    M   8        32 150
13  77  70  74  15   0   9 0.02  0.0    0 11.1 20 160   M    M   7 18     26 160
14  76  71  74  15   0   9 0.07  0.0    0 12.3 28 190   M    M   6 1      36 200
15  75  59  67   8   0   2 0.31  0.0    0 15.4 28 190   M    M   3 138    44 260
16  64  53  59  -1   6   0 0.00  0.0    0  8.6 15  20   M    M   0        25  30
17  74  59  67   7   0   2 0.00  0.0    0 10.3 17 240   M    M   0        25 240
================================================================================
SM 1197  967        56  40  3.29     0.0 176.4          M       61
================================================================================
AV 70.4 56.9                              10.4 FASTST   M    M   4    MAX(MPH)
                                 MISC ---->  # 31  40               # 49  340
================================================================================
NOTES:
# LAST OF SEVERAL OCCURRENCES

COLUMN 17 PEAK WIND IN M.P.H.

PRELIMINARY LOCAL CLIMATOLOGICAL DATA (WS FORM: F-6) , PAGE 2

                                          STATION:  CAPE HATTERAS NC
                                          MONTH:    APRIL
                                          YEAR:     2019
                                          LATITUDE:   35 13 N
                                          LONGITUDE:  75 37 W

[TEMPERATURE DATA]      [PRECIPITATION DATA]       SYMBOLS USED IN COLUMN 16

AVERAGE MONTHLY: 63.7   TOTAL FOR MONTH:   3.29    1 = FOG OR MIST
DPTR FM NORMAL:   5.8   DPTR FM NORMAL:    1.13    2 = FOG REDUCING VISIBILITY
HIGHEST:    79 ON 12    GRTST 24HR  2.23 ON  2- 2      TO 1/4 MILE OR LESS
LOWEST:     42 ON  1                               3 = THUNDER
                        SNOW, ICE PELLETS, HAIL    4 = ICE PELLETS
                        TOTAL MONTH:   0.0 INCH    5 = HAIL
                        GRTST 24HR     0.0         6 = FREEZING RAIN OR DRIZZLE
                        GRTST DEPTH:   0           7 = DUSTSTORM OR SANDSTORM:
                                                       VSBY 1/2 MILE OR LESS
                                                   8 = SMOKE OR HAZE
[NO. OF DAYS WITH]      [WEATHER - DAYS WITH]      9 = BLOWING SNOW
                                                   X = TORNADO
MAX 32 OR BELOW:   0    0.01 INCH OR MORE:   6
MAX 90 OR ABOVE:   0    0.10 INCH OR MORE:   3
MIN 32 OR BELOW:   0    0.50 INCH OR MORE:   2
MIN  0 OR BELOW:   0    1.00 INCH OR MORE:   1

[HDD (BASE 65) ]
TOTAL THIS MO.    56    CLEAR  (SCALE 0-3)   9
DPTR FM NORMAL   -75    PTCLDY (SCALE 4-7)   7
TOTAL FM JUL 1  1785    CLOUDY (SCALE 8-10)  1
DPTR FM NORMAL  -689

[CDD (BASE 65) ]
TOTAL THIS MO.    40
DPTR FM NORMAL    32    [PRESSURE DATA]
TOTAL FM JAN 1    46    HIGHEST SLP M ON M
DPTR FM NORMAL    35    LOWEST  SLP 29.50 ON  2

[REMARKS]
